000
CXUS51 KAKQ 300100
CF6SBY
PRELIMINARY LOCAL CLIMATOLOGICAL DATA (WS FORM: F-6)
STATION: SALISBURY MD
MONTH: JULY
YEAR: 2020
LATITUDE: 38 20 N
LONGITUDE: 75 30 W
TEMPERATURE IN F: :PCPN: SNOW: WIND :SUNSHINE: SKY :PK WND
================================================================================
1 2 3 4 5 6A 6B 7 8 9 10 11 12 13 14 15 16 17 18
12Z AVG MX 2MIN
DY MAX MIN AVG DEP HDD CDD WTR SNW DPTH SPD SPD DIR MIN PSBL S-S WX SPD DR
================================================================================
1 81 68 75 -1 0 10 0.09 0.0 0 3.3 14 320 M M 6 138 18 330
2 90 66 78 2 0 13 0.00 0.0 0 4.8 13 350 M M 1 18 17 350
3 96 72 84 8 0 19 0.00 0.0 0 5.4 14 300 M M 0 18 300
4 89 69 79 3 0 14 0.00 0.0 0 6.0 14 50 M M 3 17 50
5 93 67 80 4 0 15 0.00 0.0 0 4.1 16 260 M M 1 1 20 270
6 96 71 84 7 0 19 0.35 0.0 0 8.0 23 340 M M 1 138 30 340
7 85 71 78 1 0 13 0.73 0.0 0 6.9 23 140 M M 5 138 29 140
8 89 70 80 3 0 15 T 0.0 0 5.4 16 120 M M 3 12 20 120
9 88 73 81 4 0 16 0.00 0.0 0 8.3 17 90 M M 6 12 21 100
10 85 73 79 2 0 14 2.09 0.0 0 13.6 29 330 M M 6 18 39 330
11 89 74 82 5 0 17 0.00 0.0 0 6.7 15 250 M M 2 1 19 200
12 91 68 80 3 0 15 0.00 0.0 0 4.3 16 190 M M 2 18 21 190
13 89 70 80 3 0 15 0.00 0.0 0 4.1 14 210 M M 1 1 17 350
14 90 71 81 4 0 16 T 0.0 0 4.7 13 300 M M 2 1 17 330
15 90 64 77 0 0 12 0.00 0.0 0 5.0 15 90 M M 2 18 130
16 83 69 76 -1 0 11 0.00 0.0 0 8.8 17 120 M M 3 21 110
17 92 68 80 3 0 15 0.00 0.0 0 6.3 15 210 M M 4 20 210
18 95 76 86 9 0 21 0.00 0.0 0 3.4 14 80 M M 4 13 17 80
19 95 73 84 7 0 19 0.00 0.0 0 4.2 16 80 M M 5 123 21 70
20 98 79 89 12 0 24 0.00 0.0 0 6.2 13 250 M M 0 16 330
21 98 76 87 10 0 22 0.00 0.0 0 4.6 20 130 M M 0 3 24 150
22 96 74 85 8 0 20 T 0.0 0 5.7 30 320 M M 2 3 41 320
23 95 73 84 7 0 19 0.00 0.0 0 6.5 26 210 M M 1 30 210
24 86 75 81 4 0 16 0.36 0.0 0 3.5 9 330 M M 5 13 12 300
25 90 73 82 5 0 17 1.73 0.0 0 3.3 20 110 M M 4 13 24 120
26 94 73 84 7 0 19 T 0.0 0 5.2 17 270 M M 0 1 22 210
27 94 72 83 6 0 18 T 0.0 0 6.1 16 240 M M 1 1 22 230
28 95 73 84 7 0 19 0.36 0.0 0 5.9 31 250 M M 1 13 43 240
29 93 75 84 8 0 19 0.00 0.0 0 4.2 14 160 M M 2 17 160
30 94 74 84 8 0 19 0.07 0.0 0 5.4 18 280 M M 2 1 24 290
31 78 74 76 0 0 11 1.40 0.0 0 5.1 17 340 M M 10 18 22 340
================================================================================
SM 2817 2224 0 512 7.18 0.0 175.0 M 85
================================================================================
AV 90.9 71.7 5.6 FASTST M M 3 MAX(MPH)
MISC ----> 31 250 43 240
================================================================================
NOTES:
# LAST OF SEVERAL OCCURRENCES
COLUMN 17 PEAK WIND IN M.P.H.
PRELIMINARY LOCAL CLIMATOLOGICAL DATA (WS FORM: F-6) , PAGE 2
STATION: SALISBURY MD
MONTH: JULY
YEAR: 2020
LATITUDE: 38 20 N
LONGITUDE: 75 30 W
[TEMPERATURE DATA] [PRECIPITATION DATA] SYMBOLS USED IN COLUMN 16
AVERAGE MONTHLY: 81.3 TOTAL FOR MONTH: 7.18 1 = FOG OR MIST
DPTR FM NORMAL: 4.5 DPTR FM NORMAL: 2.80 2 = FOG REDUCING VISIBILITY
HIGHEST: 98 ON 21,20 GRTST 24HR 2.09 ON 10-10 TO 1/4 MILE OR LESS
LOWEST: 64 ON 15 3 = THUNDER
SNOW, ICE PELLETS, HAIL 4 = ICE PELLETS
TOTAL MONTH: 0.0 INCH 5 = HAIL
GRTST 24HR 0.0 6 = FREEZING RAIN OR DRIZZLE
GRTST DEPTH: 0 7 = DUSTSTORM OR SANDSTORM:
VSBY 1/2 MILE OR LESS
8 = SMOKE OR HAZE
[NO. OF DAYS WITH] [WEATHER - DAYS WITH] 9 = BLOWING SNOW
X = TORNADO
MAX 32 OR BELOW: 0 0.01 INCH OR MORE: 9
MAX 90 OR ABOVE: 20 0.10 INCH OR MORE: 7
MIN 32 OR BELOW: 0 0.50 INCH OR MORE: 4
MIN 0 OR BELOW: 0 1.00 INCH OR MORE: 3
[HDD (BASE 65) ]
TOTAL THIS MO. 0 CLEAR (SCALE 0-3) 21
DPTR FM NORMAL -1 PTCLDY (SCALE 4-7) 9
TOTAL FM JUL 1 0 CLOUDY (SCALE 8-10) 1
DPTR FM NORMAL 0
[CDD (BASE 65) ]
TOTAL THIS MO. 512
DPTR FM NORMAL 148 [PRESSURE DATA]
TOTAL FM JAN 1 885 HIGHEST SLP 30.28 ON 16
DPTR FM NORMAL 210 LOWEST SLP 29.68 ON 10
[REMARKS]
#FINAL-07-20#