000
CXUS56 KLOX 020450
CF6SDB
PRELIMINARY LOCAL CLIMATOLOGICAL DATA (WS FORM: F-6)
STATION: SANDBERG CA
MONTH: JULY
YEAR: 2020
LATITUDE: 34 45 N
LONGITUDE: 118 44 W
TEMPERATURE IN F: :PCPN: SNOW: WIND :SUNSHINE: SKY :PK WND
================================================================================
1 2 3 4 5 6A 6B 7 8 9 10 11 12 13 14 15 16 17 18
12Z AVG MX 2MIN
DY MAX MIN AVG DEP HDD CDD WTR SNW DPTH SPD SPD DIR MIN PSBL S-S WX SPD DR
================================================================================
1 77 60 69 -2 0 4 0.00 0.0 0 11.5 22 170 M M 0 30 170
2 79 55 67 -5 0 2 0.00 0.0 0 13.2 23 160 M M 0 32 160
3 82 60 71 -1 0 6 0.00 0.0 0 11.7 20 330 M M 0 27 170
4 86 64 75 3 0 10 0.00 0.0 0 16.6 28 330 M M 0 37 340
5 85 65 75 3 0 10 0.00 0.0 0 15.1 35 330 M M 0 42 310
6 86 65 76 3 0 11 0.00 0.0 0 15.6 28 310 M M 0 36 330
7 84 61 73 0 0 8 0.00 0.0 0 13.6 25 320 M M 0 34 320
8 85 61 73 0 0 8 0.00 0.0 0 12.1 22 320 M M 0 27 320
9 89 65 77 4 0 12 0.00 0.0 0 11.4 24 320 M M 0 31 330
10 92 68 80 6 0 15 0.00 0.0 0 12.1 24 320 M M 0 30 320
11 97 74 86 12 0 21 0.00 0.0 0 10.5 22 320 M M 0 34 100
12 98 73 86 12 0 21 0.00 0.0 0 9.7 22 320 M M 0 28 290
13 87 65 76 2 0 11 0.00 0.0 0 12.4 23 160 M M 0 29 150
14 83 59 71 -3 0 6 0.00 0.0 0 11.7 20 170 M M 0 27 160
15 83 60 72 -2 0 7 0.00 0.0 0 10.9 22 150 M M 0 29 150
16 86 64 75 1 0 10 0.00 0.0 0 10.8 22 160 M M 0 27 160
17 87 64 76 1 0 11 0.00 0.0 0 11.9 25 160 M M 0 35 160
18 89 66 78 3 0 13 0.00 0.0 0 10.7 22 170 M M 0 28 70
19 90 68 79 4 0 14 0.00 0.0 M 10.7 23 330 M M 0 31 330
20 86 68 77 2 0 12 0.00 0.0 0 14.9 29 330 M M 0 36 310
21 87 64 76 1 0 11 0.00 0.0 0 10.1 21 340 M M 0 31 330
22 81 61 71 -4 0 6 0.00 0.0 0 11.4 23 160 M M 0 32 170
23 81 58 70 -5 0 5 0.00 0.0 0 10.4 17 320 M M 0 23 160
24 85 63 74 -1 0 9 0.00 0.0 0 11.2 20 160 M M 0 27 140
25 87 65 76 1 0 11 0.00 0.0 0 10.6 22 320 M M 0 30 320
26 89 66 78 3 0 13 0.00 0.0 0 11.4 24 150 M M 0 36 150
27 90 69 80 5 0 15 0.00 0.0 0 M 16 140 M M 0 M M
28 M M M M M M M M M M M M M M M M M
29 M M M M M M M M M M M M M M M M M
30 M M M M M M M M M M M M M M M M M
31 M M M M M M M M M M M M M M M M M
================================================================================
SM 2331 1731 0 282 0.00 0.0 312.2 M 0
================================================================================
AV 86.3 64.1 12.0 FASTST M M 0 MAX(MPH)
MISC ----> # 35 330 99999 M
================================================================================
NOTES:
# LAST OF SEVERAL OCCURRENCES
COLUMN 17 PEAK WIND IN M.P.H.
PRELIMINARY LOCAL CLIMATOLOGICAL DATA (WS FORM: F-6) , PAGE 2
STATION: SANDBERG CA
MONTH: JULY
YEAR: 2020
LATITUDE: 34 45 N
LONGITUDE: 118 44 W
[TEMPERATURE DATA] [PRECIPITATION DATA] SYMBOLS USED IN COLUMN 16
AVERAGE MONTHLY: 75.2 TOTAL FOR MONTH: 0.00 1 = FOG OR MIST
DPTR FM NORMAL: 1.2 DPTR FM NORMAL: -0.02 2 = FOG REDUCING VISIBILITY
HIGHEST: 98 ON 12 GRTST 24HR 0.00 ON 27-27 TO 1/4 MILE OR LESS
LOWEST: 55 ON 2 3 = THUNDER
SNOW, ICE PELLETS, HAIL 4 = ICE PELLETS
TOTAL MONTH: 0.0 INCH 5 = HAIL
GRTST 24HR 0.0 6 = FREEZING RAIN OR DRIZZLE
GRTST DEPTH: 0 7 = DUSTSTORM OR SANDSTORM:
VSBY 1/2 MILE OR LESS
8 = SMOKE OR HAZE
[NO. OF DAYS WITH] [WEATHER - DAYS WITH] 9 = BLOWING SNOW
X = TORNADO
MAX 32 OR BELOW: 0 0.01 INCH OR MORE: 0
MAX 90 OR ABOVE: 5 0.10 INCH OR MORE: 0
MIN 32 OR BELOW: 0 0.50 INCH OR MORE: 0
MIN 0 OR BELOW: 0 1.00 INCH OR MORE: 0
[HDD (BASE 65) ]
TOTAL THIS MO. 0 CLEAR (SCALE 0-3) 27
DPTR FM NORMAL -8 PTCLDY (SCALE 4-7) 0
TOTAL FM JUL 1 0 CLOUDY (SCALE 8-10) 0
DPTR FM NORMAL -8
[CDD (BASE 65) ]
TOTAL THIS MO. 282
DPTR FM NORMAL -5 [PRESSURE DATA]
TOTAL FM JAN 1 566 HIGHEST SLP M ON M
DPTR FM NORMAL 103 LOWEST SLP 29.80 ON 1
[REMARKS]
#FINAL-07-20#