000
CXUS53 KLMK 010710
CF6SDF
PRELIMINARY LOCAL CLIMATOLOGICAL DATA (WS FORM: F-6)
STATION: LOUISVILLE KY
MONTH: MARCH
YEAR: 2021
LATITUDE: 38 10 N
LONGITUDE: 85 44 W
TEMPERATURE IN F: :PCPN: SNOW: WIND :SUNSHINE: SKY :PK WND
================================================================================
1 2 3 4 5 6A 6B 7 8 9 10 11 12 13 14 15 16 17 18
12Z AVG MX 2MIN
DY MAX MIN AVG DEP HDD CDD WTR SNW DPTH SPD SPD DIR MIN PSBL S-S WX SPD DR
================================================================================
1 58 36 47 4 18 0 T 0.0 0 11.3 25 290 M M 7 33 300
2 50 29 40 -3 25 0 0.00 0.0 0 3.7 13 10 M M 1 16 10
3 65 29 47 3 18 0 0.00 0.0 0 6.8 16 230 M M 0 21 270
4 59 38 49 5 16 0 0.00 0.0 0 9.3 20 50 M M 1 28 50
5 49 29 39 -5 26 0 0.00 0.0 0 7.0 16 60 M M 5 22 70
6 54 31 43 -1 22 0 0.00 0.0 0 5.3 15 350 M M 2 20 10
7 57 32 45 0 20 0 0.00 0.0 0 3.5 12 350 M M 5 15 60
8 68 32 50 5 15 0 0.00 0.0 0 5.2 15 270 M M 4 22 220
9 70 40 55 9 10 0 0.00 0.0 0 6.8 20 240 M M 6 26 240
10 73 55 64 18 1 0 0.00 0.0 0 15.5 24 190 M M 7 36 190
11 71 60 66 20 0 1 1.16 0.0 0 12.9 24 190 M M 10 13 36 220
12 64 49 57 11 8 0 0.54 0.0 0 7.8 15 350 M M 9 1 22 10
13 59 47 53 6 12 0 0.00 0.0 0 7.1 15 40 M M 10 22 50
14 50 39 45 -2 20 0 0.02 0.0 0 5.1 14 80 M M 8 19 70
15 50 39 45 -3 20 0 0.36 0.0 0 11.0 23 100 M M 10 1 31 100
16 72 41 57 9 8 0 0.00 0.0 0 5.2 16 360 M M 9 18 22 300
17 65 42 54 6 11 0 0.15 0.0 0 7.5 22 150 M M 9 18 29 140
18 68 42 55 7 10 0 0.65 0.0 0 13.0 26 360 M M 9 1 35 10
19 57 37 47 -2 18 0 T 0.0 M 15.9 28 10 M M 6 44 40
20 64 33 49 0 16 0 0.00 0.0 0 4.4 10 80 M M 0 15 70
21 69 36 53 3 12 0 0.00 0.0 0 3.0 13 140 M M 1 17 170
22 71 46 59 9 6 0 0.00 0.0 0 5.3 17 140 M M 6 21 150
23 69 51 60 10 5 0 0.02 0.0 0 8.9 23 170 M M 9 31 180
24 76 60 68 18 0 3 T 0.0 0 12.7 22 250 M M 6 32 240
25 69 53 61 10 4 0 0.59 0.0 0 8.2 29 240 M M 8 13 43 250
26 65 50 58 7 7 0 0.00 0.0 0 9.9 33 260 M M 6 46 250
27 76 44 60 8 5 0 T 0.0 0 7.7 20 170 M M 6 3 25 170
28 66 42 54 2 11 0 0.02 0.0 0 15.6 32 280 M M 7 1 44 260
29 62 36 49 -3 16 0 0.00 0.0 0 5.1 13 130 M M 1 21 120
30 78 43 61 8 4 0 0.58 0.0 0 12.2 26 170 M M 5 1 35 180
31 60 40 50 -3 15 0 0.67 0.0 0 13.1 28 330 M M 7 1 37 320
================================================================================
SM 1984 1281 379 4 4.76 0.0 266.0 M 180
================================================================================
AV 64.0 41.3 8.6 FASTST M M 6 MAX(MPH)
MISC ----> 33 260 46 250
================================================================================
NOTES:
# LAST OF SEVERAL OCCURRENCES
COLUMN 17 PEAK WIND IN M.P.H.
PRELIMINARY LOCAL CLIMATOLOGICAL DATA (WS FORM: F-6) , PAGE 2
STATION: LOUISVILLE KY
MONTH: MARCH
YEAR: 2021
LATITUDE: 38 10 N
LONGITUDE: 85 44 W
[TEMPERATURE DATA] [PRECIPITATION DATA] SYMBOLS USED IN COLUMN 16
AVERAGE MONTHLY: 52.7 TOTAL FOR MONTH: 4.76 1 = FOG OR MIST
DPTR FM NORMAL: 4.9 DPTR FM NORMAL: 0.59 2 = FOG REDUCING VISIBILITY
HIGHEST: 78 ON 30 GRTST 24HR 1.70 ON 11-12 TO 1/4 MILE OR LESS
LOWEST: 29 ON 5, 3 3 = THUNDER
SNOW, ICE PELLETS, HAIL 4 = ICE PELLETS
TOTAL MONTH: 0.0 INCH 5 = HAIL
GRTST 24HR 0.0 6 = FREEZING RAIN OR DRIZZLE
GRTST DEPTH: 0 7 = DUSTSTORM OR SANDSTORM:
VSBY 1/2 MILE OR LESS
8 = SMOKE OR HAZE
[NO. OF DAYS WITH] [WEATHER - DAYS WITH] 9 = BLOWING SNOW
X = TORNADO
MAX 32 OR BELOW: 0 0.01 INCH OR MORE: 11
MAX 90 OR ABOVE: 0 0.10 INCH OR MORE: 8
MIN 32 OR BELOW: 6 0.50 INCH OR MORE: 6
MIN 0 OR BELOW: 0 1.00 INCH OR MORE: 1
[HDD (BASE 65) ]
TOTAL THIS MO. 379 CLEAR (SCALE 0-3) 7
DPTR FM NORMAL -159 PTCLDY (SCALE 4-7) 15
TOTAL FM JUL 1 3486 CLOUDY (SCALE 8-10) 9
DPTR FM NORMAL -293
[CDD (BASE 65) ]
TOTAL THIS MO. 4
DPTR FM NORMAL -2 [PRESSURE DATA]
TOTAL FM JAN 1 4 HIGHEST SLP M ON M
DPTR FM NORMAL -2 LOWEST SLP 29.50 ON 18
[REMARKS]
#FINAL-03-21#