000
CXUS56 KTFX 300915
CF6SDY
29
PRELIMINARY LOCAL CLIMATOLOGICAL DATA (WS FORM: F-6)
STATION: SIDNEY APT MT
MONTH: November
YEAR: 2020
LATITUDE: 47.72 N
LONGITUDE: 104.18 W
TEMPERATURE IN F: :PCPN: SNOW: WIND :SUNSHINE: SKY :PK WND
================================================================================
1 2 3 4 5 6A 6B 7 8 9 10 11 12 13 14 15 16 17 18
12Z AVG MX 2MIN
DY MAX MIN AVG DEP HDD CDD WTR SNW DPTH SPD SPD DIR MIN PSBL S-S WX SPD DR
================================================================================
01 67 28 47 7 18 0 0.00 M M 7.0 M M M M M 21 280
02 75 32 53 14 12 0 0.00 M M 9.8 M M M M M M M
03 73 33 53 14 12 0 0.00 M M 8.5 M M M M M 25 280
04 74 36 55 17 10 0 0.00 M M 9.6 M M M M M 32 310
05 54 32 43 6 22 0 0.00 M M 9.9 M M M M M M M
06 37 32 34 -3 31 0 0.00 M M 7.0 M M M M M 20 360
07 36 17 26 -10 39 0 0.00 M M 9.5 M M M M M M M
08 22 4 13 -23 52 0 0.03 M M 15.6 M M M M M 33 340
09 32 2 17 -18 48 0 T M M 12.1 M M M M M 25 300
10 34 11 22 -13 43 0 0.00 M M 4.2 M M M M M M M
11 33 13 23 -11 42 0 0.01 M M 17.8 M M M M M 32 330
12 39 11 25 -9 40 0 T M M 7.4 M M M M M M M
13 41 26 33 0 32 0 0.00 M M 8.3 M M M M M M M
14 42 17 29 -3 36 0 T M M 16.2 M M M M M 39 300
15 40 20 30 -2 35 0 T M M 9.7 M M M M M 24 320
16 50 21 35 4 30 0 0.00 M M 9.9 M M M M M 29 360
17 50 29 39 8 26 0 0.00 M M 6.2 M M M M M M M
18 46 19 32 2 33 0 0.00 M M 5.0 M M M M M M M
19 35 11 23 -7 42 0 0.01 M M 7.3 M M M M M M M
20 39 20 29 0 36 0 0.00 M M 5.0 M M M M M M M
21 42 19 30 1 35 0 0.00 M M 9.0 M M M M M M M
22 39 14 26 -2 39 0 0.00 M M 6.3 M M M M M M M
23 35 15 25 -3 40 0 0.00 M M 4.3 M M M M M M M
24 44 21 32 5 33 0 0.00 M M 6.2 M M M M M M M
25 43 22 32 5 33 0 0.00 M M 11.6 M M M M M 24 330
26 53 17 35 9 30 0 T M M 12.5 M M M M M 30 320
27 52 22 37 11 28 0 0.00 M M 9.5 M M M M M 25 280
28 39 13 26 1 39 0 0.00 M M 12.7 M M M M M 38 340
29 38 14 26 1 39 0 0.00 M M 11.2 M M M M M 31 320
================================================================================
SM 1304 571 955 0 0.05 269.3
================================================================================
AV 45.0 19.7 9.3 MAX(MPH)
39
[TEMPERATURE DATA] [PRECIPITATION DATA]
Average Monthly: 32.3 Total for Month: 0.05
Dptr fm Normal: 0.0 Dptr fm Normal: -0.49