000
CXUS52 KMLB 011342
CLMSFB
CLIMATE REPORT
NATIONAL WEATHER SERVICE MELBOURNE FL
942 AM EDT TUE AUG 01 2023
...................................
...THE SANFORD CLIMATE SUMMARY FOR THE MONTH OF JULY 2023...
CLIMATE NORMAL PERIOD 1991 TO 2020
CLIMATE RECORD PERIOD 1948 TO 2023
WEATHER OBSERVED NORMAL DEPART LAST YEAR`S
VALUE DATE(S) VALUE FROM VALUE
NORMAL
..............................................................
TEMPERATURE (F)
MONTHLY RECORD
WARMEST 86.2 2016
COOLEST 80.1 1988
DAILY RECORD
HIGH 103 07/01/1998
LOW 60 07/01/1981
JULY 2023
HIGHEST 98 07/03 96
07/04
LOWEST 72 07/31 72
AVG. MAXIMUM 93.8 92.7 1.1 93.3
AVG. MINIMUM 76.0 74.4 1.6 75.0
MEAN 84.9 83.6 1.3 84.1
DAYS MAX >= 90 27 26.0 1.0 28
DAYS MAX <= 32 0 0.0 0.0 0
DAYS MIN <= 32 0 0.0 0.0 0
DAYS MIN <= 0 0 0.0 0.0 0
PRECIPITATION (INCHES)
MONTHLY RECORD
MAXIMUM 16.60 1991
MINIMUM 1.79 2016
DAILY RECORD
MAXIMUM 6.15 07/26/1995
JULY 2023
TOTALS 3.70 7.29 -3.59 5.64
DAYS >= .01 14 17
DAYS >= .10 10 9
DAYS >= .50 2 4
DAYS >= 1.00 0 1
GREATEST
24 HR. TOTAL 1.29 07/30 TO 07/31
SNOWFALL (INCHES)
TOTALS 0.0 MM MM 0.0
SINCE 7/1 0.0 MM MM MM
DAYS >= TRACE 0 0
DEGREE DAYS
HEATING TOTAL 0 0 0 0
SINCE 7/1 0 0 0 MM
COOLING TOTAL 625 575 50 600
SINCE 1/1 2280 1939 341 MM
..............................................................
WIND (MPH)
AVERAGE WIND SPEED 6.3
HIGHEST WIND SPEED/DIRECTION 33/260 DATE 07/24
HIGHEST GUST SPEED/DIRECTION 44/350 DATE 07/22
44/250 07/24
SKY COVER
POSSIBLE SUNSHINE (PERCENT) MM
AVERAGE SKY COVER 0.17
NUMBER OF DAYS FAIR 31
NUMBER OF DAYS PC 0
NUMBER OF DAYS CLOUDY 0
AVERAGE RH (PERCENT) 74
WEATHER CONDITIONS. NUMBER OF DAYS WITH
THUNDERSTORM 26 MIXED PRECIP 0
HEAVY RAIN 7 RAIN 6
LIGHT RAIN 25 LT FREEZING RAIN 0
HAIL 0 LIGHT SNOW 0
SLEET 0 FOG 15
FOG W/VIS <= 1/4 MILE 0 HAZE 5
- INDICATES NEGATIVE NUMBERS.
R INDICATES RECORD WAS SET OR TIED.
MM INDICATES DATA IS MISSING.
T INDICATES TRACE AMOUNT.
$$