000
CXUS52 KMLB 011615
CLMSFB
CLIMATE REPORT
NATIONAL WEATHER SERVICE MELBOURNE FL
1215 PM EDT SAT JUL 01 2023
...................................
...THE SANFORD CLIMATE SUMMARY FOR THE MONTH OF JUNE 2023...
CLIMATE NORMAL PERIOD 1991 TO 2020
CLIMATE RECORD PERIOD 1948 TO 2023
WEATHER OBSERVED NORMAL DEPART LAST YEAR`S
VALUE DATE(S) VALUE FROM VALUE
NORMAL
..............................................................
TEMPERATURE (F)
MONTHLY RECORD
WARMEST 85.1 1998
COOLEST 77.4 1984
DAILY RECORD
HIGH 102 06/19/1998
LOW 52 06/02/1984
06/01/1984
JUNE 2023
HIGHEST 96 06/15 97
LOWEST 67 06/06 69
AVG. MAXIMUM 90.9 91.0 -0.1 92.0
AVG. MINIMUM 72.0 72.7 -0.7 73.2
MEAN 81.4 81.9 -0.5 82.6
DAYS MAX >= 90 20 20.6 -0.6 24
DAYS MAX <= 32 0 0.0 0.0 0
DAYS MIN <= 32 0 0.0 0.0 0
DAYS MIN <= 0 0 0.0 0.0 0
PRECIPITATION (INCHES)
MONTHLY RECORD
MAXIMUM 20.58 2002
MINIMUM 0.95 1969
DAILY RECORD
MAXIMUM 4.30 06/27/1974
JUNE 2023
TOTALS 9.66 8.19 1.47 4.20
DAYS >= .01 12 12
DAYS >= .10 10 5
DAYS >= .50 6 3
DAYS >= 1.00 3 3
GREATEST
24 HR. TOTAL 3.62 06/23 TO 06/23
SNOWFALL (INCHES)
TOTALS 0.0 MM MM 0.0
SINCE 7/1 0.0 MM MM MM
DAYS >= TRACE 0 0
DEGREE DAYS
HEATING TOTAL 0 0 0 0
SINCE 7/1 344 557 -213 MM
COOLING TOTAL 502 506 -4 536
SINCE 1/1 1655 1364 291 MM
..............................................................
WIND (MPH)
AVERAGE WIND SPEED 7.8
HIGHEST WIND SPEED/DIRECTION 36/340 DATE 06/15
HIGHEST GUST SPEED/DIRECTION 52/340 DATE 06/15
SKY COVER
POSSIBLE SUNSHINE (PERCENT) MM
AVERAGE SKY COVER 0.20
NUMBER OF DAYS FAIR 26
NUMBER OF DAYS PC 4
NUMBER OF DAYS CLOUDY 0
AVERAGE RH (PERCENT) 74
WEATHER CONDITIONS. NUMBER OF DAYS WITH
THUNDERSTORM 18 MIXED PRECIP 0
HEAVY RAIN 9 RAIN 9
LIGHT RAIN 19 LT FREEZING RAIN 0
HAIL 0 LIGHT SNOW 0
SLEET 0 FOG 11
FOG W/VIS <= 1/4 MILE 0 HAZE 1
- INDICATES NEGATIVE NUMBERS.
R INDICATES RECORD WAS SET OR TIED.
MM INDICATES DATA IS MISSING.
T INDICATES TRACE AMOUNT.
$$