000
CXUS52 KMLB 011208
CLMSFB
CLIMATE REPORT
NATIONAL WEATHER SERVICE MELBOURNE FL
808 AM EDT MON MAY 01 2023
...................................
...THE SANFORD CLIMATE SUMMARY FOR THE MONTH OF APRIL 2023...
CLIMATE NORMAL PERIOD 1991 TO 2020
CLIMATE RECORD PERIOD 1948 TO 2023
WEATHER OBSERVED NORMAL DEPART LAST YEAR`S
VALUE DATE(S) VALUE FROM VALUE
NORMAL
..............................................................
TEMPERATURE (F)
MONTHLY RECORD
HOTTEST 76.8 2015
COLDEST 64.8 1987
DAILY RECORD
HIGH 97 04/13/2020
LOW 36 04/05/1987
04/08/1950
APRIL 2023
HIGHEST 91 04/02 91
LOWEST 52 04/18 45
AVG. MAXIMUM 85.3 83.4 1.9 82.8
AVG. MINIMUM 64.7 61.2 3.5 62.7
MEAN 75.0 72.3 2.7 72.7
DAYS MAX >= 90 8 4.1 3.9 4
DAYS MAX <= 32 0 0.0 0.0 0
DAYS MIN <= 32 0 0.0 0.0 0
DAYS MIN <= 0 0 0.0 0.0 0
PRECIPITATION (INCHES)
MONTHLY RECORD
MAXIMUM 10.27 1982
MINIMUM 0.03 1981
DAILY RECORD
MAXIMUM 6.50 04/09/1982
APRIL 2023
TOTALS 4.95 2.35 2.60 4.50
DAYS >= .01 12 8
DAYS >= .10 8 4
DAYS >= .50 4 2
DAYS >= 1.00 1 2
GREATEST
24 HR. TOTAL 1.19 04/26 TO 04/26
SNOWFALL (INCHES)
TOTALS 0.0 MM MM 0.0
SINCE 7/1 0.0 MM MM MM
DAYS >= TRACE 0 0
DEGREE DAYS
HEATING TOTAL 0 11 -11 8
SINCE 7/1 344 553 -209 MM
COOLING TOTAL 307 230 77 250
SINCE 1/1 772 462 310 MM
..............................................................
WIND (MPH)
AVERAGE WIND SPEED 8.2
HIGHEST WIND SPEED/DIRECTION 35/290 DATE 04/27
35/270 04/30
HIGHEST GUST SPEED/DIRECTION 47/290 DATE 04/27
SKY COVER
POSSIBLE SUNSHINE (PERCENT) MM
AVERAGE SKY COVER 0.33
NUMBER OF DAYS FAIR 17
NUMBER OF DAYS PC 11
NUMBER OF DAYS CLOUDY 2
AVERAGE RH (PERCENT) 70
WEATHER CONDITIONS. NUMBER OF DAYS WITH
THUNDERSTORM 11 MIXED PRECIP 0
HEAVY RAIN 7 RAIN 7
LIGHT RAIN 17 LT FREEZING RAIN 0
HAIL 1 LIGHT SNOW 0
SLEET 0 FOG 10
FOG W/VIS <= 1/4 MILE 1 HAZE 0
- INDICATES NEGATIVE NUMBERS.
R INDICATES RECORD WAS SET OR TIED.
MM INDICATES DATA IS MISSING.
T INDICATES TRACE AMOUNT.
$$