000
CXUS54 KHGX 021208
CF6SGR
PRELIMINARY LOCAL CLIMATOLOGICAL DATA (WS FORM: F-6)
STATION: SUGAR LAND/HULL FLD
MONTH: APRIL
YEAR: 2023
LATITUDE: 29 37 N
LONGITUDE: 95 39 W
TEMPERATURE IN F: :PCPN: SNOW: WIND :SUNSHINE: SKY :PK WND
================================================================================
1 2 3 4 5 6A 6B 7 8 9 10 11 12 13 14 15 16 17 18
12Z AVG MX 2MIN
DY MAX MIN AVG DEP HDD CDD WTR SNW DPTH SPD SPD DIR MIN PSBL S-S WX SPD DR
================================================================================
1 89 64 77 9 0 12 0.00 0.0 0 5.8 14 50 M M 3 12 20 50
2 86 63 75 7 0 10 T 0.0 0 10.0 26 170 M M 7 1 39 170
3 87 74 81 13 0 16 0.00 0.0 0 11.5 22 170 M M 8 1 32 190
4 83 73 78 10 0 13 0.00 0.0 0 14.9 28 180 M M 9 45 190
5 82 58 70 2 0 5 0.73 0.0 0 12.3 24 20 M M 10 13 42 150
6 66 56 61 -7 4 0 1.41 0.0 0 12.6 23 20 M M 10 13 37 60
7 61 57 59 -9 6 0 1.14 0.0 0 10.7 21 280 M M 10 13 40 110
8 70 55 63 -6 2 0 0.00 0.0 0 7.2 14 20 M M 8 1 18 360
9 77 55 66 -3 0 1 0.00 0.0 0 5.8 13 50 M M 6 1 17 50
10 72 58 65 -4 0 0 0.00 0.0 0 6.9 15 30 M M 8 18 50
11 79 57 68 -1 0 3 0.00 0.0 0 6.3 14 50 M M 6 19 70
12 79 55 67 -2 0 2 0.25 0.0 0 5.1 21 50 M M 4 3 36 80
13 81 53 67 -3 0 2 0.00 0.0 0 4.3 18 160 M M 1 1 27 170
14 79 58 69 -1 0 4 T 0.0 0 8.9 20 150 M M 5 29 180
15 89 66 78 8 0 13 0.07 0.0 0 8.8 22 10 M M 4 13 33 360
16 77 55 66 -4 0 1 0.00 0.0 0 11.0 22 30 M M 0 35 30
17 78 50 64 -6 1 0 0.00 0.0 0 7.0 20 160 M M 1 39 150
18 82 55 69 -2 0 4 0.06 0.0 0 10.9 M 140 M M 4 3 47 150
19 84 67 76 5 0 11 0.00 0.0 0 13.4 25 150 M M 6 47 150
20 80 68 74 3 0 9 0.01 0.0 0 12.7 21 350 M M 10 38 41 150
21 80 65 73 2 0 8 0.90 0.0 0 8.1 29 270 M M 6 13 49 260
22 79 59 69 -3 0 4 0.00 0.0 0 10.8 20 100 M M 1 28 110
23 67 59 63 -9 2 0 0.16 0.0 0 11.8 23 320 M M 6 3 37 330
24 75 56 66 -6 0 1 0.00 0.0 0 9.4 16 40 M M 9 24 150
25 80 63 72 0 0 7 0.00 0.0 0 10.1 21 150 M M 7 26 150
26 83 70 77 5 0 12 0.02 0.0 0 12.2 21 160 M M 9 27 130
27 77 63 70 -3 0 5 0.45 0.0 0 7.7 21 80 M M 6 13 29 50
28 84 57 71 -2 0 6 0.65 0.0 0 9.9 31 290 M M 3 13 42 310
29 71 52 62 -11 3 0 T 0.0 0 13.1 28 320 M M 6 41 320
30 85 51 68 -6 0 3 0.00 0.0 0 8.1 14 210 M M 0 20 220
================================================================================
SM 2362 1792 18 152 5.85 0.0 287.3 M 173
================================================================================
AV 78.7 59.7 9.6 FASTST M M 6 MAX(MPH)
MISC ----> 31 290 49 260
================================================================================
NOTES:
# LAST OF SEVERAL OCCURRENCES
COLUMN 17 PEAK WIND IN M.P.H.
PRELIMINARY LOCAL CLIMATOLOGICAL DATA (WS FORM: F-6) , PAGE 2
STATION: SUGAR LAND/HULL FLD
MONTH: APRIL
YEAR: 2023
LATITUDE: 29 37 N
LONGITUDE: 95 39 W
[TEMPERATURE DATA] [PRECIPITATION DATA] SYMBOLS USED IN COLUMN 16
AVERAGE MONTHLY: 69.2 TOTAL FOR MONTH: 5.85 1 = FOG OR MIST
DPTR FM NORMAL: -1.1 DPTR FM NORMAL: 1.59 2 = FOG REDUCING VISIBILITY
HIGHEST: 89 ON 15, 1 GRTST 24HR 2.38 ON 6- 7 TO 1/4 MILE OR LESS
LOWEST: 50 ON 17 3 = THUNDER
SNOW, ICE PELLETS, HAIL 4 = ICE PELLETS
TOTAL MONTH: 0.0 INCH 5 = HAIL
GRTST 24HR 0.0 6 = FREEZING RAIN OR DRIZZLE
GRTST DEPTH: 0 7 = DUSTSTORM OR SANDSTORM:
VSBY 1/2 MILE OR LESS
8 = SMOKE OR HAZE
[NO. OF DAYS WITH] [WEATHER - DAYS WITH] 9 = BLOWING SNOW
X = TORNADO
MAX 32 OR BELOW: 0 0.01 INCH OR MORE: 12
MAX 90 OR ABOVE: 0 0.10 INCH OR MORE: 8
MIN 32 OR BELOW: 0 0.50 INCH OR MORE: 5
MIN 0 OR BELOW: 0 1.00 INCH OR MORE: 2
[HDD (BASE 65) ]
TOTAL THIS MO. 18 CLEAR (SCALE 0-3) 6
DPTR FM NORMAL -9 PTCLDY (SCALE 4-7) 15
TOTAL FM JUL 1 999 CLOUDY (SCALE 8-10) 9
DPTR FM NORMAL -145
[CDD (BASE 65) ]
TOTAL THIS MO. 152
DPTR FM NORMAL -33 [PRESSURE DATA]
TOTAL FM JAN 1 480 HIGHEST SLP 30.25 ON 10
DPTR FM NORMAL 134 LOWEST SLP 29.64 ON 4
[REMARKS]
#FINAL-04-23#