000
CXUS55 KBYZ 011000
CF6SHR
PRELIMINARY LOCAL CLIMATOLOGICAL DATA (WS FORM: F-6)
STATION: SHERIDAN WY
MONTH: AUGUST
YEAR: 2022
LATITUDE: 44 46 N
LONGITUDE: 106 58 W
TEMPERATURE IN F: :PCPN: SNOW: WIND :SUNSHINE: SKY :PK WND
================================================================================
1 2 3 4 5 6A 6B 7 8 9 10 11 12 13 14 15 16 17 18
12Z AVG MX 2MIN
DY MAX MIN AVG DEP HDD CDD WTR SNW DPTH SPD SPD DIR MIN PSBL S-S WX SPD DR
================================================================================
1 100 56 78 6 0 13 0.00 M M 10.3 28 340 M M 0 38 330
2 91 62 77 5 0 12 0.04 M M 6.6 32 290 M M 2 43 300
3 94 52 73 1 0 8 0.00 M M 3.3 10 290 M M 0 13 300
4 101 57 79 7 0 14 0.00 M M 5.0 18 270 M M 0 25 260
5 91 64 78 6 0 13 0.02 M M 7.1 28 320 M M 3 32 320
6 65 57 61 -11 4 0 0.35 M M 5.5 16 30 M M 10 1 20 40
7 84 54 69 -2 0 4 0.00 M M 5.9 20 330 M M 3 1 26 340
8 95 50 73 2 0 8 0.00 M M 2.5 10 340 M M 0 15 10
9 99 56 78 7 0 13 0.00 M M 4.2 15 300 M M 0 18 300
10 104 54 79 8 0 14 0.00 M M 3.6 13 300 M M 0 16 340
11 93 64 79 8 0 14 0.00 M M 8.5 23 330 M M 0 29 330
12 97 64 81 11 0 16 0.00 M M 3.3 22 210 M M 0 27 230
13 96 63 80 10 0 15 T M M 8.4 41 310 M M 1 53 300
14 92 58 75 5 0 10 0.00 M M 5.2 16 300 M M 1 23 310
15 92 61 77 7 0 12 0.00 M M 6.1 18 200 M M 1 3 24 210
16 95 54 75 6 0 10 0.00 M M 4.6 16 150 M M 0 20 140
17 95 56 76 7 0 11 0.00 M M 6.5 23 320 M M 0 32 330
18 90 55 73 4 0 8 0.00 M M 4.9 16 360 M M 0 23 10
19 88 50 69 1 0 4 0.00 M M 4.4 12 50 M M 0 26 210
20 95 48 72 4 0 7 0.00 M M 4.8 13 140 M M 0 19 80
21 96 52 74 6 0 9 0.00 M M 4.0 20 300 M M 0 28 280
22 92 58 75 7 0 10 T M M 4.6 24 200 M M 1 3 31 200
23 91 57 74 7 0 9 0.05 M M 4.1 18 280 M M 2 3 25 240
24 86 60 73 6 0 8 0.00 M M 4.9 14 60 M M 1 20 60
25 74 55 65 -2 0 0 0.07 M M 5.3 29 230 M M 5 39 220
26 93 56 75 9 0 10 0.02 M M 7.3 36 320 M M 1 3 46 330
27 95 50 73 7 0 8 T M M 7.4 46 320 M M 0 3 55 320
28 78 51 65 -1 0 0 0.00 M M 7.9 24 310 M M 0 31 300
29 87 46 67 1 0 2 0.00 M M 3.6 10 200 M M 0 13 150
30 94 47 71 6 0 6 0.00 M M 2.5 12 330 M M 0 13 320
31 98 53 76 11 0 11 0.00 M M 3.3 9 210 M M 0 15 330
================================================================================
SM 2841 1720 4 279 0.55 M 165.6 M 31
================================================================================
AV 91.6 55.5 5.3 FASTST M M 1 MAX(MPH)
MISC ----> 46 320 55 320
================================================================================
NOTES:
# LAST OF SEVERAL OCCURRENCES
COLUMN 17 PEAK WIND IN M.P.H.
PRELIMINARY LOCAL CLIMATOLOGICAL DATA (WS FORM: F-6) , PAGE 2
STATION: SHERIDAN WY
MONTH: AUGUST
YEAR: 2022
LATITUDE: 44 46 N
LONGITUDE: 106 58 W
[TEMPERATURE DATA] [PRECIPITATION DATA] SYMBOLS USED IN COLUMN 16
AVERAGE MONTHLY: 73.6 TOTAL FOR MONTH: 0.55 1 = FOG OR MIST
DPTR FM NORMAL: 4.5 DPTR FM NORMAL: -0.16 2 = FOG REDUCING VISIBILITY
HIGHEST: 104 ON 10 GRTST 24HR 0.36 ON 5- 6 TO 1/4 MILE OR LESS
LOWEST: 46 ON 29 3 = THUNDER
SNOW, ICE PELLETS, HAIL 4 = ICE PELLETS
TOTAL MONTH: M 5 = HAIL
GRTST 24HR M ON M 6 = FREEZING RAIN OR DRIZZLE
GRTST DEPTH: M ON M 7 = DUSTSTORM OR SANDSTORM:
VSBY 1/2 MILE OR LESS
8 = SMOKE OR HAZE
[NO. OF DAYS WITH] [WEATHER - DAYS WITH] 9 = BLOWING SNOW
X = TORNADO
MAX 32 OR BELOW: 0 0.01 INCH OR MORE: 6
MAX 90 OR ABOVE: 24 0.10 INCH OR MORE: 1
MIN 32 OR BELOW: 0 0.50 INCH OR MORE: 0
MIN 0 OR BELOW: 0 1.00 INCH OR MORE: 0
[HDD (BASE 65) ]
TOTAL THIS MO. 4 CLEAR (SCALE 0-3) 29
DPTR FM NORMAL -33 PTCLDY (SCALE 4-7) 1
TOTAL FM JUL 1 4 CLOUDY (SCALE 8-10) 1
DPTR FM NORMAL -52
[CDD (BASE 65) ]
TOTAL THIS MO. 279
DPTR FM NORMAL 117 [PRESSURE DATA]
TOTAL FM JAN 1 609 HIGHEST SLP 30.16 ON 30
DPTR FM NORMAL 203 LOWEST SLP 29.50 ON 27
[REMARKS]
#FINAL-08-22#