000
CXUS54 KSHV 011500
CF6SHV
PRELIMINARY LOCAL CLIMATOLOGICAL DATA (WS FORM: F-6)
STATION: SHREVEPORT
MONTH: AUGUST
YEAR: 2020
LATITUDE: 32 28 N
LONGITUDE: 93 49 W
TEMPERATURE IN F: :PCPN: SNOW: WIND :SUNSHINE: SKY :PK WND
================================================================================
1 2 3 4 5 6A 6B 7 8 9 10 11 12 13 14 15 16 17 18
12Z AVG MX 2MIN
DY MAX MIN AVG DEP HDD CDD WTR SNW DPTH SPD SPD DIR MIN PSBL S-S WX SPD DR
================================================================================
1 89 70 80 -4 0 15 0.00 0.0 0 4.8 13 340 M M 5 1 16 310
2 91 68 80 -4 0 15 0.00 0.0 0 3.1 10 270 M M 3 13 250
3 92 71 82 -2 0 17 0.00 0.0 0 4.9 16 320 M M 2 20 300
4 90 69 80 -4 0 15 0.00 0.0 0 5.1 16 330 M M 3 18 310
5 84 72 78 -6 0 13 0.30 0.0 0 3.8 15 320 M M 6 138 18 320
6 91 72 82 -2 0 17 0.00 0.0 0 4.4 13 140 M M 4 1 16 140
7 94 74 84 0 0 19 0.00 0.0 0 4.5 12 80 M M 7 3 15 90
8 95 72 84 0 0 19 0.00 0.0 0 3.8 12 180 M M 2 15 150
9 95 74 85 1 0 20 0.00 0.0 0 5.7 13 220 M M 2 1 17 240
10 96 78 87 3 0 22 0.00 0.0 0 6.9 15 220 M M 1 20 230
11 95 77 86 2 0 21 0.00 0.0 0 7.9 15 210 M M 2 19 200
12 88 77 83 -1 0 18 0.02 0.0 0 6.4 16 30 M M 7 3 23 90
13 98 77 88 4 0 23 0.00 0.0 0 6.3 14 140 M M 4 17 140
14 94 78 86 2 0 21 0.00 0.0 0 6.2 16 360 M M 3 20 360
15 100 77 89 5 0 24 0.00 0.0 0 4.4 10 360 M M 2 1 13 360
16 99 76 88 5 0 23 0.00 0.0 0 4.9 15 40 M M 3 19 60
17 95 74 85 2 0 20 0.00 0.0 0 6.5 14 50 M M 7 20 30
18 95 69 82 -1 0 17 0.00 0.0 0 5.7 15 330 M M 3 19 360
19 92 71 82 -1 0 17 0.00 0.0 0 6.5 16 360 M M 3 19 10
20 90 66 78 -5 0 13 0.00 0.0 0 5.5 16 40 M M 1 20 40
21 93 67 80 -3 0 15 0.00 0.0 0 3.5 12 360 M M 2 1 14 350
22 95 70 83 0 0 18 0.00 0.0 0 4.6 15 10 M M 4 18 10
23 97 69 83 0 0 18 0.00 0.0 0 5.6 14 30 M M 1 18 30
24 96 71 84 1 0 19 0.01 0.0 0 5.5 20 60 M M 3 24 40
25 95 75 85 3 0 20 0.00 0.0 0 9.0 20 60 M M 4 25 40
26 96 78 87 5 0 22 T 0.0 0 8.4 21 190 M M 8 3 25 190
27 82 70 76 -6 0 11 2.04 0.0 0 14.9 46 330 M M 8 1 65 330
28 92 71 82 0 0 17 0.00 0.0 0 7.1 16 190 M M 6 22 210
29 96 78 87 5 0 22 0.00 0.0 0 6.1 12 180 M M 6 16 210
30 92 74 83 1 0 18 0.00 0.0 0 6.2 23 350 M M 6 30 350
31 95 80 88 6 0 23 T 0.0 0 7.6 16 270 M M 4 138 21 220
================================================================================
SM 2892 2265 0 572 2.37 0.0 185.8 M 122
================================================================================
AV 93.3 73.1 6.0 FASTST M M 4 MAX(MPH)
MISC ----> # 46 330 # 65 330
================================================================================
NOTES:
# LAST OF SEVERAL OCCURRENCES
COLUMN 17 PEAK WIND IN M.P.H.
PRELIMINARY LOCAL CLIMATOLOGICAL DATA (WS FORM: F-6) , PAGE 2
STATION: SHREVEPORT
MONTH: AUGUST
YEAR: 2020
LATITUDE: 32 28 N
LONGITUDE: 93 49 W
[TEMPERATURE DATA] [PRECIPITATION DATA] SYMBOLS USED IN COLUMN 16
AVERAGE MONTHLY: 83.2 TOTAL FOR MONTH: 2.37 1 = FOG OR MIST
DPTR FM NORMAL: 0.1 DPTR FM NORMAL: -0.36 2 = FOG REDUCING VISIBILITY
HIGHEST: 100 ON 15 GRTST 24HR 2.04 ON 27-27 TO 1/4 MILE OR LESS
LOWEST: 66 ON 20 3 = THUNDER
SNOW, ICE PELLETS, HAIL 4 = ICE PELLETS
TOTAL MONTH: 0.0 INCH 5 = HAIL
GRTST 24HR 0.0 6 = FREEZING RAIN OR DRIZZLE
GRTST DEPTH: 0 7 = DUSTSTORM OR SANDSTORM:
VSBY 1/2 MILE OR LESS
8 = SMOKE OR HAZE
[NO. OF DAYS WITH] [WEATHER - DAYS WITH] 9 = BLOWING SNOW
X = TORNADO
MAX 32 OR BELOW: 0 0.01 INCH OR MORE: 4
MAX 90 OR ABOVE: 27 0.10 INCH OR MORE: 2
MIN 32 OR BELOW: 0 0.50 INCH OR MORE: 1
MIN 0 OR BELOW: 0 1.00 INCH OR MORE: 1
[HDD (BASE 65) ]
TOTAL THIS MO. 0 CLEAR (SCALE 0-3) 13
DPTR FM NORMAL 0 PTCLDY (SCALE 4-7) 16
TOTAL FM JUL 1 0 CLOUDY (SCALE 8-10) 2
DPTR FM NORMAL 0
[CDD (BASE 65) ]
TOTAL THIS MO. 572
DPTR FM NORMAL 11 [PRESSURE DATA]
TOTAL FM JAN 1 2094 HIGHEST SLP 30.12 ON 9
DPTR FM NORMAL 132 LOWEST SLP 29.45 ON 27
[REMARKS]
#FINAL-08-20#