000
CXUS56 KMFR 180930
CF6SIY
PRELIMINARY LOCAL CLIMATOLOGICAL DATA (WS FORM: F-6)
STATION: MONTAGUE CA
MONTH: APRIL
YEAR: 2024
LATITUDE: 41 46 N
LONGITUDE: 122 28 W
TEMPERATURE IN F: :PCPN: SNOW: WIND :SUNSHINE: SKY :PK WND
================================================================================
1 2 3 4 5 6A 6B 7 8 9 10 11 12 13 14 15 16 17 18
12Z AVG MX 2MIN
DY MAX MIN AVG DEP HDD CDD WTR SNW DPTH SPD SPD DIR MIN PSBL S-S WX SPD DR
================================================================================
1 71 26 49 3 16 0 0.00 M M 2.8 12 350 M M 0 15 350
2 78 32 55 9 10 0 0.00 M M 2.1 12 280 M M 1 14 280
3 56 36 46 0 19 0 0.04 M M 8.4 23 250 M M 7 34 260
4 49 28 39 -7 26 0 0.01 M M 9.2 24 360 M M 5 12 29 360
5 49 29 39 -7 26 0 0.00 M M 6.1 16 10 M M 5 21 10
6 54 21 38 -9 27 0 0.05 M M 4.1 21 190 M M 4 1 26 190
7 56 34 45 -2 20 0 T M M 4.8 16 360 M M 5 20 350
8 64 25 45 -2 20 0 0.00 M M 3.7 14 20 M M 0 17 20
9 72 32 52 5 13 0 0.00 M M 4.8 17 360 M M 0 23 360
10 75 32 54 7 11 0 0.00 M M 3.5 13 350 M M 0 17 360
11 75 35 55 7 10 0 0.00 M M 5.2 21 270 M M 0 26 280
12 62 38 50 2 15 0 0.01 M M 11.6 29 170 M M 5 38 170
13 59 42 51 3 14 0 0.39 M M 4.9 15 180 M M 7 1 19 180
14 45 35 40 -8 25 0 0.67 M M 5.2 15 150 M M 9 1 18 150
15 61 33 47 -1 18 0 0.00 M M 7.1 21 360 M M 3 1 26 360
16 67 30 49 0 16 0 0.00 M M 6.6 23 20 M M 0 30 350
17 64 34 49 0 16 0 0.00 M M 8.1 17 360 M M 0 21 350
================================================================================
SM 1057 542 302 0 1.17 M 98.2 M 51
================================================================================
AV 62.2 31.9 5.8 FASTST M M 3 MAX(MPH)
MISC ----> 29 170 38 170
================================================================================
NOTES:
# LAST OF SEVERAL OCCURRENCES
COLUMN 17 PEAK WIND IN M.P.H.
PRELIMINARY LOCAL CLIMATOLOGICAL DATA (WS FORM: F-6) , PAGE 2
STATION: MONTAGUE CA
MONTH: APRIL
YEAR: 2024
LATITUDE: 41 46 N
LONGITUDE: 122 28 W
[TEMPERATURE DATA] [PRECIPITATION DATA] SYMBOLS USED IN COLUMN 16
AVERAGE MONTHLY: 47.0 TOTAL FOR MONTH: 1.17 1 = FOG OR MIST
DPTR FM NORMAL: -0.2 DPTR FM NORMAL: 0.55 2 = FOG REDUCING VISIBILITY
HIGHEST: 78 ON 2 GRTST 24HR 1.06 ON 13-14 TO 1/4 MILE OR LESS
LOWEST: 21 ON 6 3 = THUNDER
SNOW, ICE PELLETS, HAIL 4 = ICE PELLETS
TOTAL MONTH: M 5 = HAIL
GRTST 24HR M ON M 6 = FREEZING RAIN OR DRIZZLE
GRTST DEPTH: M ON M 7 = DUSTSTORM OR SANDSTORM:
VSBY 1/2 MILE OR LESS
8 = SMOKE OR HAZE
[NO. OF DAYS WITH] [WEATHER - DAYS WITH] 9 = BLOWING SNOW
X = TORNADO
MAX 32 OR BELOW: 0 0.01 INCH OR MORE: 6
MAX 90 OR ABOVE: 0 0.10 INCH OR MORE: 2
MIN 32 OR BELOW: 9 0.50 INCH OR MORE: 1
MIN 0 OR BELOW: 0 1.00 INCH OR MORE: 0
[HDD (BASE 65) ]
TOTAL THIS MO. 302 CLEAR (SCALE 0-3) 9
DPTR FM NORMAL 0 PTCLDY (SCALE 4-7) 7
TOTAL FM JUL 1 4254 CLOUDY (SCALE 8-10) 1
DPTR FM NORMAL -345
[CDD (BASE 65) ]
TOTAL THIS MO. 0
DPTR FM NORMAL 0 [PRESSURE DATA]
TOTAL FM JAN 1 0 HIGHEST SLP M ON M
DPTR FM NORMAL 0 LOWEST SLP 29.66 ON 12
[REMARKS]