000
CXUS56 KMFR 010930
CF6SIY
PRELIMINARY LOCAL CLIMATOLOGICAL DATA (WS FORM: F-6)
STATION: MONTAGUE CA
MONTH: JUNE
YEAR: 2023
LATITUDE: 41 46 N
LONGITUDE: 122 28 W
TEMPERATURE IN F: :PCPN: SNOW: WIND :SUNSHINE: SKY :PK WND
================================================================================
1 2 3 4 5 6A 6B 7 8 9 10 11 12 13 14 15 16 17 18
12Z AVG MX 2MIN
DY MAX MIN AVG DEP HDD CDD WTR SNW DPTH SPD SPD DIR MIN PSBL S-S WX SPD DR
================================================================================
1 78 43 61 0 4 0 0.00 M M 8.4 20 360 M M 3 26 360
2 82 37 60 -1 5 0 0.00 M M 4.7 15 360 M M 0 20 350
3 89 46 68 7 0 3 0.00 M M 6.7 22 330 M M 0 28 330
4 93 50 72 11 0 7 0.00 M M 7.9 22 360 M M 0 3 29 20
5 90 51 71 9 0 6 0.02 M M 4.5 23 120 M M 1 3 31 110
6 92 53 73 11 0 8 0.12 M M 5.2 30 130 M M 3 3 40 120
7 84 59 72 10 0 7 0.01 M M 4.3 18 270 M M 3 3 26 290
8 82 53 68 6 0 3 0.24 M M 4.8 30 280 M M 3 13 39 280
9 83 58 71 8 0 6 0.05 M M 4.2 21 290 M M 7 3 26 290
10 86 51 69 6 0 4 0.00 M M 5.6 18 70 M M 1 3 23 70
11 89 56 73 10 0 8 0.00 M M 6.4 20 10 M M 3 3 25 350
12 91 52 72 8 0 7 0.00 M M 7.4 22 360 M M 1 29 360
13 88 56 72 8 0 7 0.00 M M 10.9 28 10 M M 1 34 10
14 79 48 64 0 1 0 0.00 M M 12.3 26 360 M M 0 34 10
15 84 41 63 -1 2 0 0.00 M M 8.9 22 340 M M 0 30 20
16 89 54 72 7 0 7 0.00 M M 10.2 20 360 M M 0 8 25 360
17 86 49 68 3 0 3 0.00 M M 7.9 22 310 M M 1 32 310
18 73 44 59 -7 6 0 0.00 M M 11.9 24 20 M M 1 32 320
19 59 43 51 -15 14 0 0.10 M M 4.7 22 10 M M 8 3 27 10
20 68 44 56 -10 9 0 0.02 M M 5.5 17 340 M M 4 23 10
21 79 35 57 -10 8 0 0.00 M M 6.0 16 340 M M 0 20 340
22 86 44 65 -2 0 0 0.00 M M 6.0 23 260 M M 1 29 250
23 83 49 66 -1 0 1 T M M 6.1 20 260 M M 4 26 230
24 85 44 65 -3 0 0 T M M 4.6 28 210 M M 1 3 40 200
25 84 47 66 -2 0 1 0.00 M M 5.0 18 210 M M 2 3 25 320
26 86 47 67 -1 0 2 0.00 M M 7.5 23 360 M M 1 29 20
27 87 51 69 0 0 4 0.00 M M 5.7 20 140 M M 2 3 25 340
28 90 47 69 0 0 4 0.00 M M 5.5 20 10 M M 0 24 360
29 96 51 74 4 0 9 0.00 M M 5.6 18 320 M M 0 23 320
30 100 55 78 8 0 13 0.00 M M 5.7 20 340 M M 0 24 340
================================================================================
SM 2541 1458 49 110 0.56 M 200.1 M 51
================================================================================
AV 84.7 48.6 6.7 FASTST M M 2 MAX(MPH)
MISC ----> # 30 130 # 40 120
================================================================================
NOTES:
# LAST OF SEVERAL OCCURRENCES
COLUMN 17 PEAK WIND IN M.P.H.
PRELIMINARY LOCAL CLIMATOLOGICAL DATA (WS FORM: F-6) , PAGE 2
STATION: MONTAGUE CA
MONTH: JUNE
YEAR: 2023
LATITUDE: 41 46 N
LONGITUDE: 122 28 W
[TEMPERATURE DATA] [PRECIPITATION DATA] SYMBOLS USED IN COLUMN 16
AVERAGE MONTHLY: 66.6 TOTAL FOR MONTH: 0.56 1 = FOG OR MIST
DPTR FM NORMAL: 1.7 DPTR FM NORMAL: 0.00 2 = FOG REDUCING VISIBILITY
HIGHEST: 100 ON 30 GRTST 24HR 0.29 ON 8- 9 TO 1/4 MILE OR LESS
LOWEST: 35 ON 21 3 = THUNDER
SNOW, ICE PELLETS, HAIL 4 = ICE PELLETS
TOTAL MONTH: M 5 = HAIL
GRTST 24HR M ON M 6 = FREEZING RAIN OR DRIZZLE
GRTST DEPTH: M ON M 7 = DUSTSTORM OR SANDSTORM:
VSBY 1/2 MILE OR LESS
8 = SMOKE OR HAZE
[NO. OF DAYS WITH] [WEATHER - DAYS WITH] 9 = BLOWING SNOW
X = TORNADO
MAX 32 OR BELOW: 0 0.01 INCH OR MORE: 7
MAX 90 OR ABOVE: 7 0.10 INCH OR MORE: 3
MIN 32 OR BELOW: 0 0.50 INCH OR MORE: 0
MIN 0 OR BELOW: 0 1.00 INCH OR MORE: 0
[HDD (BASE 65) ]
TOTAL THIS MO. 49 CLEAR (SCALE 0-3) 24
DPTR FM NORMAL -39 PTCLDY (SCALE 4-7) 5
TOTAL FM JUL 1 5153 CLOUDY (SCALE 8-10) 1
DPTR FM NORMAL 26
[CDD (BASE 65) ]
TOTAL THIS MO. 110
DPTR FM NORMAL 25 [PRESSURE DATA]
TOTAL FM JAN 1 155 HIGHEST SLP M ON M
DPTR FM NORMAL 54 LOWEST SLP 29.69 ON 6
[REMARKS]
#FINAL-06-23#