000
CXUS56 KMFR 011030
CF6SIY
PRELIMINARY LOCAL CLIMATOLOGICAL DATA (WS FORM: F-6)
STATION: MONTAGUE CA
MONTH: DECEMBER
YEAR: 2022
LATITUDE: 41 46 N
LONGITUDE: 122 28 W
TEMPERATURE IN F: :PCPN: SNOW: WIND :SUNSHINE: SKY :PK WND
================================================================================
1 2 3 4 5 6A 6B 7 8 9 10 11 12 13 14 15 16 17 18
12Z AVG MX 2MIN
DY MAX MIN AVG DEP HDD CDD WTR SNW DPTH SPD SPD DIR MIN PSBL S-S WX SPD DR
================================================================================
1 40 27 34 -3 31 0 0.30 M M 4.7 20 280 M M 6 1 23 280
2 39 21 30 -7 35 0 0.00 M M 4.7 14 30 M M 1 14 30
3 51 23 37 0 28 0 0.00 M M 8.2 16 30 M M 1 24 170
4 47 32 40 3 25 0 T M M 4.4 15 170 M M 8 1 18 170
5 45 35 40 3 25 0 T M M 1.7 12 350 M M 9 14 350
6 45 25 35 -1 30 0 0.00 M M 1.8 10 360 M M 5 13 20
7 38 22 30 -6 35 0 0.00 M M 3.0 9 50 M M 5 11 50
8 45 26 36 0 29 0 0.17 M M 8.5 30 180 M M 7 1 37 170
9 41 29 35 -1 30 0 0.00 M M 12.5 40 170 M M 9 12 52 170
10 50 37 44 8 21 0 0.07 M M 11.0 40 170 M M 8 1 50 170
11 42 32 37 1 28 0 0.07 M M 2.5 10 60 M M 8 1 13 50
12 42 27 35 -1 30 0 0.00 M M 3.4 13 360 M M 8 15 360
13 36 19 28 -8 37 0 0.00 M M 3.0 8 130 M M 1 11 190
14 32 21 27 -9 38 0 0.00 M M 2.8 9 20 M M 7 1 11 160
15 33 20 27 -8 38 0 0.00 M M 2.4 10 50 M M 7 11 50
16 31 18 25 -10 40 0 0.00 M M 1.9 6 120 M M 6 12 9 210
17 36 15 26 -9 39 0 0.00 M M 1.5 6 80 M M 1 12 7 180
18 36 13 25 -10 40 0 0.00 M M 1.5 9 40 M M 0 18 9 40
19 35 15 25 -10 40 0 0.00 M M 1.5 8 40 M M 0 9 200
20 34 17 26 -9 39 0 0.01 M M 1.8 10 60 M M 9 12 60
21 45 31 38 3 27 0 0.00 M M 2.4 8 130 M M 9 1 10 40
22 42 36 39 4 26 0 0.08 M M 2.3 8 40 M M 10 1 9 250
23 48 34 41 6 24 0 T M M 5.6 12 50 M M 6 12 13 40
24 43 32 38 3 27 0 0.05 M M 2.2 10 40 M M 9 12 11 40
25 45 40 43 8 22 0 0.00 M M 1.9 8 150 M M 10 12 10 160
26 56 41 49 14 16 0 0.59 M M 15.6 46 170 M M 10 12 59 170
27 50 36 43 7 22 0 0.34 M M 14.5 40 170 M M 7 1 53 170
28 47 32 40 4 25 0 T M M 3.3 13 150 M M 3 18 150
29 48 35 42 6 23 0 0.06 M M 8.7 25 180 M M 10 31 180
30 45 41 43 7 22 0 0.38 M M 4.1 14 360 M M 9 1 17 360
31 48 35 42 6 23 0 0.01 M M 7.0 15 360 M M 5 19 360
================================================================================
SM 1315 867 915 0 2.13 M 150.4 M 194
================================================================================
AV 42.4 28.0 4.9 FASTST M M 6 MAX(MPH)
MISC ----> 46 170 59 170
================================================================================
NOTES:
# LAST OF SEVERAL OCCURRENCES
COLUMN 17 PEAK WIND IN M.P.H.
PRELIMINARY LOCAL CLIMATOLOGICAL DATA (WS FORM: F-6) , PAGE 2
STATION: MONTAGUE CA
MONTH: DECEMBER
YEAR: 2022
LATITUDE: 41 46 N
LONGITUDE: 122 28 W
[TEMPERATURE DATA] [PRECIPITATION DATA] SYMBOLS USED IN COLUMN 16
AVERAGE MONTHLY: 35.2 TOTAL FOR MONTH: 2.13 1 = FOG OR MIST
DPTR FM NORMAL: -0.6 DPTR FM NORMAL: -0.12 2 = FOG REDUCING VISIBILITY
HIGHEST: 56 ON 26 GRTST 24HR 0.93 ON 26-27 TO 1/4 MILE OR LESS
LOWEST: 13 ON 18 3 = THUNDER
SNOW, ICE PELLETS, HAIL 4 = ICE PELLETS
TOTAL MONTH: M 5 = HAIL
GRTST 24HR M ON M 6 = FREEZING RAIN OR DRIZZLE
GRTST DEPTH: M ON M 7 = DUSTSTORM OR SANDSTORM:
VSBY 1/2 MILE OR LESS
8 = SMOKE OR HAZE
[NO. OF DAYS WITH] [WEATHER - DAYS WITH] 9 = BLOWING SNOW
X = TORNADO
MAX 32 OR BELOW: 2 0.01 INCH OR MORE: 12
MAX 90 OR ABOVE: 0 0.10 INCH OR MORE: 5
MIN 32 OR BELOW: 21 0.50 INCH OR MORE: 1
MIN 0 OR BELOW: 0 1.00 INCH OR MORE: 0
[HDD (BASE 65) ]
TOTAL THIS MO. 915 CLEAR (SCALE 0-3) 6
DPTR FM NORMAL 10 PTCLDY (SCALE 4-7) 12
TOTAL FM JUL 1 1979 CLOUDY (SCALE 8-10) 13
DPTR FM NORMAL -100
[CDD (BASE 65) ]
TOTAL THIS MO. 0
DPTR FM NORMAL 0 [PRESSURE DATA]
TOTAL FM JAN 1 1168 HIGHEST SLP 30.53 ON 24
DPTR FM NORMAL 465 LOWEST SLP 29.39 ON 27
[REMARKS]
#FINAL-12-22#