000
CXUS56 KFGZ 010910
CF6SJN
PRELIMINARY LOCAL CLIMATOLOGICAL DATA (WS FORM: F-6)
STATION: SAINT JOHNS AZ AIRPORT
MONTH: MAY
YEAR: 2022
LATITUDE: 34 31 N
LONGITUDE: 109 23 W
TEMPERATURE IN F: :PCPN: SNOW: WIND :SUNSHINE: SKY :PK WND
================================================================================
1 2 3 4 5 6A 6B 7 8 9 10 11 12 13 14 15 16 17 18
12Z AVG MX 2MIN
DY MAX MIN AVG DEP HDD CDD WTR SNW DPTH SPD SPD DIR MIN PSBL S-S WX SPD DR
================================================================================
1 79 43 61 5 4 0 0.00 M M 13.9 32 250 M M 0 42 250
2 79 44 62 5 3 0 0.00 M M 10.2 25 240 M M 0 35 220
3 79 49 64 7 1 0 0.00 M M 15.8 33 220 M M 0 45 230
4 68 38 53 -4 12 0 0.00 M M 9.6 25 300 M M 1 39 300
5 77 32 55 -3 10 0 0.00 M M 5.0 16 330 M M 0 24 300
6 86 41 64 6 1 0 0.00 M M 9.0 22 250 M M 0 27 250
7 84 41 63 5 2 0 0.00 M M 15.5 36 240 M M 0 45 240
8 80 59 70 11 0 5 0.00 M M 19.6 40 240 M M 0 53 240
9 77 49 63 4 2 0 0.00 M M 15.7 30 230 M M 0 39 230
10 83 40 62 3 3 0 0.00 M M 10.6 30 250 M M 0 40 240
11 83 38 61 1 4 0 0.00 M M 14.6 36 230 M M 0 51 220
12 75 34 55 -5 10 0 0.00 M M 7.5 20 340 M M 0 25 340
13 81 34 58 -2 7 0 0.00 M M 5.5 18 310 M M 0 25 300
14 86 40 63 2 2 0 0.00 M M 5.6 16 330 M M 0 21 330
15 92 40 66 5 0 1 0.00 M M 6.9 22 290 M M 0 27 290
16 88 55 72 11 0 7 0.00 M M 10.4 26 270 M M 0 35 210
17 86 50 68 6 0 3 0.00 M M 9.4 22 290 M M 0 28 290
18 87 49 68 6 0 3 0.00 M M 9.4 21 250 M M 0 27 280
19 88 51 70 8 0 5 0.00 M M 10.7 26 250 M M 0 38 230
20 81 59 70 7 0 5 0.00 M M 19.5 38 240 M M 0 46 240
21 81 51 66 3 0 1 0.00 M M 13.3 28 240 M M 0 38 270
22 83 45 64 1 1 0 0.00 M M 10.4 29 250 M M 0 36 240
23 81 50 66 2 0 1 T M M 11.5 33 270 M M 2 49 240
24 75 49 62 -2 3 0 0.00 M M 12.6 30 300 M M 0 38 300
25 82 40 61 -3 4 0 0.00 M M 7.2 23 290 M M 0 28 290
26 91 45 68 3 0 3 0.00 M M 5.1 15 250 M M 0 20 240
27 91 51 71 6 0 6 0.00 M M 10.6 26 250 M M 0 34 230
28 86 51 69 3 0 4 0.00 M M 13.0 32 240 M M 0 42 240
29 81 55 68 2 0 3 0.00 M M 18.1 36 250 M M 0 48 240
30 79 54 67 1 0 2 0.00 M M 15.2 29 260 M M 0 42 300
31 84 47 66 -1 0 1 0.00 M M 9.2 25 250 M M 0 32 240
================================================================================
SM 2553 1424 69 50 T M 350.6 M 3
================================================================================
AV 82.4 45.9 11.3 FASTST M M 0 MAX(MPH)
MISC ----> 40 240 53 240
================================================================================
NOTES:
# LAST OF SEVERAL OCCURRENCES
COLUMN 17 PEAK WIND IN M.P.H.
PRELIMINARY LOCAL CLIMATOLOGICAL DATA (WS FORM: F-6) , PAGE 2
STATION: SAINT JOHNS AZ AIRPORT
MONTH: MAY
YEAR: 2022
LATITUDE: 34 31 N
LONGITUDE: 109 23 W
[TEMPERATURE DATA] [PRECIPITATION DATA] SYMBOLS USED IN COLUMN 16
AVERAGE MONTHLY: 64.1 TOTAL FOR MONTH: T 1 = FOG OR MIST
DPTR FM NORMAL: 2.7 DPTR FM NORMAL: -0.43 2 = FOG REDUCING VISIBILITY
HIGHEST: 92 ON 15 GRTST 24HR T ON 10-10 TO 1/4 MILE OR LESS
LOWEST: 32 ON 5 3 = THUNDER
SNOW, ICE PELLETS, HAIL 4 = ICE PELLETS
TOTAL MONTH: M 5 = HAIL
GRTST 24HR M ON M 6 = FREEZING RAIN OR DRIZZLE
GRTST DEPTH: M ON M 7 = DUSTSTORM OR SANDSTORM:
VSBY 1/2 MILE OR LESS
8 = SMOKE OR HAZE
[NO. OF DAYS WITH] [WEATHER - DAYS WITH] 9 = BLOWING SNOW
X = TORNADO
MAX 32 OR BELOW: 0 0.01 INCH OR MORE: 0
MAX 90 OR ABOVE: 3 0.10 INCH OR MORE: 0
MIN 32 OR BELOW: 1 0.50 INCH OR MORE: 0
MIN 0 OR BELOW: 0 1.00 INCH OR MORE: 0
[HDD (BASE 65) ]
TOTAL THIS MO. 69 CLEAR (SCALE 0-3) 31
DPTR FM NORMAL -83 PTCLDY (SCALE 4-7) 0
TOTAL FM JUL 1 4664 CLOUDY (SCALE 8-10) 0
DPTR FM NORMAL -185
[CDD (BASE 65) ]
TOTAL THIS MO. 50
DPTR FM NORMAL 10 [PRESSURE DATA]
TOTAL FM JAN 1 53 HIGHEST SLP M ON M
DPTR FM NORMAL 12 LOWEST SLP 29.38 ON 29
[REMARKS]
#FINAL-05-22#