000
CXUS54 KSJT 011456
CF6SJT
PRELIMINARY LOCAL CLIMATOLOGICAL DATA (WS FORM: F-6)
STATION: SAN ANGELO
MONTH: MARCH
YEAR: 2020
LATITUDE: 31 21 N
LONGITUDE: 100 30 W
TEMPERATURE IN F: :PCPN: SNOW: WIND :SUNSHINE: SKY :PK WND
================================================================================
1 2 3 4 5 6A 6B 7 8 9 10 11 12 13 14 15 16 17 18
12Z AVG MX 2MIN
DY MAX MIN AVG DEP HDD CDD WTR SNW DPTH SPD SPD DIR MIN PSBL S-S WX SPD DR
================================================================================
1 79 53 66 12 0 1 0.00 0.0 0 13.2 28 180 M M 0 36 190
2 69 53 61 7 4 0 0.00 0.0 0 6.2 15 220 M M 1 8 17 210
3 74 54 64 10 1 0 0.12 0.0 0 9.8 24 310 M M 7 3 29 310
4 57 48 53 -1 12 0 2.22 0.0 0 13.4 26 280 M M 9 13 34 30
5 75 39 57 2 8 0 0.00 0.0 0 8.5 13 30 M M 1 19 30
6 69 37 53 -2 12 0 0.00 0.0 0 7.5 17 70 M M 0 21 90
7 71 50 61 6 4 0 0.00 0.0 0 11.5 23 180 M M 1 30 180
8 63 55 59 3 6 0 0.09 0.0 0 12.1 23 180 M M 6 32 190
9 79 56 68 12 0 3 0.00 0.0 0 11.5 24 180 M M 1 33 180
10 83 53 68 12 0 3 0.00 0.0 0 8.3 15 220 M M 2 1 20 200
11 82 59 71 15 0 6 0.00 0.0 0 8.1 20 220 M M 1 1 24 220
12 85 59 72 15 0 7 0.00 0.0 0 5.5 16 220 M M 0 20 220
13 67 58 63 6 2 0 0.00 0.0 0 8.9 18 340 M M 9 18 24 330
14 64 58 61 4 4 0 0.03 0.0 0 8.1 16 330 M M 10 1 19 320
15 61 53 57 -1 8 0 0.19 0.0 0 11.7 22 120 M M 10 13 29 130
16 74 55 65 7 0 0 0.01 0.0 0 6.6 23 140 M M 7 12 33 150
17 80 58 69 11 0 4 0.02 0.0 0 8.9 22 310 M M 6 13 29 290
18 84 61 73 15 0 8 0.00 0.0 0 9.6 24 170 M M 4 33 180
19 82 57 70 11 0 5 0.00 0.0 0 11.8 21 280 M M 1 3 27 250
20 61 41 51 -8 14 0 0.01 M 0 11.9 23 20 M M 2 29 20
21 48 41 45 -14 20 0 0.43 M 0 7.0 17 40 M M 9 138 20 30
22 70 48 59 0 6 0 0.00 0.0 0 4.2 12 190 M M 7 1 16 190
23 79 59 69 9 0 4 0.00 0.0 0 8.3 16 200 M M 4 21 190
24 83 52 68 8 0 3 0.00 0.0 0 8.3 18 300 M M 0 1 24 280
25 93 46 70 10 0 5 0.00 0.0 0 8.4 22 220 M M 0 28 220
26 90 63 77 17 0 12 0.00 0.0 0 9.4 21 180 M M 0 1 28 180
27 85 60 73 12 0 8 0.00 0.0 0 7.1 16 210 M M 0 1 22 190
28 74 41 58 -3 7 0 0.00 0.0 0 13.7 29 300 M M 0 3 36 300
29 74 39 57 -4 8 0 0.00 0.0 0 6.6 15 110 M M 2 23 90
30 81 54 68 6 0 3 0.00 0.0 0 8.4 21 260 M M 6 18 26 260
31 75 43 59 -3 6 0 0.00 0.0 0 7.1 13 50 M M 1 18 40
================================================================================
SM 2311 1603 122 72 3.12 0.0 281.6 M 107
================================================================================
AV 74.6 51.7 9.1 FASTST M M 3 MAX(MPH)
MISC ----> # 29 300 # 36 190
================================================================================
NOTES:
# LAST OF SEVERAL OCCURRENCES
COLUMN 17 PEAK WIND IN M.P.H.
PRELIMINARY LOCAL CLIMATOLOGICAL DATA (WS FORM: F-6) , PAGE 2
STATION: SAN ANGELO
MONTH: MARCH
YEAR: 2020
LATITUDE: 31 21 N
LONGITUDE: 100 30 W
[TEMPERATURE DATA] [PRECIPITATION DATA] SYMBOLS USED IN COLUMN 16
AVERAGE MONTHLY: 63.1 TOTAL FOR MONTH: 3.12 1 = FOG OR MIST
DPTR FM NORMAL: 5.3 DPTR FM NORMAL: 1.62 2 = FOG REDUCING VISIBILITY
HIGHEST: 93 ON 25 GRTST 24HR 2.22 ON 4- 4 TO 1/4 MILE OR LESS
LOWEST: 37 ON 6 3 = THUNDER
SNOW, ICE PELLETS, HAIL 4 = ICE PELLETS
TOTAL MONTH: 0.0 INCH 5 = HAIL
GRTST 24HR 0.0 6 = FREEZING RAIN OR DRIZZLE
GRTST DEPTH: 0 7 = DUSTSTORM OR SANDSTORM:
VSBY 1/2 MILE OR LESS
8 = SMOKE OR HAZE
[NO. OF DAYS WITH] [WEATHER - DAYS WITH] 9 = BLOWING SNOW
X = TORNADO
MAX 32 OR BELOW: 0 0.01 INCH OR MORE: 9
MAX 90 OR ABOVE: 2 0.10 INCH OR MORE: 4
MIN 32 OR BELOW: 0 0.50 INCH OR MORE: 1
MIN 0 OR BELOW: 0 1.00 INCH OR MORE: 1
[HDD (BASE 65) ]
TOTAL THIS MO. 122 CLEAR (SCALE 0-3) 18
DPTR FM NORMAL -135 PTCLDY (SCALE 4-7) 8
TOTAL FM JUL 1 1883 CLOUDY (SCALE 8-10) 5
DPTR FM NORMAL -335
[CDD (BASE 65) ]
TOTAL THIS MO. 72
DPTR FM NORMAL 39 [PRESSURE DATA]
TOTAL FM JAN 1 78 HIGHEST SLP 30.55 ON 6
DPTR FM NORMAL 40 LOWEST SLP 29.61 ON 26
[REMARKS]
#FINAL-03-20#