000
CXUS54 KSJT 011522
CLMSJT
CLIMATE REPORT
NATIONAL WEATHER SERVICE SAN ANGELO TX
922 AM CST FRI DEC 01 2023
...................................
...THE SAN ANGELO CLIMATE SUMMARY FOR THE MONTH OF NOVEMBER 2023...
CLIMATE NORMAL PERIOD: 1991 TO 2020
CLIMATE RECORD PERIOD: 1907 TO 2023
WEATHER OBSERVED NORMAL DEPART LAST YEAR`S
VALUE DATE(S) VALUE FROM VALUE DATE(S)
NORMAL
................................................................
TEMPERATURE (F)
RECORD
HIGH 93 11/08/1980
LOW 12 11/29/1911
HIGHEST 92 11/08 85 11/06
11/07
LOWEST 28 11/01 27 11/18
11/27
AVG. MAXIMUM 68.1 69.2 -1.1 64.5
AVG. MINIMUM 44.2 42.6 1.6 41.8
MEAN 56.2 55.9 0.3 53.2
DAYS MAX >= 90 2 0.3 1.7 0
DAYS MAX <= 32 0 0.0 0.0 0
DAYS MIN <= 32 4 5.6 -1.6 7
DAYS MIN <= 0 0 0.0 0.0 0
PRECIPITATION (INCHES)
RECORD
MAXIMUM 7.02 1913
MINIMUM 0.00 2005
TOTALS 0.75 1.16 -0.41 2.78
DAILY AVG. 0.03 0.04 -0.01 0.09
DAYS >= .01 4 4.0 0.0 4
DAYS >= .10 3 2.1 0.9 3
DAYS >= .50 0 0.8 -0.8 2
DAYS >= 1.00 0 0.3 -0.3 1
GREATEST
24 HR. TOTAL 0.57 11/12 TO 11/13 1.93 11/25 TO 11/26
SNOWFALL (INCHES)
RECORDS
TOTAL 8.8 1968
TOTALS 0.0 MM MM T
SINCE 7/1 T MM MM MM
SNOWDEPTH AVG. 0 0
DAYS >= 1.0 0 MM MM 0
GREATEST
SNOW DEPTH 0 0 MM
DEGREE DAYS
HEATING TOTAL 282 294 -12 381
SINCE 7/1 364 375 -11 MM
COOLING TOTAL 27 21 6 32
SINCE 1/1 3420 2784 636 MM
................................................................
WIND (MPH)
AVERAGE WIND SPEED 7.2
HIGHEST WIND SPEED/DIRECTION 29/360 DATE 11/21
HIGHEST GUST SPEED/DIRECTION 38/350 DATE 11/21
SKY COVER
AVERAGE SKY COVER 0.38
AVERAGE RH (PERCENT) 70
WEATHER CONDITIONS. NUMBER OF DAYS WITH
THUNDERSTORM 0 MIXED PRECIP 0
HEAVY RAIN 0 RAIN 2
LIGHT RAIN 5 FREEZING RAIN 0
LT FREEZING RAIN 0 HAIL 0
HEAVY SNOW 0 SNOW 0
LIGHT SNOW 0 SLEET 0
FOG 11 FOG W/VIS <= 1/4 MILE 4
HAZE 2
- INDICATES NEGATIVE NUMBERS.
R INDICATES RECORD WAS SET OR TIED.
MM INDICATES DATA IS MISSING.
T INDICATES TRACE AMOUNT.
$$