000
CXUS54 KEWX 011010
CF6SKF
PRELIMINARY LOCAL CLIMATOLOGICAL DATA (WS FORM: F-6)
STATION: KELLY FIELD
MONTH: OCTOBER
YEAR: 2023
LATITUDE: 29 22 N
LONGITUDE: 98 35 W
TEMPERATURE IN F: :PCPN: SNOW: WIND :SUNSHINE: SKY :PK WND
================================================================================
1 2 3 4 5 6A 6B 7 8 9 10 11 12 13 14 15 16 17 18
12Z AVG MX 2MIN
DY MAX MIN AVG DEP HDD CDD WTR SNW DPTH SPD SPD DIR MIN PSBL S-S WX SPD DR
================================================================================
1 94 76 85 7 0 20 0.12 M M 9.0 18 120 M M 5 1 23 120
2 91 72 82 4 0 17 0.01 M M 7.4 13 80 M M 7 M M
3 96 70 83 6 0 18 T M M 6.3 14 100 M M 4 M M
4 97 79 88 11 0 23 T M M 8.9 20 150 M M 5 18 160
5 82 71 77 0 0 12 0.66 M M 7.5 22 340 M M 8 1 28 340
6 86 67 77 1 0 12 0.00 M M 6.7 13 20 M M 5 17 40
7 78 66 72 -4 0 7 0.00 M M 8.6 16 30 M M 6 20 30
8 79 53 66 -10 0 1 0.00 M M 4.3 8 180 M M 1 M M
9 82 58 70 -5 0 5 0.00 M M 6.0 14 170 M M 2 21 180
10 77 66 72 -3 0 7 0.01 M M 6.0 15 150 M M 9 1 M M
11 76 65 71 -4 0 6 0.06 M M 6.3 12 130 M M 9 1 M M
12 87 67 77 3 0 12 0.00 M M 9.5 16 140 M M 7 1 18 150
13 91 74 83 9 0 18 T M M 5.8 15 40 M M 8 8 21 40
14 81 58 70 -3 0 5 0.00 M M 9.1 21 40 M M 3 27 40
15 80 57 69 -4 0 4 0.00 M M 11.0 20 20 M M 3 26 20
16 77 47 62 -11 3 0 0.00 M M 7.5 18 350 M M 0 27 350
17 77 45 61 -11 4 0 0.00 M M 3.6 8 180 M M 0 M M
18 83 47 65 -7 0 0 0.00 M M 7.5 14 160 M M 0 8 20 150
19 91 56 74 3 0 9 0.00 M M 4.7 9 310 M M 0 M M
20 94 53 74 3 0 9 0.00 M M 4.2 9 200 M M 1 M M
21 94 55 75 5 0 10 0.00 M M 4.6 12 140 M M 4 M M
22 89 67 78 8 0 13 0.00 M M 7.4 14 120 M M 4 21 130
23 85 74 80 10 0 15 0.00 M M 12.4 21 130 M M 7 28 130
24 84 74 79 10 0 14 0.09 M M 13.0 18 120 M M 8 1 25 130
25 90 75 83 14 0 18 T M M 14.4 22 130 M M 7 32 120
26 84 75 80 12 0 15 0.24 M M 9.9 15 160 M M 7 13 M M
27 89 75 82 14 0 17 0.21 M M 8.5 20 140 M M 7 13 M M
28 89 74 82 15 0 17 0.03 M M 9.1 15 170 M M 6 1 M M
29 88 44 66 -1 0 1 0.06 M M 13.0 22 360 M M 8 31 360
30 49 42 46 -20 19 0 0.42 M M 16.1 24 360 M M 10 1 36 350
31 62 41 52 -14 13 0 0.01 M M 8.7 17 20 M M 6 21 20
================================================================================
SM 2602 1943 39 305 1.92 M 256.9 M 157
================================================================================
AV 83.9 62.7 8.3 FASTST M M 5 MAX(MPH)
MISC ----> 24 360 36 350
================================================================================
NOTES:
# LAST OF SEVERAL OCCURRENCES
COLUMN 17 PEAK WIND IN M.P.H.
PRELIMINARY LOCAL CLIMATOLOGICAL DATA (WS FORM: F-6) , PAGE 2
STATION: KELLY FIELD
MONTH: OCTOBER
YEAR: 2023
LATITUDE: 29 22 N
LONGITUDE: 98 35 W
[TEMPERATURE DATA] [PRECIPITATION DATA] SYMBOLS USED IN COLUMN 16
AVERAGE MONTHLY: 73.3 TOTAL FOR MONTH: 1.92 1 = FOG OR MIST
DPTR FM NORMAL: 1.0 DPTR FM NORMAL: M 2 = FOG REDUCING VISIBILITY
HIGHEST: 97 ON 4 GRTST 24HR 0.66 ON 5- 5 TO 1/4 MILE OR LESS
LOWEST: 41 ON 31 3 = THUNDER
SNOW, ICE PELLETS, HAIL 4 = ICE PELLETS
TOTAL MONTH: M 5 = HAIL
GRTST 24HR M ON M 6 = FREEZING RAIN OR DRIZZLE
GRTST DEPTH: M ON M 7 = DUSTSTORM OR SANDSTORM:
VSBY 1/2 MILE OR LESS
8 = SMOKE OR HAZE
[NO. OF DAYS WITH] [WEATHER - DAYS WITH] 9 = BLOWING SNOW
X = TORNADO
MAX 32 OR BELOW: 0 0.01 INCH OR MORE: 12
MAX 90 OR ABOVE: 9 0.10 INCH OR MORE: 5
MIN 32 OR BELOW: 0 0.50 INCH OR MORE: 1
MIN 0 OR BELOW: 0 1.00 INCH OR MORE: 0
[HDD (BASE 65) ]
TOTAL THIS MO. 39 CLEAR (SCALE 0-3) 8
DPTR FM NORMAL 25 PTCLDY (SCALE 4-7) 18
TOTAL FM JUL 1 39 CLOUDY (SCALE 8-10) 5
DPTR FM NORMAL 26
[CDD (BASE 65) ]
TOTAL THIS MO. 305
DPTR FM NORMAL 65 [PRESSURE DATA]
TOTAL FM JAN 1 3776 HIGHEST SLP M ON M
DPTR FM NORMAL 667 LOWEST SLP M ON M
[REMARKS]
#FINAL-10-23#