000
CXUS56 KSLC 010755
CF6SLC
PRELIMINARY LOCAL CLIMATOLOGICAL DATA (WS FORM: F-6)
STATION: SALT LAKE CITY UT
MONTH: DECEMBER
YEAR: 2022
LATITUDE: 40 46 N
LONGITUDE: 111 58 W
TEMPERATURE IN F: :PCPN: SNOW: WIND :SUNSHINE: SKY :PK WND
================================================================================
1 2 3 4 5 6A 6B 7 8 9 10 11 12 13 14 15 16 17 18
12Z AVG MX 2MIN
DY MAX MIN AVG DEP HDD CDD WTR SNW DPTH SPD SPD DIR MIN PSBL S-S WX SPD DR
================================================================================
1 52 41 47 11 18 0 0.00 0.0 T 21.7 37 160 M M 4 50 160
2 50 21 36 1 29 0 0.21 4.2 3 8.1 33 170 M M 6 1 49 170
3 32 20 26 -9 39 0 0.00 0.0 3 2.4 8 10 M M 3 13 150
4 38 28 33 -1 32 0 0.01 T 2 3.6 21 10 M M 10 1 27 360
5 39 28 34 0 31 0 0.05 0.9 2 4.7 13 140 M M 9 128 16 130
6 37 24 31 -3 34 0 0.00 0.0 1 4.2 10 10 M M 8 128 12 320
7 32 29 31 -3 34 0 0.11 1.4 2 3.4 10 290 M M 10 18 14 320
8 41 28 35 2 30 0 0.01 0.1 2 3.1 9 290 M M 4 18 11 160
9 39 30 35 2 30 0 T T 1 5.0 15 340 M M 6 19 150
10 48 32 40 7 25 0 0.00 0.0 T 14.4 25 140 M M 5 33 140
11 52 34 43 10 22 0 0.42 0.3 0 14.4 33 160 M M 8 1 46 140
12 38 31 35 3 30 0 0.12 2.4 2 7.4 18 200 M M 9 1 25 200
13 33 28 31 -1 34 0 0.31 6.9 3 7.5 17 300 M M 10 12 21 280
14 36 27 32 0 33 0 0.16 2.7 6 4.9 10 340 M M 9 1 14 10
15 32 21 27 -5 38 0 0.11 1.9 7 6.6 14 340 M M 8 1 17 150
16 31 15 23 -9 42 0 0.00 0.0 6 3.6 9 150 M M 2 1 11 130
17 29 14 22 -10 43 0 0.00 0.0 5 5.3 10 160 M M 0 18 13 170
18 29 12 21 -10 44 0 0.00 0.0 4 4.1 9 350 M M 0 18 11 130
19 33 14 24 -7 41 0 0.00 0.0 4 4.4 10 160 M M 1 18 14 160
20 34 21 28 -3 37 0 0.00 0.0 4 3.8 12 120 M M 7 18 13 70
21 44 29 37 6 28 0 0.05 0.6 3 9.4 20 320 M M 10 58 26 310
22 33 17 25 -6 40 0 0.01 0.1 3 8.0 18 340 M M 5 23 340
23 31 21 26 -5 39 0 T T 2 3.2 13 340 M M 10 8 15 340
24 39 29 34 3 31 0 0.01 0.1 2 2.2 8 330 M M 6 18 9 330
25 43 29 36 5 29 0 0.00 0.0 2 3.9 12 150 M M 7 8 16 150
26 48 34 41 10 24 0 0.00 0.0 2 4.9 15 130 M M 3 8 20 130
27 55 32 44 13 21 0 0.16 0.0 T 20.4 36 170 M M 8 8 54 160
28 40 34 37 6 28 0 0.34 1.0 T 5.6 14 350 M M 9 12 17 320
29 40 32 36 5 29 0 T T 0 8.4 18 180 M M 6 24 190
30 43 35 39 8 26 0 0.06 0.0 0 12.0 26 190 M M 10 35 190
31 47 37 42 11 23 0 0.25 0.0 0 9.8 26 10 M M 10 1 39 360
================================================================================
SM 1218 827 984 0 2.39 22.6 220.4 M 203
================================================================================
AV 39.3 26.7 7.1 FASTST M M 7 MAX(MPH)
MISC ----> 37 160 54 160
================================================================================
NOTES:
# LAST OF SEVERAL OCCURRENCES
COLUMN 17 PEAK WIND IN M.P.H.
PRELIMINARY LOCAL CLIMATOLOGICAL DATA (WS FORM: F-6) , PAGE 2
STATION: SALT LAKE CITY UT
MONTH: DECEMBER
YEAR: 2022
LATITUDE: 40 46 N
LONGITUDE: 111 58 W
[TEMPERATURE DATA] [PRECIPITATION DATA] SYMBOLS USED IN COLUMN 16
AVERAGE MONTHLY: 33.0 TOTAL FOR MONTH: 2.39 1 = FOG OR MIST
DPTR FM NORMAL: 0.8 DPTR FM NORMAL: 0.99 2 = FOG REDUCING VISIBILITY
HIGHEST: 55 ON 27 GRTST 24HR 0.47 ON 11-12 TO 1/4 MILE OR LESS
LOWEST: 12 ON 18 3 = THUNDER
SNOW, ICE PELLETS, HAIL 4 = ICE PELLETS
TOTAL MONTH: 22.6 INCHES 5 = HAIL
GRTST 24HR 6.9 ON 13-13 6 = FREEZING RAIN OR DRIZZLE
GRTST DEPTH: 7 ON 15 7 = DUSTSTORM OR SANDSTORM:
VSBY 1/2 MILE OR LESS
8 = SMOKE OR HAZE
[NO. OF DAYS WITH] [WEATHER - DAYS WITH] 9 = BLOWING SNOW
X = TORNADO
MAX 32 OR BELOW: 7 0.01 INCH OR MORE: 17
MAX 90 OR ABOVE: 0 0.10 INCH OR MORE: 10
MIN 32 OR BELOW: 25 0.50 INCH OR MORE: 0
MIN 0 OR BELOW: 0 1.00 INCH OR MORE: 0
[HDD (BASE 65) ]
TOTAL THIS MO. 984 CLEAR (SCALE 0-3) 6
DPTR FM NORMAL -34 PTCLDY (SCALE 4-7) 13
TOTAL FM JUL 1 2033 CLOUDY (SCALE 8-10) 12
DPTR FM NORMAL -80
[CDD (BASE 65) ]
TOTAL THIS MO. 0
DPTR FM NORMAL 0 [PRESSURE DATA]
TOTAL FM JAN 1 1943 HIGHEST SLP M ON M
DPTR FM NORMAL 523 LOWEST SLP 25.55 ON 30
[REMARKS]
#FINAL-12-22#