000
CXUS56 KSGX 011245
CF6SNA
PRELIMINARY LOCAL CLIMATOLOGICAL DATA (WS FORM: F-6)
STATION: JOHN WAYNE AIRPORT CA
MONTH: MARCH
YEAR: 2020
LATITUDE: 33 40 N
LONGITUDE: 117 53 W
TEMPERATURE IN F: :PCPN: SNOW: WIND :SUNSHINE: SKY :PK WND
================================================================================
1 2 3 4 5 6A 6B 7 8 9 10 11 12 13 14 15 16 17 18
12Z AVG MX 2MIN
DY MAX MIN AVG DEP HDD CDD WTR SNW DPTH SPD SPD DIR MIN PSBL S-S WX SPD DR
================================================================================
1 62 53 58 0 7 0 0.04 0.0 0 7.3 16 220 M M 8 23 220
2 72 50 61 3 4 0 T 0.0 0 4.6 13 270 M M 4 19 330
3 81 53 67 9 0 2 0.00 0.0 0 5.4 14 260 M M 1 21 240
4 69 54 62 3 3 0 0.00 0.0 0 5.2 15 210 M M 6 19 200
5 76 59 68 9 0 3 0.00 0.0 0 3.5 12 210 M M 6 8 14 200
6 69 59 64 5 1 0 0.00 0.0 0 5.5 13 200 M M 8 1 17 200
7 68 59 64 5 1 0 0.00 0.0 0 5.5 17 200 M M 8 22 190
8 67 56 62 3 3 0 0.00 0.0 0 4.6 14 200 M M 5 19 200
9 75 53 64 5 1 0 0.13 0.0 0 4.7 17 160 M M 6 22 160
10 71 60 66 7 0 1 0.25 0.0 0 7.1 18 160 M M 8 18 22 160
11 73 63 68 9 0 3 0.01 0.0 0 3.9 14 200 M M 7 8 17 190
12 63 58 61 2 4 0 0.94 0.0 0 2.7 21 10 M M 7 1 27 10
13 63 57 60 1 5 0 0.40 0.0 0 3.5 12 160 M M 9 18 17 160
14 65 59 62 3 3 0 T 0.0 0 4.9 13 190 M M 9 16 200
15 68 58 63 4 2 0 0.07 0.0 0 3.4 13 200 M M 8 1 17 210
16 67 56 62 2 3 0 0.21 0.0 0 8.3 22 180 M M 8 18 29 190
17 63 51 57 -3 8 0 0.06 0.0 0 3.2 13 180 M M 4 17 190
18 63 49 56 -4 9 0 0.00 0.0 0 5.0 13 200 M M 5 19 210
19 64 55 60 0 5 0 0.19 0.0 0 6.0 20 210 M M 5 23 200
20 66 55 61 1 4 0 0.01 0.0 0 5.4 15 200 M M 8 18 190
21 69 55 62 2 3 0 0.00 0.0 0 4.7 14 190 M M 4 23 180
22 71 53 62 2 3 0 0.61 0.0 0 6.4 17 210 M M 5 18 22 200
23 67 57 62 2 3 0 0.23 0.0 0 5.7 15 210 M M 4 22 210
24 66 56 61 1 4 0 0.04 0.0 0 4.9 13 220 M M 6 8 16 240
25 67 57 62 2 3 0 T 0.0 0 5.8 17 220 M M 8 22 220
26 63 53 58 -2 7 0 0.00 0.0 0 6.0 17 230 M M 2 25 240
27 66 50 58 -2 7 0 0.00 0.0 0 4.7 15 220 M M 0 19 210
28 67 50 59 -1 6 0 0.00 0.0 0 4.2 14 200 M M 4 19 200
29 68 51 60 0 5 0 0.00 0.0 0 5.4 14 230 M M 3 20 210
30 72 56 64 4 1 0 0.00 0.0 0 4.8 13 240 M M 2 17 210
31 75 56 66 6 0 1 0.00 0.0 0 3.4 12 200 M M 6 14 200
================================================================================
SM 2116 1711 105 10 3.19 0.0 155.7 M 174
================================================================================
AV 68.3 55.2 5.0 FASTST M M 6 MAX(MPH)
MISC ----> # 22 180 # 29 190
================================================================================
NOTES:
# LAST OF SEVERAL OCCURRENCES
COLUMN 17 PEAK WIND IN M.P.H.
PRELIMINARY LOCAL CLIMATOLOGICAL DATA (WS FORM: F-6) , PAGE 2
STATION: JOHN WAYNE AIRPORT CA
MONTH: MARCH
YEAR: 2020
LATITUDE: 33 40 N
LONGITUDE: 117 53 W
[TEMPERATURE DATA] [PRECIPITATION DATA] SYMBOLS USED IN COLUMN 16
AVERAGE MONTHLY: 61.7 TOTAL FOR MONTH: 3.19 1 = FOG OR MIST
DPTR FM NORMAL: 2.3 DPTR FM NORMAL: 1.29 2 = FOG REDUCING VISIBILITY
HIGHEST: 81 ON 3 GRTST 24HR 0.94 ON 12-12 TO 1/4 MILE OR LESS
LOWEST: 49 ON 18 3 = THUNDER
SNOW, ICE PELLETS, HAIL 4 = ICE PELLETS
TOTAL MONTH: 0.0 INCH 5 = HAIL
GRTST 24HR 0.0 6 = FREEZING RAIN OR DRIZZLE
GRTST DEPTH: 0 7 = DUSTSTORM OR SANDSTORM:
VSBY 1/2 MILE OR LESS
8 = SMOKE OR HAZE
[NO. OF DAYS WITH] [WEATHER - DAYS WITH] 9 = BLOWING SNOW
X = TORNADO
MAX 32 OR BELOW: 0 0.01 INCH OR MORE: 14
MAX 90 OR ABOVE: 0 0.10 INCH OR MORE: 8
MIN 32 OR BELOW: 0 0.50 INCH OR MORE: 2
MIN 0 OR BELOW: 0 1.00 INCH OR MORE: 0
[HDD (BASE 65) ]
TOTAL THIS MO. 105 CLEAR (SCALE 0-3) 5
DPTR FM NORMAL -76 PTCLDY (SCALE 4-7) 21
TOTAL FM JUL 1 616 CLOUDY (SCALE 8-10) 5
DPTR FM NORMAL -471
[CDD (BASE 65) ]
TOTAL THIS MO. 10
DPTR FM NORMAL 3 [PRESSURE DATA]
TOTAL FM JAN 1 43 HIGHEST SLP 30.25 ON 30
DPTR FM NORMAL 28 LOWEST SLP 29.76 ON 18
[REMARKS]
#FINAL-03-20#