000
CXUS54 KMAF 011110
CF6SNK
PRELIMINARY LOCAL CLIMATOLOGICAL DATA (WS FORM: F-6)
STATION: SNYDER WINSTON FIELD
MONTH: APRIL
YEAR: 2021
LATITUDE: 32 41 N
LONGITUDE: 100 57 W
TEMPERATURE IN F: :PCPN: SNOW: WIND :SUNSHINE: SKY :PK WND
================================================================================
1 2 3 4 5 6A 6B 7 8 9 10 11 12 13 14 15 16 17 18
12Z AVG MX 2MIN
DY MAX MIN AVG DEP HDD CDD WTR SNW DPTH SPD SPD DIR MIN PSBL S-S WX SPD DR
================================================================================
1 66 39 53 M 12 0 M M M 6.5 13 160 M M 0 18 180
2 69 46 58 M 7 0 M M M 14.2 21 160 M M 1 8 28 160
3 70 48 59 M 6 0 M M M 11.1 16 150 M M 2 25 150
4 71 55 63 M 2 0 M M M 10.5 15 170 M M 9 1 22 190
5 81 51 66 M 0 1 M M M 13.8 20 170 M M 4 1 26 170
6 92 59 76 M 0 11 M M M 17.9 30 230 M M 0 37 230
7 74 50 62 M 3 0 M M M 10.5 26 360 M M 0 33 360
8 84 49 67 M 0 2 M M M 6.2 10 110 M M 0 10 280
9 89 53 71 M 0 6 M M M 15.9 31 360 M M 0 40 360
10 71 42 57 M 8 0 M M M 7.1 20 30 M M 0 26 20
11 89 46 68 M 0 3 M M M 9.8 18 210 M M 0 28 290
12 68 53 61 M 4 0 M M M 13.1 21 20 M M 1 26 30
13 57 50 54 M 11 0 M M M 13.0 20 30 M M 9 3 26 30
14 50 47 49 M 16 0 0.08 M M 13.3 18 50 M M 10 1 29 50
15 52 47 50 M 15 0 0.15 M M 10.4 15 40 M M 10 13 18 40
16 54 44 49 M 16 0 0.03 M M 12.1 20 10 M M 8 1 31 10
17 51 42 47 M 18 0 M M M 9.8 16 10 M M 6 23 20
18 63 41 52 M 13 0 M M M 3.9 13 360 M M 3 18 360
19 71 41 56 M 9 0 M M M 7.9 13 200 M M 1 21 200
20 53 36 45 M 20 0 M M M 14.4 23 30 M M 2 33 10
21 53 35 44 M 21 0 M M M 9.6 18 120 M M 7 23 120
22 57 42 50 M 15 0 M M M 10.0 15 150 M M 9 18 140
23 84 55 70 M 0 5 M M M 14.8 29 250 M M 4 1 38 260
24 76 48 62 M 3 0 M M M 7.3 14 330 M M 0 23 360
25 92 52 72 M 0 7 M M M 14.0 23 180 M M 0 30 200
26 94 68 81 M 0 16 M M M 14.6 22 240 M M 0 29 240
27 92 62 77 M 0 12 0.12 M M 13.6 23 190 M M 3 35 190
28 76 61 69 M 0 4 0.08 M M 11.0 24 360 M M 9 13 40 80
29 64 55 60 M 5 0 0.08 M M 12.2 18 360 M M 10 1 29 350
30 72 55 64 M 1 0 0.13 M M 10.3 18 50 M M 7 29 60
================================================================================
SM 2135 1472 205 67 0.67 M 338.6 M 115
================================================================================
AV 71.2 49.1 11.3 FASTST M M 4 MAX(MPH)
MISC ----> 31 360 # 40 360
================================================================================
NOTES:
# LAST OF SEVERAL OCCURRENCES
COLUMN 17 PEAK WIND IN M.P.H.
PRELIMINARY LOCAL CLIMATOLOGICAL DATA (WS FORM: F-6) , PAGE 2
STATION: SNYDER WINSTON FIELD
MONTH: APRIL
YEAR: 2021
LATITUDE: 32 41 N
LONGITUDE: 100 57 W
[TEMPERATURE DATA] [PRECIPITATION DATA] SYMBOLS USED IN COLUMN 16
AVERAGE MONTHLY: 60.1 TOTAL FOR MONTH: 0.67 1 = FOG OR MIST
DPTR FM NORMAL: 0.0 DPTR FM NORMAL: M 2 = FOG REDUCING VISIBILITY
HIGHEST: 94 ON 26 GRTST 24HR 0.15 ON 15-15 TO 1/4 MILE OR LESS
LOWEST: 35 ON 21 3 = THUNDER
SNOW, ICE PELLETS, HAIL 4 = ICE PELLETS
TOTAL MONTH: M 5 = HAIL
GRTST 24HR M ON M 6 = FREEZING RAIN OR DRIZZLE
GRTST DEPTH: M ON M 7 = DUSTSTORM OR SANDSTORM:
VSBY 1/2 MILE OR LESS
8 = SMOKE OR HAZE
[NO. OF DAYS WITH] [WEATHER - DAYS WITH] 9 = BLOWING SNOW
X = TORNADO
MAX 32 OR BELOW: 0 0.01 INCH OR MORE: 7
MAX 90 OR ABOVE: 4 0.10 INCH OR MORE: 3
MIN 32 OR BELOW: 0 0.50 INCH OR MORE: 0
MIN 0 OR BELOW: 0 1.00 INCH OR MORE: 0
[HDD (BASE 65) ]
TOTAL THIS MO. 205 CLEAR (SCALE 0-3) 17
DPTR FM NORMAL M PTCLDY (SCALE 4-7) 5
TOTAL FM JUL 1 2953 CLOUDY (SCALE 8-10) 8
DPTR FM NORMAL M
[CDD (BASE 65) ]
TOTAL THIS MO. 67
DPTR FM NORMAL M [PRESSURE DATA]
TOTAL FM JAN 1 82 HIGHEST SLP M ON M
DPTR FM NORMAL M LOWEST SLP M ON M
[REMARKS]
#FINAL-04-21#