000
CXAK56 PAFC 011029
CF6SNP
PRELIMINARY LOCAL CLIMATOLOGICAL DATA (WS FORM: F-6)
STATION: SAINT PAUL ISLAND
MONTH: MARCH
YEAR: 2021
LATITUDE: 57 9 N
LONGITUDE: 170 13 W
TEMPERATURE IN F: :PCPN: SNOW: WIND :SUNSHINE: SKY :PK WND
================================================================================
1 2 3 4 5 6A 6B 7 8 9 10 11 12 13 14 15 16 17 18
12Z AVG MX 2MIN
DY MAX MIN AVG DEP HDD CDD WTR SNW DPTH SPD SPD DIR MIN PSBL S-S WX SPD DR
================================================================================
1 37 30 34 9 31 0 0.01 M M 30.9 48 240 M M 9 128 60 240
2 33 16 25 0 40 0 0.01 M M 33.2 41 340 M M 10 1289 54 340
3 33 18 26 1 39 0 T M M 17.9 33 160 M M 9 48 160
4 38 24 31 6 34 0 0.40 M M 32.7 44 160 M M 8 1 58 260
5 36 23 30 5 35 0 0.14 M M 24.2 50 260 M M 8 129 64 270
6 38 34 36 11 29 0 0.03 M M 23.4 33 250 M M 10 18 43 250
7 39 35 37 12 28 0 0.16 M M 29.4 37 160 M M 9 18 48 170
8 35 29 32 7 33 0 0.08 M M 20.1 24 210 M M 6 18 48 M
9 36 22 29 4 36 0 0.02 M M 14.6 28 210 M M 4 1 39 260
10 28 21 25 0 40 0 0.03 M M 15.9 32 40 M M 8 18 43 40
11 36 17 27 2 38 0 0.12 M M 14.2 28 260 M M 5 1 38 260
12 37 33 35 10 30 0 0.00 M M 24.4 33 160 M M 10 8 47 160
13 37 30 34 9 31 0 0.15 M M 25.1 36 150 M M 7 1 50 160
14 36 27 32 7 33 0 0.06 M M 15.5 21 240 M M 5 18 36 250
15 33 25 29 4 36 0 0.06 M M 14.4 25 340 M M 6 1 37 330
16 33 26 30 5 35 0 0.01 M M 12.1 20 350 M M 9 8 25 340
17 34 31 33 8 32 0 0.00 M M 8.5 18 60 M M 10 24 60
18 34 27 31 6 34 0 M M M 26.0 35 110 M M 9 1 48 110
19 40 34 37 12 28 0 0.13 M M 16.2 33 130 M M 8 18 45 130
20 39 31 35 10 30 0 T M M 9.0 15 240 M M 8 1 M M
21 31 23 27 2 38 0 T M M 15.9 22 10 M M 10 1 31 10
22 25 19 22 -3 43 0 T M M 14.3 26 360 M M 9 1 33 360
23 38 13 26 1 39 0 0.18 M M 25.1 38 210 M M 9 1 53 210
24 37 31 34 9 31 0 0.40 M M 7.8 17 240 M M 9 1 M M
25 40 26 33 8 32 0 0.02 M M 9.8 29 270 M M 10 18 37 270
26 36 29 33 8 32 0 0.02 M M 23.9 36 270 M M 6 12 51 280
27 38 26 32 7 33 0 T M M 19.5 33 160 M M 9 18 51 190
28 40 35 38 12 27 0 0.17 M M 33.5 40 210 M M 9 18 53 210
29 37 29 33 7 32 0 0.03 M M 25.2 33 230 M M 9 1 50 230
30 31 25 28 2 37 0 T M M 21.7 30 320 M M 10 43 320
31 38 29 34 8 31 0 0.25 M M 11.7 21 180 M M 10 1 25 180
================================================================================
SM 1103 818 1047 0 2.48 M 616.0 M 258
================================================================================
AV 35.6 26.4 19.9 FASTST M M 8 MAX(MPH)
MISC ----> 50 260 64 270
================================================================================
NOTES:
# LAST OF SEVERAL OCCURRENCES
COLUMN 17 PEAK WIND IN M.P.H.
PRELIMINARY LOCAL CLIMATOLOGICAL DATA (WS FORM: F-6) , PAGE 2
STATION: SAINT PAUL ISLAND
MONTH: MARCH
YEAR: 2021
LATITUDE: 57 9 N
LONGITUDE: 170 13 W
[TEMPERATURE DATA] [PRECIPITATION DATA] SYMBOLS USED IN COLUMN 16
AVERAGE MONTHLY: 31.0 TOTAL FOR MONTH: 2.48 1 = FOG OR MIST
DPTR FM NORMAL: 6.2 DPTR FM NORMAL: 1.41 2 = FOG REDUCING VISIBILITY
HIGHEST: 40 ON 28,25 GRTST 24HR 0.40 ON 4- 4 TO 1/4 MILE OR LESS
LOWEST: 13 ON 23 3 = THUNDER
SNOW, ICE PELLETS, HAIL 4 = ICE PELLETS
TOTAL MONTH: M 5 = HAIL
GRTST 24HR M ON M 6 = FREEZING RAIN OR DRIZZLE
GRTST DEPTH: M ON M 7 = DUSTSTORM OR SANDSTORM:
VSBY 1/2 MILE OR LESS
8 = SMOKE OR HAZE
[NO. OF DAYS WITH] [WEATHER - DAYS WITH] 9 = BLOWING SNOW
X = TORNADO
MAX 32 OR BELOW: 4 0.01 INCH OR MORE: 22
MAX 90 OR ABOVE: 0 0.10 INCH OR MORE: 10
MIN 32 OR BELOW: 26 0.50 INCH OR MORE: 0
MIN 0 OR BELOW: 0 1.00 INCH OR MORE: 0
[HDD (BASE 65) ]
TOTAL THIS MO. 1047 CLEAR (SCALE 0-3) 0
DPTR FM NORMAL -198 PTCLDY (SCALE 4-7) 11
TOTAL FM JUL 1 6621 CLOUDY (SCALE 8-10) 20
DPTR FM NORMAL -1533
[CDD (BASE 65) ]
TOTAL THIS MO. 0
DPTR FM NORMAL 0 [PRESSURE DATA]
TOTAL FM JAN 1 0 HIGHEST SLP M ON M
DPTR FM NORMAL 0 LOWEST SLP M ON M
[REMARKS]
#FINAL-03-21#