000
CXAK56 PAFC 061023
CF6SNP
PRELIMINARY LOCAL CLIMATOLOGICAL DATA (WS FORM: F-6)
STATION: SAINT PAUL ISLAND
MONTH: JANUARY
YEAR: 2024
LATITUDE: 57 9 N
LONGITUDE: 170 13 W
TEMPERATURE IN F: :PCPN: SNOW: WIND :SUNSHINE: SKY :PK WND
================================================================================
1 2 3 4 5 6A 6B 7 8 9 10 11 12 13 14 15 16 17 18
12Z AVG MX 2MIN
DY MAX MIN AVG DEP HDD CDD WTR SNW DPTH SPD SPD DIR MIN PSBL S-S WX SPD DR
================================================================================
1 35 24 30 4 35 0 0.00 M M 14.3 18 140 M M 2 M M
2 36 28 32 6 33 0 0.07 M M 28.7 43 60 M M 9 1 55 60
3 36 34 35 9 30 0 0.06 M M 26.5 35 30 M M 10 1 44 30
4 35 30 33 7 32 0 0.09 M M 22.3 36 30 M M 10 1 48 30
5 35 22 29 3 36 0 0.06 M M 12.7 31 80 M M 9 18 41 70
6 40 33 37 11 28 0 0.24 M M 19.4 40 70 M M 10 1 55 70
7 37 30 34 8 31 0 0.04 M M 31.3 44 260 M M 9 18 61 250
8 32 20 26 0 39 0 0.07 M M 16.3 38 250 M M 5 128 51 250
9 35 17 26 0 39 0 0.03 M M 21.4 33 90 M M 6 1 48 80
10 39 35 37 12 28 0 0.02 M M 19.4 29 80 M M 9 1 37 80
11 36 33 35 10 30 0 T M M 13.7 24 220 M M 7 1 33 220
12 37 33 35 10 30 0 0.11 M M 11.8 24 110 M M 8 1 35 100
13 35 27 31 6 34 0 0.10 M M 31.6 46 310 M M 8 18 63 310
14 39 28 34 9 31 0 0.01 M M 20.7 32 190 M M 9 1 45 190
15 39 33 36 11 29 0 0.01 M M 22.9 35 190 M M 9 18 46 190
16 37 27 32 7 33 0 0.00 M M 16.7 28 80 M M 5 1 36 80
17 38 31 35 10 30 0 0.00 M M 18.1 22 80 M M 1 18 33 70
18 37 27 32 7 33 0 0.00 M M 12.0 20 360 M M 0 1 M M
19 37 32 35 10 30 0 0.00 M M 20.0 24 10 M M 0 39 30
20 34 28 31 6 34 0 T M M 30.4 38 30 M M 0 62 30
21 28 22 25 0 40 0 T M M 36.9 46 30 M M 3 8 60 30
22 28 24 26 1 39 0 0.00 M M 27.8 38 30 M M 0 52 40
23 28 25 27 2 38 0 T M M 16.1 24 30 M M 9 32 30
24 26 23 25 0 40 0 0.00 M M 9.1 14 30 M M 10 8 19 10
25 28 19 24 -1 41 0 T M M 16.9 29 40 M M 6 39 30
26 20 13 17 -8 48 0 T M M 25.8 32 40 M M 10 9 42 40
27 19 11 15 -10 50 0 0.01 M M 14.3 24 150 M M 9 8 31 50
28 25 6 16 -9 49 0 0.05 M M 16.3 46 70 M M 10 1289 68 60
29 21 2 12 -13 53 0 0.05 M M 9.6 24 110 M M 8 18 32 100
30 30 18 24 -1 41 0 0.15 M M 20.0 38 130 M M 7 128 53 110
31 31 23 27 2 38 0 0.29 M M 19.9 33 80 M M 10 12 42 50
================================================================================
SM 1013 758 1122 0 1.46 M 622.8 M 208
================================================================================
AV 32.7 24.5 20.1 FASTST M M 7 MAX(MPH)
MISC ----> # 46 310 68 60
================================================================================
NOTES:
# LAST OF SEVERAL OCCURRENCES
COLUMN 17 PEAK WIND IN M.P.H.
PRELIMINARY LOCAL CLIMATOLOGICAL DATA (WS FORM: F-6) , PAGE 2
STATION: SAINT PAUL ISLAND
MONTH: JANUARY
YEAR: 2024
LATITUDE: 57 9 N
LONGITUDE: 170 13 W
[TEMPERATURE DATA] [PRECIPITATION DATA] SYMBOLS USED IN COLUMN 16
AVERAGE MONTHLY: 28.6 TOTAL FOR MONTH: 1.46 1 = FOG OR MIST
DPTR FM NORMAL: 3.3 DPTR FM NORMAL: -0.15 2 = FOG REDUCING VISIBILITY
HIGHEST: 40 ON 6 GRTST 24HR 1.20 ON 11-11 TO 1/4 MILE OR LESS
LOWEST: 2 ON 29 3 = THUNDER
SNOW, ICE PELLETS, HAIL 4 = ICE PELLETS
TOTAL MONTH: M 5 = HAIL
GRTST 24HR M ON M 6 = FREEZING RAIN OR DRIZZLE
GRTST DEPTH: M ON M 7 = DUSTSTORM OR SANDSTORM:
VSBY 1/2 MILE OR LESS
8 = SMOKE OR HAZE
[NO. OF DAYS WITH] [WEATHER - DAYS WITH] 9 = BLOWING SNOW
X = TORNADO
MAX 32 OR BELOW: 12 0.01 INCH OR MORE: 18
MAX 90 OR ABOVE: 0 0.10 INCH OR MORE: 5
MIN 32 OR BELOW: 25 0.50 INCH OR MORE: 0
MIN 0 OR BELOW: 0 1.00 INCH OR MORE: 0
[HDD (BASE 65) ]
TOTAL THIS MO. 1122 CLEAR (SCALE 0-3) 6
DPTR FM NORMAL -109 PTCLDY (SCALE 4-7) 10
TOTAL FM JUL 1 5414 CLOUDY (SCALE 8-10) 15
DPTR FM NORMAL -241
[CDD (BASE 65) ]
TOTAL THIS MO. 0
DPTR FM NORMAL 0 [PRESSURE DATA]
TOTAL FM JAN 1 0 HIGHEST SLP 30.56 ON 18
DPTR FM NORMAL 0 LOWEST SLP 27.98 ON 6
[REMARKS]
#FINAL-01-24#