000
CXUS56 KMTR 011000
CF6SNS
PRELIMINARY LOCAL CLIMATOLOGICAL DATA (WS FORM: F-6)
STATION: SALINAS AIRPORT
MONTH: DECEMBER
YEAR: 2022
LATITUDE: 36 40 N
LONGITUDE: 121 36 W
TEMPERATURE IN F: :PCPN: SNOW: WIND :SUNSHINE: SKY :PK WND
================================================================================
1 2 3 4 5 6A 6B 7 8 9 10 11 12 13 14 15 16 17 18
12Z AVG MX 2MIN
DY MAX MIN AVG DEP HDD CDD WTR SNW DPTH SPD SPD DIR MIN PSBL S-S WX SPD DR
================================================================================
1 55 41 48 -4 17 0 0.31 M M 12.5 30 150 M M 7 1 39 140
2 56 35 46 -6 19 0 0.00 M M 7.0 16 130 M M 1 1 21 130
3 59 49 54 2 11 0 0.45 M M 8.0 20 150 M M 9 1 26 150
4 61 48 55 3 10 0 T M M 3.9 10 140 M M 6 1 14 150
5 60 43 52 0 13 0 0.10 M M 5.3 18 140 M M 2 1 24 140
6 56 43 50 -2 15 0 0.06 M M 8.2 18 120 M M 5 1 22 120
7 58 38 48 -4 17 0 0.00 M M 4.7 14 130 M M 1 16 140
8 56 39 48 -3 17 0 T M M 9.3 17 140 M M 2 1 24 130
9 60 47 54 3 11 0 T M M 7.9 18 120 M M 9 22 120
10 66 49 58 7 7 0 0.85 M M 13.5 29 150 M M 8 1 38 150
11 55 46 51 0 14 0 0.46 M M 10.1 24 130 M M 8 1 34 290
12 54 42 48 -3 17 0 0.08 M M 5.9 20 140 M M 8 1 26 190
13 57 35 46 -5 19 0 0.00 M M 4.7 13 150 M M 0 16 150
14 57 36 47 -4 18 0 0.00 M M 4.4 10 130 M M 0 M M
15 56 37 47 -4 18 0 0.00 M M 4.8 15 120 M M 0 M M
16 62 38 50 -1 15 0 0.00 M M 6.7 17 120 M M 0 21 120
17 59 39 49 -2 16 0 0.00 M M 9.4 21 130 M M 0 26 130
18 60 35 48 -3 17 0 0.00 M M 6.5 16 140 M M 0 1 21 140
19 57 38 48 -3 17 0 0.00 M M 7.1 20 130 M M 0 1 26 130
20 62 41 52 1 13 0 0.00 M M 3.8 12 300 M M 2 1 15 300
21 65 38 52 1 13 0 0.00 M M 5.4 16 290 M M 0 1 21 280
22 65 43 54 3 11 0 T M M 5.3 18 130 M M 1 23 140
23 65 44 55 4 10 0 0.00 M M 4.5 15 130 M M 4 128 18 140
24 68 45 57 6 8 0 0.00 M M 5.0 14 130 M M 4 12 18 130
25 71 46 59 8 6 0 0.00 M M 6.5 20 120 M M 0 25 130
26 64 47 56 5 9 0 T M M 7.5 20 140 M M 3 23 140
27 59 50 55 4 10 0 1.81 M M 9.3 24 140 M M 8 1 30 130
28 60 44 52 1 13 0 T M M 4.7 18 150 M M 5 12 24 140
29 55 50 53 2 12 0 0.05 M M 15.8 32 130 M M 10 40 130
30 63 54 59 8 6 0 0.21 M M 9.5 16 120 M M 10 20 140
31 61 57 59 8 6 0 0.43 M M 9.4 24 150 M M 10 32 150
================================================================================
SM 1862 1337 405 0 4.81 M 226.6 M 123
================================================================================
AV 60.1 43.1 7.3 FASTST M M 4 MAX(MPH)
MISC ----> 32 130 40 130
================================================================================
NOTES:
# LAST OF SEVERAL OCCURRENCES
COLUMN 17 PEAK WIND IN M.P.H.
PRELIMINARY LOCAL CLIMATOLOGICAL DATA (WS FORM: F-6) , PAGE 2
STATION: SALINAS AIRPORT
MONTH: DECEMBER
YEAR: 2022
LATITUDE: 36 40 N
LONGITUDE: 121 36 W
[TEMPERATURE DATA] [PRECIPITATION DATA] SYMBOLS USED IN COLUMN 16
AVERAGE MONTHLY: 51.6 TOTAL FOR MONTH: 4.81 1 = FOG OR MIST
DPTR FM NORMAL: 0.5 DPTR FM NORMAL: 2.69 2 = FOG REDUCING VISIBILITY
HIGHEST: 71 ON 25 GRTST 24HR 1.81 ON 26-27 TO 1/4 MILE OR LESS
LOWEST: 35 ON 18,13 3 = THUNDER
SNOW, ICE PELLETS, HAIL 4 = ICE PELLETS
TOTAL MONTH: M 5 = HAIL
GRTST 24HR M ON M 6 = FREEZING RAIN OR DRIZZLE
GRTST DEPTH: M ON M 7 = DUSTSTORM OR SANDSTORM:
VSBY 1/2 MILE OR LESS
8 = SMOKE OR HAZE
[NO. OF DAYS WITH] [WEATHER - DAYS WITH] 9 = BLOWING SNOW
X = TORNADO
MAX 32 OR BELOW: 0 0.01 INCH OR MORE: 11
MAX 90 OR ABOVE: 0 0.10 INCH OR MORE: 8
MIN 32 OR BELOW: 0 0.50 INCH OR MORE: 2
MIN 0 OR BELOW: 0 1.00 INCH OR MORE: 1
[HDD (BASE 65) ]
TOTAL THIS MO. 405 CLEAR (SCALE 0-3) 16
DPTR FM NORMAL -26 PTCLDY (SCALE 4-7) 9
TOTAL FM JUL 1 880 CLOUDY (SCALE 8-10) 6
DPTR FM NORMAL -150
[CDD (BASE 65) ]
TOTAL THIS MO. 0
DPTR FM NORMAL 0 [PRESSURE DATA]
TOTAL FM JAN 1 397 HIGHEST SLP M ON M
DPTR FM NORMAL 264 LOWEST SLP 29.72 ON 10
[REMARKS]
#FINAL-12-22#