000
CXUS56 KMTR 010900
CF6SNS
PRELIMINARY LOCAL CLIMATOLOGICAL DATA (WS FORM: F-6)
STATION: SALINAS AIRPORT
MONTH: SEPTEMBER
YEAR: 2021
LATITUDE: 36 40 N
LONGITUDE: 121 36 W
TEMPERATURE IN F: :PCPN: SNOW: WIND :SUNSHINE: SKY :PK WND
================================================================================
1 2 3 4 5 6A 6B 7 8 9 10 11 12 13 14 15 16 17 18
12Z AVG MX 2MIN
DY MAX MIN AVG DEP HDD CDD WTR SNW DPTH SPD SPD DIR MIN PSBL S-S WX SPD DR
================================================================================
1 70 58 64 0 1 0 0.00 M M 8.1 16 330 M M 7 23 320
2 69 59 64 0 1 0 0.00 M M 7.2 17 300 M M 7 25 340
3 73 58 66 2 0 1 0.00 M M 6.3 17 310 M M 5 23 290
4 73 55 64 -1 1 0 0.00 M M 7.4 16 310 M M 5 18 20 300
5 80 56 68 3 0 3 0.00 M M 6.8 18 320 M M 4 18 22 310
6 82 56 69 4 0 4 0.00 M M 5.8 17 320 M M 4 128 25 310
7 73 58 66 2 0 1 0.00 M M 9.0 18 320 M M 4 12 23 330
8 79 58 69 5 0 4 0.00 M M 8.1 18 320 M M 5 18 23 310
9 73 59 66 2 0 1 T M M 7.8 20 310 M M 5 1 23 320
10 71 60 66 2 0 1 0.00 M M 8.1 16 310 M M 6 22 320
11 73 57 65 1 0 0 0.00 M M 7.8 17 320 M M 6 1 22 290
12 75 56 66 2 0 1 0.00 M M 6.6 17 300 M M 6 1 20 330
13 70 56 63 -1 2 0 0.00 M M 6.2 17 310 M M 6 1 21 310
14 68 55 62 -2 3 0 0.00 M M 7.8 18 340 M M 7 1 23 310
15 70 57 64 0 1 0 0.00 M M 7.2 17 330 M M 8 18 24 340
16 68 56 62 -2 3 0 0.00 M M 7.1 18 320 M M 8 24 310
17 68 58 63 -1 2 0 0.00 M M 7.0 17 320 M M 8 21 320
18 72 60 66 2 0 1 0.00 M M 6.4 16 310 M M 7 21 310
19 78 58 68 4 0 3 0.00 M M 7.5 20 280 M M 3 27 310
20 89 52 71 7 0 6 0.00 M M 4.9 16 300 M M 0 30 320
21 87 58 73 9 0 8 0.00 M M 9.3 20 350 M M 1 1 27 340
22 73 56 65 1 0 0 0.00 M M 7.8 17 320 M M 5 18 23 330
23 77 56 67 3 0 2 0.00 M M 5.9 17 310 M M 7 18 21 310
24 69 56 63 -1 2 0 0.00 M M 7.1 17 320 M M 8 18 21 320
25 73 59 66 2 0 1 T M M 7.0 16 310 M M 7 1 19 330
26 69 60 65 1 0 0 0.00 M M 6.9 16 290 M M 7 19 290
27 74 58 66 2 0 1 0.00 M M 7.1 18 320 M M 7 1 34 320
28 73 57 65 1 0 0 0.00 M M 9.0 18 270 M M 1 24 250
29 74 51 63 -1 2 0 0.00 M M 5.5 17 290 M M 0 23 320
30 87 49 68 5 0 3 0.00 M M 7.8 17 320 M M 0 20 290
================================================================================
SM 2230 1702 18 41 T M 216.5 M 154
================================================================================
AV 74.3 56.7 7.2 FASTST M M 5 MAX(MPH)
MISC ----> # 20 310 34 320
================================================================================
NOTES:
# LAST OF SEVERAL OCCURRENCES
COLUMN 17 PEAK WIND IN M.P.H.
PRELIMINARY LOCAL CLIMATOLOGICAL DATA (WS FORM: F-6) , PAGE 2
STATION: SALINAS AIRPORT
MONTH: SEPTEMBER
YEAR: 2021
LATITUDE: 36 40 N
LONGITUDE: 121 36 W
[TEMPERATURE DATA] [PRECIPITATION DATA] SYMBOLS USED IN COLUMN 16
AVERAGE MONTHLY: 65.5 TOTAL FOR MONTH: T 1 = FOG OR MIST
DPTR FM NORMAL: 1.3 DPTR FM NORMAL: -0.05 2 = FOG REDUCING VISIBILITY
HIGHEST: 89 ON 20 GRTST 24HR T ON 1- 1 TO 1/4 MILE OR LESS
LOWEST: 49 ON 30 3 = THUNDER
SNOW, ICE PELLETS, HAIL 4 = ICE PELLETS
TOTAL MONTH: M 5 = HAIL
GRTST 24HR M ON M 6 = FREEZING RAIN OR DRIZZLE
GRTST DEPTH: M ON M 7 = DUSTSTORM OR SANDSTORM:
VSBY 1/2 MILE OR LESS
8 = SMOKE OR HAZE
[NO. OF DAYS WITH] [WEATHER - DAYS WITH] 9 = BLOWING SNOW
X = TORNADO
MAX 32 OR BELOW: 0 0.01 INCH OR MORE: 0
MAX 90 OR ABOVE: 0 0.10 INCH OR MORE: 0
MIN 32 OR BELOW: 0 0.50 INCH OR MORE: 0
MIN 0 OR BELOW: 0 1.00 INCH OR MORE: 0
[HDD (BASE 65) ]
TOTAL THIS MO. 18 CLEAR (SCALE 0-3) 5
DPTR FM NORMAL -43 PTCLDY (SCALE 4-7) 24
TOTAL FM JUL 1 59 CLOUDY (SCALE 8-10) 1
DPTR FM NORMAL -142
[CDD (BASE 65) ]
TOTAL THIS MO. 41
DPTR FM NORMAL 4 [PRESSURE DATA]
TOTAL FM JAN 1 98 HIGHEST SLP M ON M
DPTR FM NORMAL -3 LOWEST SLP 29.81 ON 1
[REMARKS]
#FINAL-09-21#