000
CXUS56 KMTR 010900
CF6SNS
PRELIMINARY LOCAL CLIMATOLOGICAL DATA (WS FORM: F-6)
STATION: SALINAS AIRPORT
MONTH: JULY
YEAR: 2021
LATITUDE: 36 40 N
LONGITUDE: 121 36 W
TEMPERATURE IN F: :PCPN: SNOW: WIND :SUNSHINE: SKY :PK WND
================================================================================
1 2 3 4 5 6A 6B 7 8 9 10 11 12 13 14 15 16 17 18
12Z AVG MX 2MIN
DY MAX MIN AVG DEP HDD CDD WTR SNW DPTH SPD SPD DIR MIN PSBL S-S WX SPD DR
================================================================================
1 71 58 65 3 0 0 T M M 9.3 17 310 M M 9 1 22 290
2 70 57 64 2 1 0 T M M 9.8 18 330 M M 8 1 22 300
3 72 57 65 3 0 0 0.02 M M 8.8 18 320 M M 7 1 24 320
4 70 57 64 2 1 0 T M M 7.9 18 320 M M 8 1 24 300
5 72 57 65 3 0 0 0.02 M M 8.8 20 310 M M 7 1 24 330
6 70 56 63 0 2 0 T M M 9.9 20 310 M M 7 1 23 330
7 69 57 63 0 2 0 0.00 M M 11.6 21 300 M M 6 25 280
8 72 55 64 1 1 0 0.00 M M 7.0 17 310 M M 4 1 22 330
9 77 57 67 4 0 2 0.00 M M 8.3 18 320 M M 2 22 320
10 73 57 65 2 0 0 0.00 M M 8.2 16 320 M M 3 M M
11 68 56 62 -1 3 0 0.00 M M 10.7 21 320 M M 10 24 330
12 68 55 62 -1 3 0 0.00 M M 11.0 20 320 M M 7 1 25 320
13 66 55 61 -2 4 0 T M M 9.3 18 310 M M 9 1 23 320
14 67 56 62 -1 3 0 0.00 M M 8.1 17 320 M M 6 1 22 320
15 M M M M M M 0.00 M M M M M M M 0 M M
16 M M M M M M 0.00 M M M M M M M 0 M M
17 M M M M M M 0.00 M M M M M M M 0 M M
18 M M M M M M 0.00 M M M M M M M 0 M M
19 M M M M M M 0.00 M M M M M M M 0 M M
20 M M M M M M 0.00 M M M M M M M 0 M M
21 68 57 63 0 2 0 0.00 M M 11.8 18 310 M M 2 23 310
22 67 55 61 -2 4 0 0.00 M M 9.7 18 310 M M 7 23 330
23 69 55 62 -1 3 0 0.00 M M 7.4 18 330 M M 7 23 330
24 68 56 62 -1 3 0 0.00 M M 8.2 20 330 M M 7 18 23 310
25 71 56 64 1 1 0 0.00 M M 8.3 20 320 M M 7 1 23 310
26 69 57 63 0 2 0 0.00 M M 6.3 16 330 M M 4 21 320
27 75 59 67 4 0 2 0.00 M M 8.8 20 340 M M 1 24 330
28 75 57 66 3 0 1 0.00 M M M M M M M 4 1 M M
29 73 58 66 3 0 1 0.00 M M 8.2 20 300 M M 6 1 22 310
30 71 58 65 2 0 0 0.00 M M 8.3 21 340 M M 7 1 24 340
31 71 59 65 2 0 0 T M M 7.9 17 320 M M 7 1 23 320
================================================================================
SM 1762 1417 35 6 0.04 M 213.6 M 152
================================================================================
AV 70.5 56.7 8.9 FASTST M M 5 MAX(MPH)
MISC ----> # 21 300 # 25 280
================================================================================
NOTES:
# LAST OF SEVERAL OCCURRENCES
COLUMN 17 PEAK WIND IN M.P.H.
PRELIMINARY LOCAL CLIMATOLOGICAL DATA (WS FORM: F-6) , PAGE 2
STATION: SALINAS AIRPORT
MONTH: JULY
YEAR: 2021
LATITUDE: 36 40 N
LONGITUDE: 121 36 W
[TEMPERATURE DATA] [PRECIPITATION DATA] SYMBOLS USED IN COLUMN 16
AVERAGE MONTHLY: 63.6 TOTAL FOR MONTH: 0.04 1 = FOG OR MIST
DPTR FM NORMAL: 0.7 DPTR FM NORMAL: 0.03 2 = FOG REDUCING VISIBILITY
HIGHEST: 77 ON 9 GRTST 24HR 0.02 ON 2- 3 TO 1/4 MILE OR LESS
LOWEST: 55 ON 23,22 3 = THUNDER
SNOW, ICE PELLETS, HAIL 4 = ICE PELLETS
TOTAL MONTH: M 5 = HAIL
GRTST 24HR M ON M 6 = FREEZING RAIN OR DRIZZLE
GRTST DEPTH: M ON M 7 = DUSTSTORM OR SANDSTORM:
VSBY 1/2 MILE OR LESS
8 = SMOKE OR HAZE
[NO. OF DAYS WITH] [WEATHER - DAYS WITH] 9 = BLOWING SNOW
X = TORNADO
MAX 32 OR BELOW: 0 0.01 INCH OR MORE: 2
MAX 90 OR ABOVE: 0 0.10 INCH OR MORE: 0
MIN 32 OR BELOW: 0 0.50 INCH OR MORE: 0
MIN 0 OR BELOW: 0 1.00 INCH OR MORE: 0
[HDD (BASE 65) ]
TOTAL THIS MO. 35 CLEAR (SCALE 0-3) 9
DPTR FM NORMAL -45 PTCLDY (SCALE 4-7) 19
TOTAL FM JUL 1 35 CLOUDY (SCALE 8-10) 3
DPTR FM NORMAL -45
[CDD (BASE 65) ]
TOTAL THIS MO. 6
DPTR FM NORMAL -7 [PRESSURE DATA]
TOTAL FM JAN 1 32 HIGHEST SLP M ON M
DPTR FM NORMAL -7 LOWEST SLP 29.85 ON 8
[REMARKS]
#FINAL-07-21#