699
CXUS56 KPQR 011200
CF6SPB
PRELIMINARY LOCAL CLIMATOLOGICAL DATA (WS FORM: F-6)
STATION: SCAPPOOSE OR
MONTH: JULY
YEAR: 2020
LATITUDE: 45 46 N
LONGITUDE: 122 50 W
TEMPERATURE IN F: :PCPN: SNOW: WIND :SUNSHINE: SKY :PK WND
================================================================================
1 2 3 4 5 6A 6B 7 8 9 10 11 12 13 14 15 16 17 18
12Z AVG MX 2MIN
DY MAX MIN AVG DEP HDD CDD WTR SNW DPTH SPD SPD DIR MIN PSBL S-S WX SPD DR
================================================================================
1 67 54 61 -3 4 0 T M M 5.1 14 260 M M 10 20 260
2 69 52 61 -3 4 0 T M M 3.4 10 340 M M 8 1 13 330
3 69 51 60 -4 5 0 0.00 M M 3.8 13 360 M M 7 17 360
4 73 55 64 0 1 0 0.00 M M 4.8 13 350 M M 7 15 360
5 74 53 64 -1 1 0 0.00 M M 4.1 10 310 M M 6 15 320
6 66 52 59 -6 6 0 0.00 M M 3.7 10 360 M M 9 13 330
7 69 54 62 -3 3 0 0.32 M M 3.7 10 310 M M 9 1 15 310
8 73 54 64 -1 1 0 0.00 M M 3.5 13 10 M M 6 17 10
9 74 51 63 -3 2 0 T M M 3.4 13 340 M M 8 16 340
10 78 56 67 1 0 2 0.00 M M 5.8 15 360 M M 4 17 360
11 74 50 62 -4 3 0 0.00 M M 4.5 15 330 M M 4 21 20
12 76 57 67 1 0 2 T M M 4.6 16 360 M M 7 22 360
13 79 52 66 0 0 1 0.00 M M 8.2 16 20 M M 0 20 10
14 84 52 68 2 0 3 0.00 M M 8.3 18 360 M M 0 23 360
15 86 53 70 3 0 5 0.00 M M 7.3 16 360 M M 0 23 350
16 83 56 70 3 0 5 0.00 M M 6.6 16 320 M M 1 24 20
17 73 58 66 -1 0 1 0.00 M M 7.0 16 330 M M 8 24 330
18 84 50 67 0 0 2 0.00 M M 9.4 20 340 M M 1 27 10
19 89 63 76 9 0 11 0.00 M M 8.2 16 360 M M 0 23 350
20 93 58 76 9 0 11 0.00 M M 5.9 15 10 M M 0 20 10
21 88 55 72 4 0 7 0.00 M M 6.2 16 360 M M 0 19 340
22 80 60 70 2 0 5 0.00 M M 6.8 15 360 M M 5 21 360
23 76 58 67 -1 0 2 0.00 M M 6.4 15 360 M M 6 20 360
24 70 53 62 -6 3 0 0.00 M M 5.5 13 300 M M 6 17 280
25 81 52 67 -1 0 2 0.00 M M 8.1 17 360 M M 0 23 360
26 97 63 80 12 0 15 0.00 M M 7.1 13 340 M M 0 19 330
27 98 57 78 10 0 13 0.00 M M 3.8 13 320 M M 0 19 330
28 88 57 73 5 0 8 0.00 M M 5.2 17 10 M M 0 22 10
29 93 54 74 6 0 9 0.00 M M 5.5 14 360 M M 0 19 360
30 96 60 78 10 0 13 0.00 M M 8.0 15 10 M M 0 19 10
31 87 58 73 5 0 8 0.00 M M 6.1 17 360 M M 0 21 360
================================================================================
SM 2487 1708 33 125 0.32 M 180.0 M 112
================================================================================
AV 80.2 55.1 5.8 FASTST M M 4 MAX(MPH)
MISC ----> # 20 340 # 27 10
================================================================================
NOTES:
# LAST OF SEVERAL OCCURRENCES
COLUMN 17 PEAK WIND IN M.P.H.
PRELIMINARY LOCAL CLIMATOLOGICAL DATA (WS FORM: F-6) , PAGE 2
STATION: SCAPPOOSE OR
MONTH: JULY
YEAR: 2020
LATITUDE: 45 46 N
LONGITUDE: 122 50 W
[TEMPERATURE DATA] [PRECIPITATION DATA] SYMBOLS USED IN COLUMN 16
AVERAGE MONTHLY: 67.7 TOTAL FOR MONTH: 0.32 1 = FOG OR MIST
DPTR FM NORMAL: 1.3 DPTR FM NORMAL: -0.34 2 = FOG REDUCING VISIBILITY
HIGHEST: 98 ON 27 GRTST 24HR 0.32 ON 7- 7 TO 1/4 MILE OR LESS
LOWEST: 50 ON 18,11 3 = THUNDER
SNOW, ICE PELLETS, HAIL 4 = ICE PELLETS
TOTAL MONTH: M 5 = HAIL
GRTST 24HR M ON M 6 = FREEZING RAIN OR DRIZZLE
GRTST DEPTH: M ON M 7 = DUSTSTORM OR SANDSTORM:
VSBY 1/2 MILE OR LESS
8 = SMOKE OR HAZE
[NO. OF DAYS WITH] [WEATHER - DAYS WITH] 9 = BLOWING SNOW
X = TORNADO
MAX 32 OR BELOW: 0 0.01 INCH OR MORE: 1
MAX 90 OR ABOVE: 5 0.10 INCH OR MORE: 1
MIN 32 OR BELOW: 0 0.50 INCH OR MORE: 0
MIN 0 OR BELOW: 0 1.00 INCH OR MORE: 0
[HDD (BASE 65) ]
TOTAL THIS MO. 33 CLEAR (SCALE 0-3) 15
DPTR FM NORMAL -13 PTCLDY (SCALE 4-7) 13
TOTAL FM JUL 1 33 CLOUDY (SCALE 8-10) 3
DPTR FM NORMAL -13
[CDD (BASE 65) ]
TOTAL THIS MO. 125
DPTR FM NORMAL 34 [PRESSURE DATA]
TOTAL FM JAN 1 190 HIGHEST SLP 30.21 ON 4
DPTR FM NORMAL 70 LOWEST SLP 29.77 ON 27
[REMARKS]
#FINAL-07-20#