000
CXUS55 KPUB 091726
CF6SPD
PRELIMINARY LOCAL CLIMATOLOGICAL DATA (WS FORM: F-6)
STATION: SPRINGFIELD CO
MONTH: JANUARY
YEAR: 2023
LATITUDE: 37 16 N
LONGITUDE: 102 37 W
TEMPERATURE IN F: :PCPN: SNOW: WIND :SUNSHINE: SKY :PK WND
================================================================================
1 2 3 4 5 6A 6B 7 8 9 10 11 12 13 14 15 16 17 18
12Z AVG MX 2MIN
DY MAX MIN AVG DEP HDD CDD WTR SNW DPTH SPD SPD DIR MIN PSBL S-S WX SPD DR
================================================================================
1 52 32 42 10 23 0 0.00 M M 8.3 22 320 M M 0 30 320
2 36 27 32 0 33 0 0.10 M M 8.0 20 320 M M 0 28 320
3 33 19 26 -6 39 0 0.00 M M 11.8 24 340 M M 0 31 320
4 44 13 29 -3 36 0 0.00 M M 7.9 22 320 M M 0 33 320
5 48 12 30 -2 35 0 0.00 M M 7.0 15 170 M M 0 19 180
6 63 19 41 9 24 0 0.00 M M 11.6 31 290 M M 0 43 290
7 51 18 35 3 30 0 0.00 M M 6.1 13 340 M M 0 17 300
8 59 16 38 6 27 0 0.00 M M 6.8 15 160 M M 0 20 160
9 61 30 46 14 19 0 0.00 M M 11.1 24 310 M M 0 33 310
10 69 32 51 19 14 0 0.00 M M 12.2 28 280 M M 0 37 280
11 56 26 41 9 24 0 0.11 M M 20.8 45 320 M M 0 58 310
12 47 23 35 3 30 0 0.00 M M 9.3 20 330 M M 0 27 320
13 59 21 40 8 25 0 0.00 M M 5.9 13 160 M M 0 16 230
14 68 29 49 17 16 0 0.00 M M 8.2 17 270 M M 0 26 250
15 63 33 48 15 17 0 0.00 M M 13.3 31 220 M M 0 38 220
16 58 26 42 9 23 0 0.00 M M 8.0 15 290 M M 0 21 290
17 55 22 39 6 26 0 0.00 M M 10.1 26 190 M M 0 33 200
18 40 22 31 -2 34 0 0.00 M M 20.3 37 320 M M 0 49 310
19 50 15 33 0 32 0 0.00 M M 7.5 23 330 M M 0 32 330
20 47 8 28 -5 37 0 0.39 M M 8.3 22 160 M M 0 29 140
21 30 17 24 -9 41 0 0.07 M M 19.4 30 350 M M 0 39 360
22 36 11 24 -9 41 0 0.00 M M 6.4 14 290 M M 0 19 280
23 37 10 24 -9 41 0 0.00 M M 3.8 9 170 M M 0 11 240
24 29 18 24 -9 41 0 0.00 M M 13.5 29 350 M M 0 37 340
25 31 15 23 -10 42 0 0.00 M M 15.6 26 330 M M 0 33 330
26 37 15 26 -7 39 0 0.00 M M 10.6 21 290 M M 0 26 290
27 49 20 35 2 30 0 0.00 M M 13.3 24 180 M M 0 30 190
28 46 19 33 0 32 0 0.00 M M 11.0 20 50 M M 0 26 70
29 19 3 11 -22 54 0 0.00 M M 10.8 18 40 M M 0 25 40
30 9 2 6 -27 59 0 0.01 M M 7.3 14 20 M M 0 17 20
31 25 0 13 -20 52 0 0.00 M M 4.6 13 300 M M 0 17 310
================================================================================
SM 1407 573 1016 0 0.68 M 318.8 M 0
================================================================================
AV 45.4 18.5 10.3 FASTST M M 0 MAX(MPH)
MISC ----> 45 320 58 310
================================================================================
NOTES:
# LAST OF SEVERAL OCCURRENCES
COLUMN 17 PEAK WIND IN M.P.H.
PRELIMINARY LOCAL CLIMATOLOGICAL DATA (WS FORM: F-6) , PAGE 2
STATION: SPRINGFIELD CO
MONTH: JANUARY
YEAR: 2023
LATITUDE: 37 16 N
LONGITUDE: 102 37 W
[TEMPERATURE DATA] [PRECIPITATION DATA] SYMBOLS USED IN COLUMN 16
AVERAGE MONTHLY: 31.9 TOTAL FOR MONTH: 0.68 1 = FOG OR MIST
DPTR FM NORMAL: -0.6 DPTR FM NORMAL: 0.38 2 = FOG REDUCING VISIBILITY
HIGHEST: 69 ON 10 GRTST 24HR 0.46 ON 20-21 TO 1/4 MILE OR LESS
LOWEST: 0 ON 31 3 = THUNDER
SNOW, ICE PELLETS, HAIL 4 = ICE PELLETS
TOTAL MONTH: M 5 = HAIL
GRTST 24HR M ON M 6 = FREEZING RAIN OR DRIZZLE
GRTST DEPTH: M ON M 7 = DUSTSTORM OR SANDSTORM:
VSBY 1/2 MILE OR LESS
8 = SMOKE OR HAZE
[NO. OF DAYS WITH] [WEATHER - DAYS WITH] 9 = BLOWING SNOW
X = TORNADO
MAX 32 OR BELOW: 6 0.01 INCH OR MORE: 5
MAX 90 OR ABOVE: 0 0.10 INCH OR MORE: 3
MIN 32 OR BELOW: 30 0.50 INCH OR MORE: 0
MIN 0 OR BELOW: 1 1.00 INCH OR MORE: 0
[HDD (BASE 65) ]
TOTAL THIS MO. 1016 CLEAR (SCALE 0-3) 31
DPTR FM NORMAL 8 PTCLDY (SCALE 4-7) 0
TOTAL FM JUL 1 3082 CLOUDY (SCALE 8-10) 0
DPTR FM NORMAL -128
[CDD (BASE 65) ]
TOTAL THIS MO. 0
DPTR FM NORMAL 0 [PRESSURE DATA]
TOTAL FM JAN 1 0 HIGHEST SLP 30.47 ON 12
DPTR FM NORMAL 0 LOWEST SLP 29.25 ON 15
[REMARKS]
#FINAL-01-23#