000
CXUS55 KPUB 011210
CF6SPD
PRELIMINARY LOCAL CLIMATOLOGICAL DATA (WS FORM: F-6)
STATION: SPRINGFIELD CO
MONTH: SEPTEMBER
YEAR: 2022
LATITUDE: 37 16 N
LONGITUDE: 102 37 W
TEMPERATURE IN F: :PCPN: SNOW: WIND :SUNSHINE: SKY :PK WND
================================================================================
1 2 3 4 5 6A 6B 7 8 9 10 11 12 13 14 15 16 17 18
12Z AVG MX 2MIN
DY MAX MIN AVG DEP HDD CDD WTR SNW DPTH SPD SPD DIR MIN PSBL S-S WX SPD DR
================================================================================
1 89 57 73 2 0 8 0.00 M M 5.8 12 110 M M 0 17 130
2 93 56 75 4 0 10 0.00 M M 8.7 33 90 M M 0 48 90
3 88 60 74 4 0 9 0.00 M M 7.9 25 320 M M 0 38 320
4 91 54 73 3 0 8 0.00 M M 6.6 16 120 M M 0 23 120
5 92 50 71 1 0 6 0.00 M M 7.2 18 100 M M 0 24 100
6 95 54 75 5 0 10 0.00 M M 6.9 13 150 M M 0 17 190
7 96 58 77 8 0 12 0.00 M M 6.8 17 100 M M 0 23 80
8 97 58 78 9 0 13 0.00 M M 10.2 20 160 M M 0 29 170
9 82 54 68 -1 0 3 0.00 M M 13.8 30 10 M M 0 38 10
10 58 49 54 -14 11 0 0.02 M M 11.4 18 30 M M 0 24 30
11 74 46 60 -8 5 0 0.00 M M 8.4 18 170 M M 0 25 170
12 90 47 69 1 0 4 0.00 M M 5.7 18 190 M M 0 24 190
13 93 52 73 6 0 8 M M M 11.3 38 170 M M 0 49 180
14 84 58 71 4 0 6 0.00 M M 18.2 32 160 M M 0 41 150
15 88 54 71 4 0 6 0.00 M M 8.8 25 190 M M 0 37 260
16 93 50 72 6 0 7 0.00 M M 9.5 24 190 M M 0 31 170
17 93 52 73 7 0 8 0.00 M M 9.2 17 190 M M 0 25 200
18 96 68 82 17 0 17 0.00 M M 14.9 23 180 M M 0 32 230
19 95 63 79 14 0 14 0.00 M M 16.2 29 200 M M 0 41 210
20 98 60 79 14 0 14 0.00 M M 9.4 21 200 M M 0 30 200
21 79 51 65 1 0 0 0.00 M M 12.8 23 350 M M 0 32 360
22 58 49 54 -10 11 0 0.15 M M 10.6 23 180 M M 0 31 220
23 89 53 71 8 0 6 0.01 M M 6.3 23 190 M M 0 31 180
24 85 53 69 6 0 4 0.00 M M 7.9 18 20 M M 0 24 30
25 77 48 63 1 2 0 0.00 M M 6.9 18 10 M M 0 23 360
26 86 47 67 5 0 2 0.00 M M 7.9 20 220 M M 0 28 220
27 87 51 69 8 0 4 0.00 M M 6.7 15 90 M M 0 20 110
28 81 53 67 6 0 2 0.00 M M 9.9 25 130 M M 0 33 130
29 91 50 71 11 0 6 0.00 M M 12.2 26 190 M M 0 36 180
30 89 57 73 13 0 8 0.00 M M 15.2 30 170 M M 0 39 180
================================================================================
SM 2607 1612 29 195 0.18 M 293.3 M 0
================================================================================
AV 86.9 53.7 9.8 FASTST M M 0 MAX(MPH)
MISC ----> 38 170 49 180
================================================================================
NOTES:
# LAST OF SEVERAL OCCURRENCES
COLUMN 17 PEAK WIND IN M.P.H.
PRELIMINARY LOCAL CLIMATOLOGICAL DATA (WS FORM: F-6) , PAGE 2
STATION: SPRINGFIELD CO
MONTH: SEPTEMBER
YEAR: 2022
LATITUDE: 37 16 N
LONGITUDE: 102 37 W
[TEMPERATURE DATA] [PRECIPITATION DATA] SYMBOLS USED IN COLUMN 16
AVERAGE MONTHLY: 70.3 TOTAL FOR MONTH: 0.18 1 = FOG OR MIST
DPTR FM NORMAL: 4.2 DPTR FM NORMAL: -1.20 2 = FOG REDUCING VISIBILITY
HIGHEST: 98 ON 20 GRTST 24HR 0.37 ON 31- 1 TO 1/4 MILE OR LESS
LOWEST: 46 ON 11 3 = THUNDER
SNOW, ICE PELLETS, HAIL 4 = ICE PELLETS
TOTAL MONTH: M 5 = HAIL
GRTST 24HR M ON M 6 = FREEZING RAIN OR DRIZZLE
GRTST DEPTH: M ON M 7 = DUSTSTORM OR SANDSTORM:
VSBY 1/2 MILE OR LESS
8 = SMOKE OR HAZE
[NO. OF DAYS WITH] [WEATHER - DAYS WITH] 9 = BLOWING SNOW
X = TORNADO
MAX 32 OR BELOW: 0 0.01 INCH OR MORE: 3
MAX 90 OR ABOVE: 14 0.10 INCH OR MORE: 1
MIN 32 OR BELOW: 0 0.50 INCH OR MORE: 0
MIN 0 OR BELOW: 0 1.00 INCH OR MORE: 0
[HDD (BASE 65) ]
TOTAL THIS MO. 29 CLEAR (SCALE 0-3) 30
DPTR FM NORMAL -52 PTCLDY (SCALE 4-7) 0
TOTAL FM JUL 1 29 CLOUDY (SCALE 8-10) 0
DPTR FM NORMAL -60
[CDD (BASE 65) ]
TOTAL THIS MO. 195
DPTR FM NORMAL 83 [PRESSURE DATA]
TOTAL FM JAN 1 1382 HIGHEST SLP 30.32 ON 11
DPTR FM NORMAL 413 LOWEST SLP 29.60 ON 9
[REMARKS]
#FINAL-09-22#