000
CXUS55 KPUB 011210
CF6SPD
PRELIMINARY LOCAL CLIMATOLOGICAL DATA (WS FORM: F-6)
STATION: SPRINGFIELD CO
MONTH: MARCH
YEAR: 2022
LATITUDE: 37 16 N
LONGITUDE: 102 37 W
TEMPERATURE IN F: :PCPN: SNOW: WIND :SUNSHINE: SKY :PK WND
================================================================================
1 2 3 4 5 6A 6B 7 8 9 10 11 12 13 14 15 16 17 18
12Z AVG MX 2MIN
DY MAX MIN AVG DEP HDD CDD WTR SNW DPTH SPD SPD DIR MIN PSBL S-S WX SPD DR
================================================================================
1 73 25 49 11 16 0 0.00 M M 8.5 17 310 M M 0 21 320
2 76 27 52 14 13 0 0.00 M M 7.1 14 150 M M 0 20 160
3 80 30 55 17 10 0 0.00 M M 12.6 26 190 M M 0 36 190
4 76 45 61 22 4 0 0.00 M M 15.5 39 200 M M 0 53 200
5 61 20 41 2 24 0 0.00 M M 11.9 28 290 M M 0 38 290
6 31 13 22 -18 43 0 0.02 M M 9.8 22 360 M M 0 26 360
7 36 9 23 -17 42 0 0.00 M M 7.8 17 350 M M 0 22 340
8 42 11 27 -13 38 0 0.00 M M 7.5 21 10 M M 0 28 350
9 43 11 27 -14 38 0 0.00 M M 15.6 32 10 M M 0 41 10
10 20 11 16 -25 49 0 0.10 M M 11.9 21 360 M M 0 27 360
11 35 12 24 -17 41 0 0.00 M M 9.2 20 310 M M 0 26 320
12 64 17 41 -1 24 0 0.00 M M 8.4 15 200 M M 0 23 250
13 72 26 49 7 16 0 0.00 M M 12.1 36 310 M M 0 51 310
14 57 28 43 1 22 0 0.00 M M 20.8 41 340 M M 0 52 350
15 69 20 45 2 20 0 0.00 M M 12.2 28 190 M M 0 39 180
16 70 36 53 10 12 0 0.00 M M 12.9 24 10 M M 0 34 20
17 44 30 37 -6 28 0 0.25 M M 22.1 40 360 M M 0 53 350
18 51 24 38 -6 27 0 0.00 M M 10.9 20 320 M M 0 26 320
19 64 25 45 1 20 0 0.00 M M 7.1 16 170 M M 0 20 170
20 74 37 56 12 9 0 0.00 M M 17.4 39 190 M M 0 49 190
21 55 31 43 -2 22 0 0.13 M M 24.9 43 350 M M 0 57 350
22 46 27 37 -8 28 0 0.03 M M 26.8 44 350 M M 0 56 340
23 47 29 38 -7 27 0 0.00 M M 22.5 46 350 M M 0 62 340
24 68 23 46 0 19 0 0.00 M M 11.6 30 330 M M 0 45 320
25 58 34 46 0 19 0 0.00 M M 10.4 25 40 M M 0 33 30
26 83 27 55 9 10 0 0.00 M M 8.3 20 300 M M 0 30 300
27 68 32 50 4 15 0 0.00 M M 10.4 23 180 M M 0 30 180
28 84 33 59 13 6 0 0.00 M M 8.9 21 220 M M 0 29 220
29 74 37 56 9 9 0 0.07 M M 19.6 38 350 M M 0 54 330
30 50 30 40 -7 25 0 0.01 M M 21.3 39 350 M M 0 49 350
31 63 23 43 -4 22 0 0.00 M M 9.1 21 330 M M 0 28 330
================================================================================
SM 1834 783 698 0 0.61 M 415.1 M 0
================================================================================
AV 59.2 25.3 13.4 FASTST M M 0 MAX(MPH)
MISC ----> 46 350 62 340
================================================================================
NOTES:
# LAST OF SEVERAL OCCURRENCES
COLUMN 17 PEAK WIND IN M.P.H.
PRELIMINARY LOCAL CLIMATOLOGICAL DATA (WS FORM: F-6) , PAGE 2
STATION: SPRINGFIELD CO
MONTH: MARCH
YEAR: 2022
LATITUDE: 37 16 N
LONGITUDE: 102 37 W
[TEMPERATURE DATA] [PRECIPITATION DATA] SYMBOLS USED IN COLUMN 16
AVERAGE MONTHLY: 42.2 TOTAL FOR MONTH: 0.61 1 = FOG OR MIST
DPTR FM NORMAL: -0.6 DPTR FM NORMAL: -0.30 2 = FOG REDUCING VISIBILITY
HIGHEST: 84 ON 28 GRTST 24HR 0.25 ON 17-17 TO 1/4 MILE OR LESS
LOWEST: 9 ON 7 3 = THUNDER
SNOW, ICE PELLETS, HAIL 4 = ICE PELLETS
TOTAL MONTH: M 5 = HAIL
GRTST 24HR M ON M 6 = FREEZING RAIN OR DRIZZLE
GRTST DEPTH: M ON M 7 = DUSTSTORM OR SANDSTORM:
VSBY 1/2 MILE OR LESS
8 = SMOKE OR HAZE
[NO. OF DAYS WITH] [WEATHER - DAYS WITH] 9 = BLOWING SNOW
X = TORNADO
MAX 32 OR BELOW: 2 0.01 INCH OR MORE: 7
MAX 90 OR ABOVE: 0 0.10 INCH OR MORE: 3
MIN 32 OR BELOW: 25 0.50 INCH OR MORE: 0
MIN 0 OR BELOW: 0 1.00 INCH OR MORE: 0
[HDD (BASE 65) ]
TOTAL THIS MO. 698 CLEAR (SCALE 0-3) 31
DPTR FM NORMAL 10 PTCLDY (SCALE 4-7) 0
TOTAL FM JUL 1 4053 CLOUDY (SCALE 8-10) 0
DPTR FM NORMAL -701
[CDD (BASE 65) ]
TOTAL THIS MO. 0
DPTR FM NORMAL 0 [PRESSURE DATA]
TOTAL FM JAN 1 0 HIGHEST SLP 30.39 ON 7
DPTR FM NORMAL 0 LOWEST SLP 29.20 ON 29
[REMARKS]
#FINAL-03-22#