000
CXUS55 KPUB 012055
CF6SPD
PRELIMINARY LOCAL CLIMATOLOGICAL DATA (WS FORM: F-6)
STATION: SPRINGFIELD CO
MONTH: JANUARY
YEAR: 2024
LATITUDE: 37 16 N
LONGITUDE: 102 37 W
TEMPERATURE IN F: :PCPN: SNOW: WIND :SUNSHINE: SKY :PK WND
================================================================================
1 2 3 4 5 6A 6B 7 8 9 10 11 12 13 14 15 16 17 18
12Z AVG MX 2MIN
DY MAX MIN AVG DEP HDD CDD WTR SNW DPTH SPD SPD DIR MIN PSBL S-S WX SPD DR
================================================================================
1 54 18 36 4 29 0 0.00 M M 8.7 21 190 M M 0 27 190
2 47 18 33 1 32 0 0.00 M M 11.1 22 10 M M 0 29 340
3 52 20 36 4 29 0 0.00 M M 7.1 14 180 M M 0 18 190
4 35 24 30 -2 35 0 0.38 M M 10.9 24 170 M M 0 29 170
5 34 18 26 -6 39 0 0.02 M M 11.4 18 330 M M 0 24 320
6 34 12 23 -9 42 0 0.00 M M 10.5 17 330 M M 0 23 330
7 37 14 26 -6 39 0 0.00 M M 10.9 25 200 M M 0 31 190
8 30 18 24 -8 41 0 0.69 M M 20.8 43 340 M M 0 59 350
9 33 10 22 -10 43 0 0.01 M M 14.1 32 320 M M 0 43 330
10 39 10 25 -7 40 0 0.00 M M 13.4 25 290 M M 0 33 260
11 38 5 22 -10 43 0 0.00 M M 17.1 35 350 M M 0 43 350
12 33 5 19 -13 46 0 0.00 M M 15.8 31 320 M M 0 40 320
13 20 -13 4 -28 61 0 0.00 M M 11.0 26 40 M M 0 34 40
14 5 -11 -3 -35 68 0 0.00 M M 9.0 15 150 M M 0 18 150
15 4 -5 0 -33 65 0 0.00 M M 12.8 29 360 M M 0 33 360
16 25 -4 11 -22 54 0 0.00 M M 9.9 20 230 M M 0 23 230
17 46 10 28 -5 37 0 0.00 M M 9.2 21 350 M M 0 23 350
18 51 15 33 0 32 0 0.00 M M 12.9 35 20 M M 0 49 30
19 27 11 19 -14 46 0 0.00 M M 6.4 22 360 M M 0 28 360
20 37 16 27 -6 38 0 0.00 M M 18.7 31 180 M M 0 40 180
21 49 20 35 2 30 0 0.00 M M 9.1 21 190 M M 0 25 190
22 49 29 39 6 26 0 0.00 M M 5.3 14 300 M M 0 17 300
23 45 23 34 1 31 0 0.00 M M 7.2 14 130 M M 0 18 100
24 50 21 36 3 29 0 0.00 M M 4.6 12 140 M M 0 13 150
25 50 29 40 7 25 0 0.00 M M 5.4 13 80 M M 0 16 330
26 56 36 46 13 19 0 0.14 M M 9.4 21 10 M M 0 24 10
27 M M M M M M 0.00 M M 8.4 16 310 M M 0 21 320
28 M M M M M M 0.00 M M 5.8 16 320 M M 0 20 320
29 M 33 M M M M 0.00 M M 5.9 12 300 M M 0 14 280
30 64 31 48 15 17 0 0.00 M M 7.1 14 300 M M 0 18 290
31 68 26 47 14 18 0 0.00 M M 10.0 25 180 M M 0 31 230
================================================================================
SM 1112 439 1054 0 1.24 M 319.9 M 0
================================================================================
AV 39.7 15.1 10.3 FASTST M M 0 MAX(MPH)
MISC ----> 43 340 59 350
================================================================================
NOTES:
# LAST OF SEVERAL OCCURRENCES
COLUMNS 2 THROUGH 6; ASOS ASPERATOR MOTOR FAILED. TEMPERATURES WERE TO WARM
BETWEEN THE 27TH AND 29TH. LOW ON 29TH WAS DEEMED REPRESETATIVE BY PUB
FORECASTERS BASED ON SURROUNDING TEMPERATURES.
COLUMN 17 PEAK WIND IN M.P.H.
PRELIMINARY LOCAL CLIMATOLOGICAL DATA (WS FORM: F-6) , PAGE 2
STATION: SPRINGFIELD CO
MONTH: JANUARY
YEAR: 2024
LATITUDE: 37 16 N
LONGITUDE: 102 37 W
[TEMPERATURE DATA] [PRECIPITATION DATA] SYMBOLS USED IN COLUMN 16
AVERAGE MONTHLY: 27.4 TOTAL FOR MONTH: 1.24 1 = FOG OR MIST
DPTR FM NORMAL: -5.1 DPTR FM NORMAL: 0.94 2 = FOG REDUCING VISIBILITY
HIGHEST: 68 ON 31 GRTST 24HR 0.69 ON 8- 8 TO 1/4 MILE OR LESS
LOWEST: -13 ON 13 3 = THUNDER
SNOW, ICE PELLETS, HAIL 4 = ICE PELLETS
TOTAL MONTH: M 5 = HAIL
GRTST 24HR M ON M 6 = FREEZING RAIN OR DRIZZLE
GRTST DEPTH: M ON M 7 = DUSTSTORM OR SANDSTORM:
VSBY 1/2 MILE OR LESS
8 = SMOKE OR HAZE
[NO. OF DAYS WITH] [WEATHER - DAYS WITH] 9 = BLOWING SNOW
X = TORNADO
MAX 32 OR BELOW: 6 0.01 INCH OR MORE: 5
MAX 90 OR ABOVE: 0 0.10 INCH OR MORE: 3
MIN 32 OR BELOW: 27 0.50 INCH OR MORE: 1
MIN 0 OR BELOW: 4 1.00 INCH OR MORE: 0
[HDD (BASE 65) ]
TOTAL THIS MO. 1054 CLEAR (SCALE 0-3) 31
DPTR FM NORMAL 46 PTCLDY (SCALE 4-7) 0
TOTAL FM JUL 1 2761 CLOUDY (SCALE 8-10) 0
DPTR FM NORMAL -449
[CDD (BASE 65) ]
TOTAL THIS MO. 0
DPTR FM NORMAL 0 [PRESSURE DATA]
TOTAL FM JAN 1 0 HIGHEST SLP 30.58 ON 19
DPTR FM NORMAL 0 LOWEST SLP 29.40 ON 11
[REMARKS]
#FINAL-01-24#