000
CXUS52 KTBW 011136
CF6SPG
PRELIMINARY LOCAL CLIMATOLOGICAL DATA (WS FORM: F-6)
STATION: SAINT PETERSBURG
MONTH: JANUARY
YEAR: 2022
LATITUDE: 27 46 N
LONGITUDE: 82 38 W
TEMPERATURE IN F: :PCPN: SNOW: WIND :SUNSHINE: SKY :PK WND
================================================================================
1 2 3 4 5 6A 6B 7 8 9 10 11 12 13 14 15 16 17 18
12Z AVG MX 2MIN
DY MAX MIN AVG DEP HDD CDD WTR SNW DPTH SPD SPD DIR MIN PSBL S-S WX SPD DR
================================================================================
1 80 67 74 11 0 9 0.00 0.0 0 8.6 17 190 M M 4 12 23 190
2 79 71 75 13 0 10 0.00 0.0 0 11.5 18 190 M M 5 26 210
3 75 56 66 4 0 1 0.02 0.0 0 13.5 22 320 M M 4 1 35 350
4 73 53 63 1 2 0 0.00 0.0 0 9.8 17 20 M M 1 23 20
5 73 62 68 6 0 3 0.00 0.0 0 7.3 14 340 M M 5 21 350
6 72 61 67 5 0 2 T 0.0 0 4.7 12 190 M M 4 15 190
7 76 64 70 8 0 5 T 0.0 0 7.6 21 80 M M 3 24 70
8 75 62 69 7 0 4 0.00 0.0 0 13.8 22 80 M M 0 27 70
9 80 67 74 12 0 9 0.00 0.0 0 6.0 16 130 M M 2 20 130
10 78 66 72 10 0 7 0.00 0.0 0 6.0 22 40 M M 4 28 50
11 70 57 64 2 1 0 0.00 0.0 0 17.3 25 40 M M 3 33 10
12 74 57 66 4 0 1 0.00 0.0 0 9.5 17 30 M M 2 21 20
13 69 61 65 3 0 0 0.00 0.0 0 7.1 17 340 M M 4 25 340
14 70 60 65 3 0 0 T 0.0 0 6.7 15 10 M M 1 19 330
15 73 59 66 4 0 1 0.00 0.0 0 9.7 18 150 M M 2 23 150
16 72 63 68 6 0 3 0.14 0.0 0 17.0 36 240 M M 9 138 54 240
17 64 59 62 0 3 0 T 0.0 0 9.3 21 340 M M 7 32 330
18 62 46 54 -8 11 0 0.00 0.0 0 8.4 18 10 M M 0 24 20
19 72 54 63 1 2 0 0.00 0.0 0 7.1 17 110 M M 1 20 110
20 76 59 68 6 0 3 0.00 0.0 0 4.6 13 200 M M 0 17 200
21 74 63 69 7 0 4 0.01 0.0 0 4.8 17 20 M M 3 21 20
22 63 50 57 -5 8 0 0.02 0.0 0 12.9 18 30 M M 10 1 24 30
23 54 47 51 -11 14 0 0.00 0.0 0 8.4 17 350 M M 8 1 27 360
24 62 49 56 -6 9 0 0.00 0.0 0 5.9 13 70 M M 0 18 40
25 60 53 57 -5 8 0 0.41 0.0 0 11.7 26 160 M M 8 1 35 160
26 61 57 59 -3 6 0 0.10 0.0 0 12.5 20 40 M M 10 1 23 40
27 68 59 64 2 1 0 0.00 0.0 0 12.9 21 60 M M 9 24 50
28 67 56 62 -1 3 0 0.00 0.0 0 7.8 24 310 M M 6 39 310
29 57 45 51 -12 14 0 0.00 0.0 0 14.5 28 340 M M 2 39 340
30 54 43 49 -14 16 0 0.00 0.0 0 7.3 16 50 M M 0 19 50
31 66 45 56 -7 9 0 0.00 0.0 0 4.6 10 150 M M 0 13 150
================================================================================
SM 2149 1771 107 62 0.70 0.0 288.8 M 117
================================================================================
AV 69.3 57.1 9.3 FASTST M M 4 MAX(MPH)
MISC ----> 36 240 54 240
================================================================================
NOTES:
# LAST OF SEVERAL OCCURRENCES
COLUMN 17 PEAK WIND IN M.P.H.
PRELIMINARY LOCAL CLIMATOLOGICAL DATA (WS FORM: F-6) , PAGE 2
STATION: SAINT PETERSBURG
MONTH: JANUARY
YEAR: 2022
LATITUDE: 27 46 N
LONGITUDE: 82 38 W
[TEMPERATURE DATA] [PRECIPITATION DATA] SYMBOLS USED IN COLUMN 16
AVERAGE MONTHLY: 63.2 TOTAL FOR MONTH: 0.70 1 = FOG OR MIST
DPTR FM NORMAL: 1.0 DPTR FM NORMAL: -1.82 2 = FOG REDUCING VISIBILITY
HIGHEST: 80 ON 9, 1 GRTST 24HR 1.48 ON 16-16 TO 1/4 MILE OR LESS
LOWEST: 43 ON 30 3 = THUNDER
SNOW, ICE PELLETS, HAIL 4 = ICE PELLETS
TOTAL MONTH: 0.0 INCH 5 = HAIL
GRTST 24HR 0.0 6 = FREEZING RAIN OR DRIZZLE
GRTST DEPTH: 0 7 = DUSTSTORM OR SANDSTORM:
VSBY 1/2 MILE OR LESS
8 = SMOKE OR HAZE
[NO. OF DAYS WITH] [WEATHER - DAYS WITH] 9 = BLOWING SNOW
X = TORNADO
MAX 32 OR BELOW: 0 0.01 INCH OR MORE: 6
MAX 90 OR ABOVE: 0 0.10 INCH OR MORE: 3
MIN 32 OR BELOW: 0 0.50 INCH OR MORE: 0
MIN 0 OR BELOW: 0 1.00 INCH OR MORE: 0
[HDD (BASE 65) ]
TOTAL THIS MO. 107 CLEAR (SCALE 0-3) 15
DPTR FM NORMAL -31 PTCLDY (SCALE 4-7) 12
TOTAL FM JUL 1 120 CLOUDY (SCALE 8-10) 4
DPTR FM NORMAL -129
[CDD (BASE 65) ]
TOTAL THIS MO. 62
DPTR FM NORMAL 12 [PRESSURE DATA]
TOTAL FM JAN 1 62 HIGHEST SLP 30.37 ON 8
DPTR FM NORMAL 12 LOWEST SLP 29.66 ON 16
[REMARKS]
#FINAL-01-22#