000
CDUS44 KOUN 221134 RRA
CLISPS

CLIMATE REPORT
NATIONAL WEATHER SERVICE NORMAN OK
146 AM CDT TUE MAY 22 2018


...................................

...THE WICHITA FALLS CLIMATE SUMMARY FOR MAY 21 2018...

CLIMATE NORMAL PERIOD 1981 TO 2010
CLIMATE RECORD PERIOD 1897 TO 2018


WEATHER ITEM   OBSERVED TIME   RECORD YEAR NORMAL DEPARTURE LAST
                VALUE   (LST)  VALUE       VALUE  FROM      YEAR
                                                  NORMAL
..................................................................
TEMPERATURE (F)
 YESTERDAY
  MAXIMUM         83    431 PM 104    1953  85     -2       79
  MINIMUM         62    558 AM  48    1967  61      1       52
  AVERAGE         73                        73      0       66

PRECIPITATION (IN)
  YESTERDAY        0.00          3.41 1905   0.12  -0.12     0.00
  MONTH TO DATE    4.22                      2.42   1.80     4.52
  SINCE MAR 1      8.55                      7.23   1.32     6.31
  SINCE JAN 1     11.41                     10.12   1.29    10.28

SNOWFALL (IN)
  YESTERDAY        0.0           0.0  2002   0.0    0.0      0.0
  MONTH TO DATE    0.0                       0.0    0.0      0.0
  SINCE MAR 1      0.0                       0.5   -0.5      0.0
  SINCE JUL 1      1.0                       3.9   -2.9       T

DEGREE DAYS
 HEATING
  YESTERDAY        0                         0      0        0
  MONTH TO DATE    0                        20    -20       12
  SINCE MAR 1    490                       519    -29      317
  SINCE JUL 1   2876                      2965    -89     2161

 COOLING
  YESTERDAY        8                         8      0        1
  MONTH TO DATE  209                       128     81      117
  SINCE MAR 1    282                       217     65      248
  SINCE JAN 1    291                       220     71      266
..................................................................


WIND (MPH)
  HIGHEST WIND SPEED    12   HIGHEST WIND DIRECTION    NE (50)
  HIGHEST GUST SPEED    16   HIGHEST GUST DIRECTION    NE (50)
  AVERAGE WIND SPEED     5.1


SKY COVER
  AVERAGE SKY COVER 0.2


WEATHER CONDITIONS
 THE FOLLOWING WEATHER WAS RECORDED YESTERDAY.
  FOG


RELATIVE HUMIDITY (PERCENT)
 HIGHEST    93           200 AM
 LOWEST     47           400 PM
 AVERAGE    70

..........................................................


THE WICHITA FALLS CLIMATE NORMALS FOR TODAY
                         NORMAL    RECORD    YEAR
 MAXIMUM TEMPERATURE (F)   85       106      1939
 MINIMUM TEMPERATURE (F)   62        45      1931


SUNRISE AND SUNSET
MAY 22 2018...........SUNRISE   628 AM CDT   SUNSET   834 PM CDT
MAY 23 2018...........SUNRISE   628 AM CDT   SUNSET   834 PM CDT


-  INDICATES NEGATIVE NUMBERS.
R  INDICATES RECORD WAS SET OR TIED.
MM INDICATES DATA IS MISSING.
T  INDICATES TRACE AMOUNT.




$$
