000
CXUS54 KLZK 011410
CF6SRC
PRELIMINARY LOCAL CLIMATOLOGICAL DATA (WS FORM: F-6)
STATION: SEARCY AIRPORT
MONTH: AUGUST
YEAR: 2022
LATITUDE: 35 12 N
LONGITUDE: 91 44 W
TEMPERATURE IN F: :PCPN: SNOW: WIND :SUNSHINE: SKY :PK WND
================================================================================
1 2 3 4 5 6A 6B 7 8 9 10 11 12 13 14 15 16 17 18
12Z AVG MX 2MIN
DY MAX MIN AVG DEP HDD CDD WTR SNW DPTH SPD SPD DIR MIN PSBL S-S WX SPD DR
================================================================================
1 M M M M M M 0.00 M M M M M M M M M M
2 96 73 85 3 0 20 0.01 M M 2.2 12 160 M M 3 21 99
3 94 74 84 2 0 19 0.00 M M 6.4 12 150 M M 3 M M
4 85 72 79 -3 0 14 1.20 M M 4.6 13 20 M M 4 13 18 30
5 93 73 83 2 0 18 0.00 M M 4.7 14 150 M M 2 1 M M
6 93 73 83 2 0 18 0.00 M M 5.9 14 170 M M 1 17 170
7 94 72 83 2 0 18 0.00 M M 5.5 15 170 M M 1 8 M M
8 95 72 84 3 0 19 T M M 2.9 9 160 M M 1 M M
9 94 71 83 2 0 18 0.05 M M 2.7 8 60 M M 3 3 M M
10 88 73 81 0 0 16 0.08 M M 3.9 8 80 M M 5 1 M M
11 87 73 80 -1 0 15 0.00 M M 6.8 12 40 M M 3 16 20
12 89 70 80 -1 0 15 0.00 M M 7.4 13 70 M M 1 16 60
13 90 64 77 -4 0 12 0.00 M M 5.0 10 110 M M 0 M M
14 95 62 79 -2 0 14 0.00 M M 2.0 7 99 M M 0 1 M M
15 95 69 82 1 0 17 0.00 M M 5.2 14 60 M M 0 M M
16 84 70 77 -4 0 12 0.00 M M 8.5 18 30 M M 2 20 40
17 74 67 71 -10 0 6 0.28 M M 5.9 16 40 M M 8 13 M M
18 86 66 76 -5 0 11 0.00 M M 4.7 10 60 M M 2 1 M M
19 90 63 77 -3 0 12 0.00 M M 1.6 6 80 M M 1 M M
20 94 65 80 0 0 15 0.00 M M 3.4 8 170 M M 1 M M
21 83 74 79 -1 0 14 T M M 4.2 13 190 M M 4 8 M M
22 85 71 78 -2 0 13 0.00 M M 4.1 13 70 M M 5 1 M M
23 85 71 78 -2 0 13 0.29 M M 3.9 10 50 M M 8 1 M M
24 87 71 79 -1 0 14 0.16 M M 7.0 14 60 M M 7 1 20 40
25 90 70 80 0 0 15 0.01 M M 2.6 10 90 M M 4 1 M M
26 93 69 81 2 0 16 0.00 M M 2.0 8 100 M M 2 18 M M
27 94 69 82 3 0 17 0.00 M M 2.5 8 170 M M 1 1 M M
28 91 71 81 2 0 16 0.00 M M 5.5 14 190 M M 2 1 18 190
29 94 72 83 4 0 18 T M M 5.2 18 350 M M 3 12 26 350
30 93 71 82 4 0 17 0.00 M M 2.8 8 40 M M 2 8 M M
31 92 69 81 3 0 16 M M M 5.2 9 60 M M 2 M M
================================================================================
SM 2703 2100 0 458 2.08 M 134.2 M 81
================================================================================
AV 90.1 70.0 4.5 FASTST M M 3 MAX(MPH)
MISC ----> # 18 350 26 350
================================================================================
NOTES:
# LAST OF SEVERAL OCCURRENCES
COLUMN 17 PEAK WIND IN M.P.H.
PRELIMINARY LOCAL CLIMATOLOGICAL DATA (WS FORM: F-6) , PAGE 2
STATION: SEARCY AIRPORT
MONTH: AUGUST
YEAR: 2022
LATITUDE: 35 12 N
LONGITUDE: 91 44 W
[TEMPERATURE DATA] [PRECIPITATION DATA] SYMBOLS USED IN COLUMN 16
AVERAGE MONTHLY: 80.1 TOTAL FOR MONTH: 2.08 1 = FOG OR MIST
DPTR FM NORMAL: -0.4 DPTR FM NORMAL: -0.61 2 = FOG REDUCING VISIBILITY
HIGHEST: 96 ON 2 GRTST 24HR 1.27 ON 4- 4 TO 1/4 MILE OR LESS
LOWEST: 62 ON 14 3 = THUNDER
SNOW, ICE PELLETS, HAIL 4 = ICE PELLETS
TOTAL MONTH: M 5 = HAIL
GRTST 24HR M ON M 6 = FREEZING RAIN OR DRIZZLE
GRTST DEPTH: M ON M 7 = DUSTSTORM OR SANDSTORM:
VSBY 1/2 MILE OR LESS
8 = SMOKE OR HAZE
[NO. OF DAYS WITH] [WEATHER - DAYS WITH] 9 = BLOWING SNOW
X = TORNADO
MAX 32 OR BELOW: 0 0.01 INCH OR MORE: 8
MAX 90 OR ABOVE: 19 0.10 INCH OR MORE: 4
MIN 32 OR BELOW: 0 0.50 INCH OR MORE: 1
MIN 0 OR BELOW: 0 1.00 INCH OR MORE: 1
[HDD (BASE 65) ]
TOTAL THIS MO. 0 CLEAR (SCALE 0-3) 21
DPTR FM NORMAL 0 PTCLDY (SCALE 4-7) 7
TOTAL FM JUL 1 0 CLOUDY (SCALE 8-10) 3
DPTR FM NORMAL 0
[CDD (BASE 65) ]
TOTAL THIS MO. 458
DPTR FM NORMAL -22 [PRESSURE DATA]
TOTAL FM JAN 1 1751 HIGHEST SLP 30.16 ON 7
DPTR FM NORMAL 152 LOWEST SLP 29.84 ON 28
[REMARKS]
#FINAL-08-22#