000
CXUS54 KEPZ 011030
CF6SRR
PRELIMINARY LOCAL CLIMATOLOGICAL DATA (WS FORM: F-6)
STATION: RUIDOSO AWOS
MONTH: MAY
YEAR: 2022
LATITUDE: 33 28 N
LONGITUDE: 105 32 W
TEMPERATURE IN F: :PCPN: SNOW: WIND :SUNSHINE: SKY :PK WND
================================================================================
1 2 3 4 5 6A 6B 7 8 9 10 11 12 13 14 15 16 17 18
12Z AVG MX 2MIN
DY MAX MIN AVG DEP HDD CDD WTR SNW DPTH SPD SPD DIR MIN PSBL S-S WX SPD DR
================================================================================
1 75 45 60 M 5 0 0.00 M M 12.1 30 220 M M 0 36 210
2 73 55 64 M 1 0 0.00 M M 13.9 21 290 M M 0 31 290
3 73 37 55 M 10 0 0.00 M M 11.9 30 220 M M 0 39 220
4 72 48 60 M 5 0 0.00 M M 14.0 28 230 M M 0 43 260
5 68 41 55 M 10 0 0.00 M M 11.6 20 300 M M 0 30 330
6 79 46 63 M 2 0 0.00 M M 10.4 16 330 M M 1 24 280
7 81 54 68 M 0 3 0.00 M M 16.1 29 220 M M 1 40 220
8 79 57 68 M 0 3 0.00 M M 20.7 37 240 M M 0 49 230
9 77 57 67 M 0 2 0.00 M M 23.0 37 230 M M 0 51 230
10 81 57 69 M 0 4 0.00 M M 17.4 27 230 M M 0 35 230
11 81 50 66 M 0 1 0.00 M M 14.3 30 220 M M 1 8 45 220
12 77 54 66 M 0 1 0.00 M M 15.1 25 220 M M 0 32 220
13 79 52 66 M 0 1 0.00 M M 7.7 15 310 M M 1 24 320
14 84 50 67 M 0 2 0.00 M M 7.7 15 320 M M 1 25 330
15 84 55 70 M 0 5 0.00 M M 8.0 16 160 M M 1 23 340
16 75 55 65 M 0 0 0.00 M M 9.9 21 130 M M 0 36 130
17 82 59 71 M 0 6 0.00 M M 12.2 18 230 M M 3 35 220
18 82 59 71 M 0 6 0.00 M M 9.8 15 300 M M 2 23 300
19 82 59 71 M 0 6 0.00 M M 15.7 29 220 M M 3 40 220
20 77 59 68 M 0 3 0.00 M M 19.2 35 230 M M 4 41 230
21 64 39 52 M 13 0 0.00 M M 11.7 20 110 M M 1 24 110
22 59 34 47 M 18 0 0.00 M M 10.5 16 110 M M 2 22 110
23 75 45 60 M 5 0 0.00 M M 9.3 25 230 M M 2 47 200
24 66 39 53 M 12 0 0.00 M M 8.6 20 330 M M 4 39 330
25 72 37 55 M 10 0 0.00 M M 10.2 22 290 M M 2 32 290
26 81 45 63 M 2 0 0.00 M M 8.5 15 130 M M 0 24 170
27 86 55 71 M 0 6 0.00 M M 10.2 22 260 M M 2 31 220
28 84 63 74 M 0 9 0.00 M M 20.5 32 240 M M 2 48 240
29 77 59 68 M 0 3 0.00 M M 20.2 38 230 M M 0 52 230
30 75 57 66 M 0 1 0.00 M M 18.1 30 230 M M 0 40 230
31 82 57 70 M 0 5 0.03 M M 9.2 17 240 M M 1 25 240
================================================================================
SM 2382 1579 93 67 0.03 M 407.4 M 34
================================================================================
AV 76.8 50.9 13.1 FASTST M M 1 MAX(MPH)
MISC ----> 38 230 52 230
================================================================================
NOTES:
# LAST OF SEVERAL OCCURRENCES
COLUMN 17 PEAK WIND IN M.P.H.
PRELIMINARY LOCAL CLIMATOLOGICAL DATA (WS FORM: F-6) , PAGE 2
STATION: RUIDOSO AWOS
MONTH: MAY
YEAR: 2022
LATITUDE: 33 28 N
LONGITUDE: 105 32 W
[TEMPERATURE DATA] [PRECIPITATION DATA] SYMBOLS USED IN COLUMN 16
AVERAGE MONTHLY: 63.9 TOTAL FOR MONTH: 0.03 1 = FOG OR MIST
DPTR FM NORMAL: 0.0 DPTR FM NORMAL: M 2 = FOG REDUCING VISIBILITY
HIGHEST: 86 ON 27 GRTST 24HR 0.03 ON 31-31 TO 1/4 MILE OR LESS
LOWEST: 34 ON 22 3 = THUNDER
SNOW, ICE PELLETS, HAIL 4 = ICE PELLETS
TOTAL MONTH: M 5 = HAIL
GRTST 24HR M ON M 6 = FREEZING RAIN OR DRIZZLE
GRTST DEPTH: M ON M 7 = DUSTSTORM OR SANDSTORM:
VSBY 1/2 MILE OR LESS
8 = SMOKE OR HAZE
[NO. OF DAYS WITH] [WEATHER - DAYS WITH] 9 = BLOWING SNOW
X = TORNADO
MAX 32 OR BELOW: 0 0.01 INCH OR MORE: 1
MAX 90 OR ABOVE: 0 0.10 INCH OR MORE: 0
MIN 32 OR BELOW: 0 0.50 INCH OR MORE: 0
MIN 0 OR BELOW: 0 1.00 INCH OR MORE: 0
[HDD (BASE 65) ]
TOTAL THIS MO. 93 CLEAR (SCALE 0-3) 29
DPTR FM NORMAL M PTCLDY (SCALE 4-7) 2
TOTAL FM JUL 1 4186 CLOUDY (SCALE 8-10) 0
DPTR FM NORMAL M
[CDD (BASE 65) ]
TOTAL THIS MO. 67
DPTR FM NORMAL M [PRESSURE DATA]
TOTAL FM JAN 1 68 HIGHEST SLP M ON M
DPTR FM NORMAL M LOWEST SLP M ON M
[REMARKS]
#FINAL-05-22#