000
CXUS53 KEAX 010736
CF6STJ
PRELIMINARY LOCAL CLIMATOLOGICAL DATA (WS FORM: F-6)
STATION: ST. JOSEPH MO
MONTH: OCTOBER
YEAR: 2021
LATITUDE: 39 46 N
LONGITUDE: 94 55 W
TEMPERATURE IN F: :PCPN: SNOW: WIND :SUNSHINE: SKY :PK WND
================================================================================
1 2 3 4 5 6A 6B 7 8 9 10 11 12 13 14 15 16 17 18
12Z AVG MX 2MIN
DY MAX MIN AVG DEP HDD CDD WTR SNW DPTH SPD SPD DIR MIN PSBL S-S WX SPD DR
================================================================================
1 77 60 69 7 0 4 0.00 M M 4.8 10 240 M M 4 1 16 230
2 76 54 65 4 0 0 T M M 2.7 12 320 M M 7 128 16 320
3 80 46 63 2 2 0 T M M 6.6 17 310 M M 5 24 300
4 82 42 62 2 3 0 0.00 M M 3.3 13 10 M M 0 18 19 340
5 76 46 61 1 4 0 0.00 M M 4.4 14 50 M M 5 1 19 60
6 77 58 68 8 0 3 0.01 M M 5.1 13 80 M M 9 17 80
7 78 54 66 7 0 1 0.00 M M 2.3 10 210 M M 6 18 13 190
8 86 52 69 10 0 4 0.00 M M 3.9 14 170 M M 2 12 19 110
9 83 58 71 13 0 6 0.00 M M 9.1 23 190 M M 0 35 200
10 76 57 67 9 0 2 0.42 M M 7.3 16 330 M M 4 13 23 330
11 67 47 57 -1 8 0 2.95 M M 11.3 28 10 M M 7 123 37 10
12 78 44 61 4 4 0 0.03 M M 6.1 26 150 M M 4 123 42 150
13 76 50 63 6 2 0 0.27 M M 10.2 22 130 M M 4 13 30 270
14 72 41 57 1 8 0 0.01 M M 5.5 18 10 M M 2 24 10
15 64 41 53 -3 12 0 0.10 M M 9.8 21 320 M M 4 1 31 320
16 66 37 52 -3 13 0 0.00 M M 5.0 17 320 M M 0 1 30 320
17 73 34 54 -1 11 0 0.00 M M 2.6 12 180 M M 1 12 15 160
18 75 37 56 2 9 0 0.00 M M 7.0 23 180 M M 0 12 30 160
19 76 51 64 10 1 0 0.00 M M 11.5 21 160 M M 0 28 150
20 66 46 56 2 9 0 0.00 M M 12.2 22 260 M M 3 30 270
21 59 34 47 -6 18 0 0.00 M M 9.2 18 320 M M 4 29 310
22 65 33 49 -4 16 0 0.00 M M 3.8 12 100 M M 3 12 17 60
23 63 44 54 2 11 0 0.01 M M 11.1 17 120 M M 6 3 28 120
24 75 47 61 9 4 0 0.95 M M 13.8 31 260 M M 9 13 43 250
25 54 42 48 -3 17 0 0.00 M M 7.7 18 350 M M 7 24 360
26 59 44 52 1 13 0 0.00 M M 14.5 23 120 M M 8 32 140
27 58 51 55 4 10 0 0.61 M M 9.8 20 130 M M 10 1 29 130
28 52 47 50 0 15 0 0.86 M M 16.5 28 360 M M 10 1 38 20
29 59 33 46 -4 19 0 0.05 M M 13.6 24 10 M M 6 39 350
30 66 29 48 -1 17 0 0.00 M M 3.8 18 350 M M 0 128 28 350
31 56 41 49 0 16 0 0.00 M M 11.1 24 360 M M 6 35 10
================================================================================
SM 2170 1400 242 20 6.27 M 245.6 M 136
================================================================================
AV 70.0 45.2 7.9 FASTST M M 4 MAX(MPH)
MISC ----> 31 260 43 250
================================================================================
NOTES:
# LAST OF SEVERAL OCCURRENCES
COLUMN 17 PEAK WIND IN M.P.H.
PRELIMINARY LOCAL CLIMATOLOGICAL DATA (WS FORM: F-6) , PAGE 2
STATION: ST. JOSEPH MO
MONTH: OCTOBER
YEAR: 2021
LATITUDE: 39 46 N
LONGITUDE: 94 55 W
[TEMPERATURE DATA] [PRECIPITATION DATA] SYMBOLS USED IN COLUMN 16
AVERAGE MONTHLY: 57.6 TOTAL FOR MONTH: 6.27 1 = FOG OR MIST
DPTR FM NORMAL: 2.3 DPTR FM NORMAL: 3.43 2 = FOG REDUCING VISIBILITY
HIGHEST: 86 ON 8 GRTST 24HR 3.37 ON 10-11 TO 1/4 MILE OR LESS
LOWEST: 29 ON 30 3 = THUNDER
SNOW, ICE PELLETS, HAIL 4 = ICE PELLETS
TOTAL MONTH: M 5 = HAIL
GRTST 24HR M ON M 6 = FREEZING RAIN OR DRIZZLE
GRTST DEPTH: M ON M 7 = DUSTSTORM OR SANDSTORM:
VSBY 1/2 MILE OR LESS
8 = SMOKE OR HAZE
[NO. OF DAYS WITH] [WEATHER - DAYS WITH] 9 = BLOWING SNOW
X = TORNADO
MAX 32 OR BELOW: 0 0.01 INCH OR MORE: 12
MAX 90 OR ABOVE: 0 0.10 INCH OR MORE: 7
MIN 32 OR BELOW: 1 0.50 INCH OR MORE: 4
MIN 0 OR BELOW: 0 1.00 INCH OR MORE: 1
[HDD (BASE 65) ]
TOTAL THIS MO. 242 CLEAR (SCALE 0-3) 9
DPTR FM NORMAL -84 PTCLDY (SCALE 4-7) 18
TOTAL FM JUL 1 265 CLOUDY (SCALE 8-10) 4
DPTR FM NORMAL -136
[CDD (BASE 65) ]
TOTAL THIS MO. 20
DPTR FM NORMAL -5 [PRESSURE DATA]
TOTAL FM JAN 1 1316 HIGHEST SLP M ON M
DPTR FM NORMAL 30 LOWEST SLP 29.42 ON 24
[REMARKS]
#FINAL-10-21#