000
CXUS55 KEAX 010836
CF6STJ
PRELIMINARY LOCAL CLIMATOLOGICAL DATA (WS FORM: F-6)
STATION: ST. JOSEPH MO
MONTH: NOVEMBER
YEAR: 2020
LATITUDE: 39 46 N
LONGITUDE: 94 55 W
TEMPERATURE IN F: :PCPN: SNOW: WIND :SUNSHINE: SKY :PK WND
================================================================================
1 2 3 4 5 6A 6B 7 8 9 10 11 12 13 14 15 16 17 18
12Z AVG MX 2MIN
DY MAX MIN AVG DEP HDD CDD WTR SNW DPTH SPD SPD DIR MIN PSBL S-S WX SPD DR
================================================================================
1 52 25 39 -10 26 0 0.00 M M 8.3 20 350 M M 0 28 320
2 68 26 47 -1 18 0 0.00 M M 4.6 21 240 M M 0 27 250
3 78 33 56 8 9 0 0.00 M M 6.3 16 190 M M 0 12 22 210
4 67 47 57 10 8 0 0.00 M M 6.9 18 200 M M 0 8 22 210
5 74 39 57 10 8 0 0.00 M M 3.0 10 210 M M 0 18 13 200
6 73 36 55 9 10 0 0.00 M M 7.7 21 180 M M 0 12 28 190
7 75 51 63 17 2 0 0.00 M M 11.9 24 170 M M 0 34 200
8 77 53 65 19 0 0 0.00 M M 17.1 35 180 M M 3 45 190
9 72 47 60 15 5 0 T M M 15.4 26 190 M M 9 8 36 180
10 47 29 38 -7 27 0 M M M 10.6 25 270 M M 9 1 36 290
11 56 24 40 -4 25 0 0.00 M M 4.6 13 210 M M 0 1 16 190
12 57 24 41 -3 24 0 0.00 M M 8.9 25 340 M M 2 32 340
13 48 16 32 -11 33 0 0.00 M M 6.1 15 150 M M 0 8 19 140
14 65 41 53 10 12 0 0.00 M M 16.1 33 270 M M 7 18 45 280
15 54 28 41 -1 24 0 0.07 M M 15.7 38 300 M M 1 50 310
16 64 25 45 3 20 0 0.00 M M 6.0 18 320 M M 0 25 320
17 57 25 41 0 24 0 0.00 M M 7.1 17 150 M M 0 23 160
18 70 38 54 13 11 0 0.00 M M 17.9 35 200 M M 0 48 190
19 73 43 58 18 7 0 0.00 M M 14.1 29 210 M M 0 18 37 210
20 64 36 50 10 15 0 0.00 M M 9.2 18 20 M M 0 12 25 40
21 49 40 45 6 20 0 0.07 M M 7.5 14 30 M M 7 18 18 30
22 55 24 40 1 25 0 0.00 M M 5.7 20 310 M M 5 18 26 300
23 40 19 30 -8 35 0 0.18 M M 6.1 16 120 M M 8 12 23 130
24 51 40 46 8 19 0 0.93 M M 8.1 20 200 M M 10 1238 24 190
25 49 32 41 4 24 0 0.44 M M 11.8 32 10 M M 10 18 43 20
26 53 28 41 4 24 0 0.00 M M 4.9 12 10 M M 0 1 M M
27 51 28 40 4 25 0 0.00 M M 5.1 15 340 M M 2 128 19 340
28 57 24 41 5 24 0 0.00 M M 5.5 18 220 M M 0 18 26 220
29 45 29 37 2 28 0 0.00 M M 16.1 33 350 M M 1 8 42 360
30 40 13 27 -8 38 0 0.00 M M 7.9 20 340 M M 0 28 320
================================================================================
SM 1781 963 570 0 1.69 M 276.2 M 74
================================================================================
AV 59.4 32.1 9.2 FASTST M M 2 MAX(MPH)
MISC ----> 38 300 50 310
================================================================================
NOTES:
# LAST OF SEVERAL OCCURRENCES
COLUMN 17 PEAK WIND IN M.P.H.
PRELIMINARY LOCAL CLIMATOLOGICAL DATA (WS FORM: F-6) , PAGE 2
STATION: ST. JOSEPH MO
MONTH: NOVEMBER
YEAR: 2020
LATITUDE: 39 46 N
LONGITUDE: 94 55 W
[TEMPERATURE DATA] [PRECIPITATION DATA] SYMBOLS USED IN COLUMN 16
AVERAGE MONTHLY: 45.7 TOTAL FOR MONTH: 1.69 1 = FOG OR MIST
DPTR FM NORMAL: 3.8 DPTR FM NORMAL: 0.14 2 = FOG REDUCING VISIBILITY
HIGHEST: 78 ON 3 GRTST 24HR 1.34 ON 24-25 TO 1/4 MILE OR LESS
LOWEST: 13 ON 30 3 = THUNDER
SNOW, ICE PELLETS, HAIL 4 = ICE PELLETS
TOTAL MONTH: M 5 = HAIL
GRTST 24HR M ON M 6 = FREEZING RAIN OR DRIZZLE
GRTST DEPTH: M ON M 7 = DUSTSTORM OR SANDSTORM:
VSBY 1/2 MILE OR LESS
8 = SMOKE OR HAZE
[NO. OF DAYS WITH] [WEATHER - DAYS WITH] 9 = BLOWING SNOW
X = TORNADO
MAX 32 OR BELOW: 0 0.01 INCH OR MORE: 5
MAX 90 OR ABOVE: 0 0.10 INCH OR MORE: 3
MIN 32 OR BELOW: 17 0.50 INCH OR MORE: 1
MIN 0 OR BELOW: 0 1.00 INCH OR MORE: 0
[HDD (BASE 65) ]
TOTAL THIS MO. 570 CLEAR (SCALE 0-3) 22
DPTR FM NORMAL -122 PTCLDY (SCALE 4-7) 4
TOTAL FM JUL 1 1079 CLOUDY (SCALE 8-10) 4
DPTR FM NORMAL -33
[CDD (BASE 65) ]
TOTAL THIS MO. 0
DPTR FM NORMAL -1 [PRESSURE DATA]
TOTAL FM JAN 1 1307 HIGHEST SLP 30.58 ON 17
DPTR FM NORMAL 86 LOWEST SLP 29.39 ON 14
[REMARKS]
#FINAL-11-20#