000
CXUS56 KMTR 010836
CLMSTS
CLIMATE REPORT
NATIONAL WEATHER SERVICE SAN FRANCISCO BAY AREA
1236 AM PST FRI DEC 01 2023
...................................
...THE SANTA ROSA AIRPORT CLIMATE SUMMARY FOR THE MONTH OF NOVEMBER 2023...
CLIMATE NORMAL PERIOD: 1991 TO 2020
CLIMATE RECORD PERIOD: 1998 TO 2023
WEATHER OBSERVED NORMAL DEPART LAST YEAR`S
VALUE DATE(S) VALUE FROM VALUE DATE(S)
NORMAL
................................................................
TEMPERATURE (F)
RECORD
HIGH 89 11/14/2008
LOW 23 11/29/2015
HIGHEST 81 11/03 74 11/15
11/18
11/23
LOWEST 29 11/26 26 11/30
11/27
AVG. MAXIMUM 68.9 65.4 3.5 65.6
AVG. MINIMUM 40.9 40.1 0.8 33.7
MEAN 54.9 52.8 2.1 49.7
DAYS MAX >= 90 0 0.0 0.0 0
DAYS MAX <= 32 0 0.0 0.0 0
DAYS MIN <= 32 4 4.1 -0.1 14
DAYS MIN <= 0 0 0.0 0.0 0
PRECIPITATION (INCHES)
RECORD
MAXIMUM 9.45 2001
MINIMUM 0.78 2007
TOTALS 2.17 1.23
DAILY AVG. 0.07 0.04
DAYS >= .01 8 7
DAYS >= .10 3 4
DAYS >= .50 1 0
DAYS >= 1.00 1 0
GREATEST
24 HR. TOTAL 1.53 11/17 TO 11/18 0.87 11/07 TO 11/08
DEGREE DAYS
HEATING TOTAL 297 453
SINCE 7/1 446 MM
COOLING TOTAL 0 0
SINCE 1/1 498 MM
................................................................
WIND (MPH)
AVERAGE WIND SPEED 3.3
RESULTANT WIND SPEED/DIRECTION 1/270
HIGHEST WIND SPEED/DIRECTION 28/180 DATE 11/17
HIGHEST GUST SPEED/DIRECTION 42/190 DATE 11/17
SKY COVER
POSSIBLE SUNSHINE (PERCENT) MM
AVERAGE SKY COVER 0.32
NUMBER OF DAYS FAIR 18
NUMBER OF DAYS PC 6
NUMBER OF DAYS CLOUDY 6
AVERAGE RH (PERCENT) 70
WEATHER CONDITIONS. NUMBER OF DAYS WITH
THUNDERSTORM 1 MIXED PRECIP 0
HEAVY RAIN 4 RAIN 5
LIGHT RAIN 11 FREEZING RAIN 0
LT FREEZING RAIN 0 HAIL 0
HEAVY SNOW 0 SNOW 0
LIGHT SNOW 0 SLEET 0
FOG 20 FOG W/VIS <= 1/4 MILE 9
HAZE 1
- INDICATES NEGATIVE NUMBERS.
R INDICATES RECORD WAS SET OR TIED.
MM INDICATES DATA IS MISSING.
T INDICATES TRACE AMOUNT.
$$