000
CXUS53 KGRB 230719
CF6SUE
PRELIMINARY LOCAL CLIMATOLOGICAL DATA (WS FORM: F-6)
STATION: STURGEON BAY WI
MONTH: FEBRUARY
YEAR: 2023
LATITUDE: 44 55 N
LONGITUDE: 87 25 W
TEMPERATURE IN F: :PCPN: SNOW: WIND :SUNSHINE: SKY :PK WND
================================================================================
1 2 3 4 5 6A 6B 7 8 9 10 11 12 13 14 15 16 17 18
12Z AVG MX 2MIN
DY MAX MIN AVG DEP HDD CDD WTR SNW DPTH SPD SPD DIR MIN PSBL S-S WX SPD DR
================================================================================
1 21 4 13 M 52 0 M M M 9.2 14 260 M M 4 M M
2 23 1 12 M 53 0 M M M 15.5 23 340 M M 2 37 340
3 10 -6 2 M 63 0 M M M 10.5 18 320 M M 3 25 320
4 29 6 18 M 47 0 M M M 11.5 15 230 M M 5 M M
5 33 20 27 M 38 0 M M M 8.2 13 20 M M 6 17 30
6 37 18 28 M 37 0 0.01 M M 10.9 29 180 M M 9 40 180
7 40 30 35 M 30 0 0.09 M M 13.6 24 190 M M 6 38 190
8 46 26 36 M 29 0 M M M 8.2 13 190 M M 0 M M
9 37 31 34 M 31 0 0.04 M M 9.4 20 320 M M 6 1 25 320
10 34 16 25 M 40 0 T M M 9.4 16 330 M M 5 22 330
11 45 19 32 M 33 0 M M M 12.6 24 240 M M 0 36 250
12 46 27 37 M 28 0 M M M 8.0 12 220 M M 0 M M
13 45 29 37 M 28 0 M M M 10.0 16 270 M M 0 21 270
14 44 32 38 M 27 0 0.23 M M 14.2 24 180 M M 3 36 170
15 45 27 36 M 29 0 T M M 15.1 23 270 M M 8 37 250
16 27 18 23 M 42 0 M M M 13.5 24 10 M M 10 1 32 360
17 23 15 19 M 46 0 T M M 12.8 23 360 M M 4 29 350
18 36 19 28 M 37 0 M M M 10.6 18 250 M M 0 25 250
19 44 30 37 M 28 0 M M M 12.2 20 250 M M 1 28 250
20 36 25 31 M 34 0 T M M 9.5 17 190 M M 8 1 24 250
21 35 23 29 M 36 0 T M M 12.2 21 320 M M 6 36 280
22 28 21 25 M 40 0 T M M 13.9 23 60 M M 10 1 37 60
================================================================================
SM 764 431 828 0 0.37 M 250.9 M 96
================================================================================
AV 34.7 19.6 11.4 FASTST M M 4 MAX(MPH)
MISC ----> 29 180 40 180
================================================================================
NOTES:
# LAST OF SEVERAL OCCURRENCES
COLUMN 17 PEAK WIND IN M.P.H.
PRELIMINARY LOCAL CLIMATOLOGICAL DATA (WS FORM: F-6) , PAGE 2
STATION: STURGEON BAY WI
MONTH: FEBRUARY
YEAR: 2023
LATITUDE: 44 55 N
LONGITUDE: 87 25 W
[TEMPERATURE DATA] [PRECIPITATION DATA] SYMBOLS USED IN COLUMN 16
AVERAGE MONTHLY: 27.2 TOTAL FOR MONTH: 0.37 1 = FOG OR MIST
DPTR FM NORMAL: 0.0 DPTR FM NORMAL: 0.37 2 = FOG REDUCING VISIBILITY
HIGHEST: 46 ON 12, 8 GRTST 24HR 0.23 ON 14-14 TO 1/4 MILE OR LESS
LOWEST: -6 ON 3 3 = THUNDER
SNOW, ICE PELLETS, HAIL 4 = ICE PELLETS
TOTAL MONTH: M 5 = HAIL
GRTST 24HR M ON M 6 = FREEZING RAIN OR DRIZZLE
GRTST DEPTH: M ON M 7 = DUSTSTORM OR SANDSTORM:
VSBY 1/2 MILE OR LESS
8 = SMOKE OR HAZE
[NO. OF DAYS WITH] [WEATHER - DAYS WITH] 9 = BLOWING SNOW
X = TORNADO
MAX 32 OR BELOW: 7 0.01 INCH OR MORE: 4
MAX 90 OR ABOVE: 0 0.10 INCH OR MORE: 1
MIN 32 OR BELOW: 22 0.50 INCH OR MORE: 0
MIN 0 OR BELOW: 1 1.00 INCH OR MORE: 0
[HDD (BASE 65) ]
TOTAL THIS MO. 828 CLEAR (SCALE 0-3) 9
DPTR FM NORMAL M PTCLDY (SCALE 4-7) 8
TOTAL FM JUL 1 4628 CLOUDY (SCALE 8-10) 5
DPTR FM NORMAL 4390
[CDD (BASE 65) ]
TOTAL THIS MO. 0
DPTR FM NORMAL M [PRESSURE DATA]
TOTAL FM JAN 1 0 HIGHEST SLP M ON M
DPTR FM NORMAL 0 LOWEST SLP M ON M
[REMARKS]