000
CXUS53 KFSD 012145
CF6SUX
PRELIMINARY LOCAL CLIMATOLOGICAL DATA (WS FORM: F-6)
STATION: SIOUX CITY IA
MONTH: NOVEMBER
YEAR: 2021
LATITUDE: 42 24 N
LONGITUDE: 96 23 W
TEMPERATURE IN F: :PCPN: SNOW: WIND :SUNSHINE: SKY :PK WND
================================================================================
1 2 3 4 5 6A 6B 7 8 9 10 11 12 13 14 15 16 17 18
12Z AVG MX 2MIN
DY MAX MIN AVG DEP HDD CDD WTR SNW DPTH SPD SPD DIR MIN PSBL S-S WX SPD DR
================================================================================
1 45 22 34 -9 31 0 0.00 0.0 0 4.7 13 330 M M 5 17 330
2 50 18 34 -8 31 0 0.00 0.0 0 2.8 8 280 M M 0 13 270
3 50 24 37 -5 28 0 0.00 0.0 0 8.1 15 210 M M 6 19 210
4 53 25 39 -2 26 0 0.00 0.0 0 7.3 14 180 M M 5 12 18 190
5 68 38 53 12 12 0 0.00 0.0 0 14.3 33 210 M M 1 1 48 200
6 69 32 51 11 14 0 0.00 0.0 0 7.4 13 120 M M 0 1 16 170
7 66 38 52 12 13 0 0.00 0.0 0 8.0 17 200 M M 0 1 23 200
8 62 37 50 11 15 0 0.00 0.0 0 10.9 21 20 M M 0 30 20
9 58 30 44 5 21 0 0.00 0.0 0 6.0 12 80 M M 2 16 360
10 51 39 45 7 20 0 0.13 0.0 0 9.2 26 320 M M 9 1 38 320
11 53 33 43 5 22 0 T T 0 21.3 37 290 M M 4 1 53 320
12 33 29 31 -6 34 0 0.03 0.3 T 25.5 39 330 M M 10 1 57 310
13 51 27 39 2 26 0 0.01 0.0 T 11.1 36 310 M M 7 55 300
14 44 29 37 1 28 0 0.00 0.0 0 10.7 36 310 M M 5 50 320
15 51 31 41 5 24 0 0.00 0.0 0 7.4 13 120 M M 2 17 120
16 68 33 51 15 14 0 0.00 0.0 0 12.1 26 340 M M 0 33 340
17 48 29 39 4 26 0 0.00 0.0 0 15.4 30 290 M M 1 45 320
18 40 18 29 -6 36 0 0.00 0.0 0 11.5 29 310 M M 0 36 310
19 52 19 36 2 29 0 0.00 0.0 0 12.5 29 180 M M 0 39 200
20 52 34 43 9 22 0 0.00 0.0 0 5.0 14 30 M M 7 18 20
21 43 18 31 -2 34 0 0.00 0.0 0 11.5 33 330 M M 3 41 320
22 47 20 34 1 31 0 0.00 0.0 0 7.0 16 200 M M 1 23 200
23 68 26 47 15 18 0 0.00 0.0 0 12.9 28 190 M M 0 39 180
24 53 30 42 10 23 0 0.00 0.0 0 17.5 32 350 M M 1 42 350
25 31 16 24 -8 41 0 0.00 0.0 0 11.7 32 330 M M 3 41 330
26 54 24 39 8 26 0 0.00 0.0 0 8.2 15 140 M M 1 21 140
27 55 31 43 12 22 0 0.00 0.0 0 11.1 30 320 M M 2 42 330
28 49 16 33 3 32 0 0.00 0.0 0 6.9 13 190 M M 0 18 190
29 70 29 50 20 15 0 0.00 0.0 0 7.8 23 310 M M 1 33 320
30 56 32 44 14 21 0 T 0.0 0 7.3 20 200 M M 3 27 200
================================================================================
SM 1590 827 735 0 0.17 0.3 313.1 M 79
================================================================================
AV 53.0 27.6 10.4 FASTST M M 3 MAX(MPH)
MISC ----> 39 330 57 310
================================================================================
NOTES:
# LAST OF SEVERAL OCCURRENCES
-COLUMN 17 PEAK WIND IN M.P.H.
-PRECIPITATION AMOUNTS IN COLUMNS 7, 8, AND 9 ARE THE OFFICIAL PRECIPITATION
AMOUNTS FOR SIOUX CITY, IA.
-SNOW DEPTH IN COLUMN 9 IS RECORDED AT 6 AM CST (12Z)
PRELIMINARY LOCAL CLIMATOLOGICAL DATA (WS FORM: F-6) , PAGE 2
STATION: SIOUX CITY IA
MONTH: NOVEMBER
YEAR: 2021
LATITUDE: 42 24 N
LONGITUDE: 96 23 W
[TEMPERATURE DATA] [PRECIPITATION DATA] SYMBOLS USED IN COLUMN 16
AVERAGE MONTHLY: 40.3 TOTAL FOR MONTH: 0.17 1 = FOG OR MIST
DPTR FM NORMAL: 4.4 DPTR FM NORMAL: -1.10 2 = FOG REDUCING VISIBILITY
HIGHEST: 70 ON 29 GRTST 24HR 0.13 ON 10-10 TO 1/4 MILE OR LESS
LOWEST: 16 ON 28,25 3 = THUNDER
SNOW, ICE PELLETS, HAIL 4 = ICE PELLETS
TOTAL MONTH: 0.3 INCH 5 = HAIL
GRTST 24HR 0.3 ON 12-12 6 = FREEZING RAIN OR DRIZZLE
GRTST DEPTH: T 7 = DUSTSTORM OR SANDSTORM:
VSBY 1/2 MILE OR LESS
8 = SMOKE OR HAZE
[NO. OF DAYS WITH] [WEATHER - DAYS WITH] 9 = BLOWING SNOW
X = TORNADO
MAX 32 OR BELOW: 1 0.01 INCH OR MORE: 3
MAX 90 OR ABOVE: 0 0.10 INCH OR MORE: 1
MIN 32 OR BELOW: 23 0.50 INCH OR MORE: 0
MIN 0 OR BELOW: 0 1.00 INCH OR MORE: 0
[HDD (BASE 65) ]
TOTAL THIS MO. 735 CLEAR (SCALE 0-3) 20
DPTR FM NORMAL -138 PTCLDY (SCALE 4-7) 8
TOTAL FM JUL 1 1128 CLOUDY (SCALE 8-10) 2
DPTR FM NORMAL -344
[CDD (BASE 65) ]
TOTAL THIS MO. 0
DPTR FM NORMAL 0 [PRESSURE DATA]
TOTAL FM JAN 1 1068 HIGHEST SLP 30.56 ON 25
DPTR FM NORMAL 203 LOWEST SLP 29.47 ON 16
[REMARKS]
RECORD DAILY MAXIMUM TEMPERATURE WAS ESTABLISHED ON THE 23RD
WITH A HIGH OF 68 DEGREES. THE PREVIOUS RECORD WAS 63 DEGREES IN 2017.
RECORD DAILY MAXIMUM TEMPERATURE WAS ESTABLISHED ON THE 29TH
WITH A HIGH OF 70 DEGREES. THE PREVIOUS RECORD WAS 63 DEGREES IN 1988/2014.
#FINAL-11-21#