000
CXUS54 KOUN 010700
CF6SWO
PRELIMINARY LOCAL CLIMATOLOGICAL DATA (WS FORM: F-6)
STATION: STILLWATER
MONTH: AUGUST
YEAR: 2020
LATITUDE: 36 10 N
LONGITUDE: 97 5 W
TEMPERATURE IN F: :PCPN: SNOW: WIND :SUNSHINE: SKY :PK WND
================================================================================
1 2 3 4 5 6A 6B 7 8 9 10 11 12 13 14 15 16 17 18
12Z AVG MX 2MIN
DY MAX MIN AVG DEP HDD CDD WTR SNW DPTH SPD SPD DIR MIN PSBL S-S WX SPD DR
================================================================================
1 89 65 77 -6 0 12 0.00 0.0 0 3.8 13 320 M M 1 1 16 350
2 90 64 77 -6 0 12 0.00 0.0 0 6.0 15 360 M M 1 18 360
3 86 63 75 -8 0 10 0.00 0.0 0 6.8 15 20 M M 0 18 30
4 84 61 73 -10 0 8 0.00 0.0 0 7.0 14 70 M M 4 46 90
5 86 63 75 -8 0 10 0.36 0.0 0 8.0 28 290 M M 2 13 37 270
6 85 70 78 -5 0 13 T 0.0 0 9.8 22 160 M M 5 38 28 170
7 92 72 82 -1 0 17 0.25 0.0 0 17.2 28 170 M M 0 13 33 170
8 97 78 88 5 0 23 T 0.0 0 13.1 20 170 M M 0 28 190
9 97 75 86 3 0 21 0.00 0.0 0 12.6 22 180 M M 0 29 190
10 98 70 84 1 0 19 0.25 0.0 0 12.2 32 280 M M 0 13 43 290
11 89 70 80 -3 0 15 0.28 0.0 0 6.8 18 110 M M 3 13 22 110
12 92 72 82 -1 0 17 0.00 0.0 0 10.8 20 160 M M 7 13 27 150
13 94 73 84 1 0 19 0.00 0.0 M 12.3 22 140 M M 2 3 27 150
14 93 76 85 3 0 20 0.00 0.0 0 10.1 23 130 M M 0 29 120
15 96 73 85 3 0 20 0.00 0.0 0 6.2 22 10 M M 0 26 10
16 91 70 81 -1 0 16 0.00 0.0 0 6.5 13 110 M M 0 19 280
17 95 66 81 -1 0 16 0.00 0.0 0 7.0 17 40 M M 1 24 40
18 91 60 76 -6 0 11 0.00 0.0 0 5.0 12 50 M M 0 15 350
19 89 62 76 -6 0 11 0.00 0.0 0 5.6 13 60 M M 0 17 120
20 91 59 75 -7 0 10 0.00 0.0 M 5.7 14 150 M M 0 1 18 150
21 92 64 78 -3 0 13 0.00 0.0 0 5.1 13 200 M M 0 17 190
22 94 63 79 -2 0 14 0.00 0.0 0 4.7 13 140 M M 0 34 200
23 96 65 81 0 0 16 0.00 0.0 0 5.8 15 100 M M 0 30 90
24 97 65 81 0 0 16 0.00 0.0 0 6.3 16 120 M M 0 8 19 130
25 97 65 81 1 0 16 0.00 0.0 0 5.6 15 170 M M 0 1 34 200
26 96 68 82 2 0 17 0.00 0.0 0 8.2 31 160 M M 1 138 37 160
27 95 66 81 1 0 16 0.00 0.0 0 5.7 17 150 M M 2 21 140
28 104 67 86 6 0 21 0.00 0.0 M 5.8 15 180 M M 0 21 160
29 86 72 79 0 0 14 0.00 0.0 0 9.8 22 50 M M 1 3 29 40
30 96 68 82 3 0 17 0.01 0.0 0 5.8 14 170 M M 3 1 27 210
31 99 73 86 7 0 21 0.57 0.0 0 9.4 31 190 M M 4 13 38 200
================================================================================
SM 2877 2098 0 481 1.72 0.0 244.7 M 37
================================================================================
AV 92.8 67.7 7.9 FASTST M M 1 MAX(MPH)
MISC ----> # 32 280 # 46 90
================================================================================
NOTES:
# LAST OF SEVERAL OCCURRENCES
COLUMN 17 PEAK WIND IN M.P.H.
PRELIMINARY LOCAL CLIMATOLOGICAL DATA (WS FORM: F-6) , PAGE 2
STATION: STILLWATER
MONTH: AUGUST
YEAR: 2020
LATITUDE: 36 10 N
LONGITUDE: 97 5 W
[TEMPERATURE DATA] [PRECIPITATION DATA] SYMBOLS USED IN COLUMN 16
AVERAGE MONTHLY: 80.2 TOTAL FOR MONTH: 1.72 1 = FOG OR MIST
DPTR FM NORMAL: -1.5 DPTR FM NORMAL: -1.21 2 = FOG REDUCING VISIBILITY
HIGHEST: 104 ON 28 GRTST 24HR 0.57 ON 31-31 TO 1/4 MILE OR LESS
LOWEST: 59 ON 20 3 = THUNDER
SNOW, ICE PELLETS, HAIL 4 = ICE PELLETS
TOTAL MONTH: 0.0 INCH 5 = HAIL
GRTST 24HR 0.0 6 = FREEZING RAIN OR DRIZZLE
GRTST DEPTH: 0 7 = DUSTSTORM OR SANDSTORM:
VSBY 1/2 MILE OR LESS
8 = SMOKE OR HAZE
[NO. OF DAYS WITH] [WEATHER - DAYS WITH] 9 = BLOWING SNOW
X = TORNADO
MAX 32 OR BELOW: 0 0.01 INCH OR MORE: 6
MAX 90 OR ABOVE: 23 0.10 INCH OR MORE: 5
MIN 32 OR BELOW: 0 0.50 INCH OR MORE: 1
MIN 0 OR BELOW: 0 1.00 INCH OR MORE: 0
[HDD (BASE 65) ]
TOTAL THIS MO. 0 CLEAR (SCALE 0-3) 25
DPTR FM NORMAL 0 PTCLDY (SCALE 4-7) 6
TOTAL FM JUL 1 0 CLOUDY (SCALE 8-10) 0
DPTR FM NORMAL 0
[CDD (BASE 65) ]
TOTAL THIS MO. 481
DPTR FM NORMAL -38 [PRESSURE DATA]
TOTAL FM JAN 1 1761 HIGHEST SLP M ON M
DPTR FM NORMAL 164 LOWEST SLP 28.40 ON 31
[REMARKS]
#FINAL-08-20#