000
CXUS54 KEWX 011110
CF6T20
PRELIMINARY LOCAL CLIMATOLOGICAL DATA (WS FORM: F-6)
STATION: GONZALES
MONTH: FEBRUARY
YEAR: 2024
LATITUDE: 29 31 N
LONGITUDE: 97 28 W
TEMPERATURE IN F: :PCPN: SNOW: WIND :SUNSHINE: SKY :PK WND
================================================================================
1 2 3 4 5 6A 6B 7 8 9 10 11 12 13 14 15 16 17 18
12Z AVG MX 2MIN
DY MAX MIN AVG DEP HDD CDD WTR SNW DPTH SPD SPD DIR MIN PSBL S-S WX SPD DR
================================================================================
1 74 47 61 M 4 0 0.00 M M 5.0 12 170 M M 1 18 170
2 71 59 65 M 0 0 0.86 M M 7.6 12 250 M M 9 123 38 160
3 73 51 62 M 3 0 0.41 M M 5.1 13 80 M M 4 3 24 150
4 70 51 61 M 4 0 0.00 M M 11.3 24 330 M M 1 36 310
5 64 50 57 M 8 0 0.00 M M 9.1 17 350 M M 4 25 350
6 70 40 55 M 10 0 0.00 M M 2.4 7 150 M M 0 1 M M
7 72 46 59 M 6 0 0.00 M M 8.4 18 160 M M 4 1 25 160
8 77 61 69 M 0 4 0.00 M M 4.9 9 170 M M 6 M M
9 76 65 71 M 0 6 0.00 M M 5.4 9 180 M M 9 1 M M
10 74 66 70 M 0 5 0.00 M M 5.6 13 200 M M 10 1 20 130
11 69 49 59 M 6 0 0.00 M M 9.7 18 350 M M 6 1 24 350
12 62 43 53 M 12 0 0.00 M M 9.3 17 330 M M 2 27 330
13 69 37 53 M 12 0 0.00 M M 2.9 8 140 M M 0 16 140
14 69 41 55 M 10 0 0.00 M M 5.8 12 160 M M 5 16 150
15 73 58 66 M 0 1 0.00 M M 2.1 9 160 M M 8 M M
16 69 58 64 M 1 0 0.14 M M 7.3 17 360 M M 8 24 360
17 58 38 48 M 17 0 0.00 M M 15.2 23 20 M M 2 33 10
18 55 32 44 M 21 0 0.00 M M 4.6 9 20 M M 1 16 10
19 68 36 52 M 13 0 0.00 M M 5.7 10 200 M M 0 18 160
20 79 44 62 M 3 0 0.00 M M 5.4 13 170 M M 2 12 20 220
21 80 58 69 M 0 4 0.00 M M 9.4 17 170 M M 7 12 25 160
22 81 64 73 M 0 8 0.00 M M 6.6 14 190 M M 6 23 190
23 76 55 66 M 0 1 0.00 M M 7.3 15 40 M M 0 23 30
24 79 46 63 M 2 0 0.00 M M 4.6 12 170 M M 0 17 170
25 83 54 69 M 0 4 0.00 M M 8.6 18 200 M M 0 24 210
26 80 63 72 M 0 7 0.00 M M 6.9 10 150 M M 5 12 17 150
27 84 69 77 M 0 12 0.00 M M 8.1 13 200 M M 6 21 200
28 69 48 59 M 6 0 0.00 M M 12.5 23 10 M M 2 12 35 20
29 50 45 48 M 17 0 0.00 M M 7.3 12 20 M M 9 1 17 30
================================================================================
SM 2074 1474 155 52 1.41 M 204.2 M 117
================================================================================
AV 71.5 50.8 7.0 FASTST M M 4 MAX(MPH)
MISC ----> 24 330 38 160
================================================================================
NOTES:
# LAST OF SEVERAL OCCURRENCES
COLUMN 17 PEAK WIND IN M.P.H.
PRELIMINARY LOCAL CLIMATOLOGICAL DATA (WS FORM: F-6) , PAGE 2
STATION: GONZALES
MONTH: FEBRUARY
YEAR: 2024
LATITUDE: 29 31 N
LONGITUDE: 97 28 W
[TEMPERATURE DATA] [PRECIPITATION DATA] SYMBOLS USED IN COLUMN 16
AVERAGE MONTHLY: 61.2 TOTAL FOR MONTH: 1.41 1 = FOG OR MIST
DPTR FM NORMAL: 0.0 DPTR FM NORMAL: M 2 = FOG REDUCING VISIBILITY
HIGHEST: 84 ON 27 GRTST 24HR 0.86 ON 2- 2 TO 1/4 MILE OR LESS
LOWEST: 32 ON 18 3 = THUNDER
SNOW, ICE PELLETS, HAIL 4 = ICE PELLETS
TOTAL MONTH: M 5 = HAIL
GRTST 24HR M ON M 6 = FREEZING RAIN OR DRIZZLE
GRTST DEPTH: M ON M 7 = DUSTSTORM OR SANDSTORM:
VSBY 1/2 MILE OR LESS
8 = SMOKE OR HAZE
[NO. OF DAYS WITH] [WEATHER - DAYS WITH] 9 = BLOWING SNOW
X = TORNADO
MAX 32 OR BELOW: 0 0.01 INCH OR MORE: 3
MAX 90 OR ABOVE: 0 0.10 INCH OR MORE: 3
MIN 32 OR BELOW: 1 0.50 INCH OR MORE: 1
MIN 0 OR BELOW: 0 1.00 INCH OR MORE: 0
[HDD (BASE 65) ]
TOTAL THIS MO. 155 CLEAR (SCALE 0-3) 13
DPTR FM NORMAL M PTCLDY (SCALE 4-7) 12
TOTAL FM JUL 1 1023 CLOUDY (SCALE 8-10) 4
DPTR FM NORMAL M
[CDD (BASE 65) ]
TOTAL THIS MO. 52
DPTR FM NORMAL M [PRESSURE DATA]
TOTAL FM JAN 1 54 HIGHEST SLP M ON M
DPTR FM NORMAL M LOWEST SLP M ON M
[REMARKS]
#FINAL-02-24#