000
CXUS54 KFWD 161603
CF6T35
PRELIMINARY LOCAL CLIMATOLOGICAL DATA (WS FORM: F-6)
STATION: CAMERON
MONTH: JANUARY
YEAR: 2024
LATITUDE: 30 52 N
LONGITUDE: 96 58 W
TEMPERATURE IN F: :PCPN: SNOW: WIND :SUNSHINE: SKY :PK WND
================================================================================
1 2 3 4 5 6A 6B 7 8 9 10 11 12 13 14 15 16 17 18
12Z AVG MX 2MIN
DY MAX MIN AVG DEP HDD CDD WTR SNW DPTH SPD SPD DIR MIN PSBL S-S WX SPD DR
================================================================================
1 56 36 46 M 19 0 0.00 M M 9.2 16 360 M M 4 22 350
2 58 33 46 M 19 0 0.87 M M 5.8 13 360 M M 6 M M
3 53 41 47 M 18 0 0.00 M M 5.9 10 360 M M 7 1 M M
4 61 33 47 M 18 0 0.01 M M 5.5 14 120 M M 7 12 20 130
5 61 46 54 M 11 0 0.16 M M 3.7 9 300 M M 6 M M
6 57 37 47 M 18 0 0.00 M M 4.2 10 350 M M 0 M M
7 64 34 49 M 16 0 0.00 M M 6.7 14 150 M M 1 1 21 170
8 73 47 60 M 5 0 0.11 M M 14.2 26 300 M M 9 37 300
9 56 34 45 M 20 0 0.00 M M 14.2 24 300 M M 0 33 300
10 67 32 50 M 15 0 0.00 M M 10.7 22 200 M M 0 32 210
11 72 49 61 M 4 0 0.00 M M 12.5 21 180 M M 5 1 30 190
12 67 35 51 M 14 0 0.00 M M 13.3 29 310 M M 1 40 320
13 63 31 47 M 18 0 0.00 M M 9.4 18 200 M M 0 25 200
14 32 18 25 M 40 0 0.00 M M 13.2 17 360 M M 9 1 23 360
15 22 17 20 M 45 0 0.00 M M 13.8 18 10 M M 8 1 22 360
16 30 17 24 M 41 0 0.00 M M 11.3 18 350 M M 0 26 340
17 47 15 31 M 34 0 0.00 M M 7.0 14 190 M M 1 22 190
18 74 40 57 M 8 0 0.00 M M 8.2 15 220 M M 2 23 240
19 49 28 39 M 26 0 0.00 M M 13.4 22 360 M M 0 33 360
20 42 23 33 M 32 0 0.00 M M 6.4 14 20 M M 2 16 20
21 42 37 40 M 25 0 0.01 M M 7.3 15 130 M M 10 20 120
22 51 39 45 M 20 0 2.00 M M 2.9 14 100 M M 10 13 21 100
23 55 50 53 M 12 0 0.45 M M 3.3 7 330 M M 10 13 M M
24 54 51 53 M 12 0 0.67 M M 4.9 8 310 M M 10 13 M M
25 53 50 52 M 13 0 0.07 M M 4.2 10 340 M M 10 12 M M
26 55 49 52 M 13 0 0.01 M M 4.1 10 330 M M 10 12 M M
27 59 42 51 M 14 0 0.00 M M 10.2 20 310 M M 6 1 26 320
28 64 37 51 M 14 0 0.00 M M 4.5 7 350 M M 0 36 330
29 73 38 56 M 9 0 0.00 M M 4.8 8 200 M M 0 16 230
30 74 46 60 M 5 0 0.00 M M 5.1 8 250 M M 0 M M
31 76 43 60 M 5 0 0.00 M M 3.4 7 200 M M 0 M M
================================================================================
SM 1760 1128 563 0 4.36 M 243.1 M 134
================================================================================
AV 56.8 36.4 7.8 FASTST M M 4 MAX(MPH)
MISC ----> 29 310 40 320
================================================================================
NOTES:
# LAST OF SEVERAL OCCURRENCES
COLUMN 17 PEAK WIND IN M.P.H.
PRELIMINARY LOCAL CLIMATOLOGICAL DATA (WS FORM: F-6) , PAGE 2
STATION: CAMERON
MONTH: JANUARY
YEAR: 2024
LATITUDE: 30 52 N
LONGITUDE: 96 58 W
[TEMPERATURE DATA] [PRECIPITATION DATA] SYMBOLS USED IN COLUMN 16
AVERAGE MONTHLY: 46.6 TOTAL FOR MONTH: 4.36 1 = FOG OR MIST
DPTR FM NORMAL: 0.0 DPTR FM NORMAL: M 2 = FOG REDUCING VISIBILITY
HIGHEST: 76 ON 31 GRTST 24HR 2.00 ON 22-22 TO 1/4 MILE OR LESS
LOWEST: 15 ON 17 3 = THUNDER
SNOW, ICE PELLETS, HAIL 4 = ICE PELLETS
TOTAL MONTH: M 5 = HAIL
GRTST 24HR M ON M 6 = FREEZING RAIN OR DRIZZLE
GRTST DEPTH: M ON M 7 = DUSTSTORM OR SANDSTORM:
VSBY 1/2 MILE OR LESS
8 = SMOKE OR HAZE
[NO. OF DAYS WITH] [WEATHER - DAYS WITH] 9 = BLOWING SNOW
X = TORNADO
MAX 32 OR BELOW: 3 0.01 INCH OR MORE: 10
MAX 90 OR ABOVE: 0 0.10 INCH OR MORE: 6
MIN 32 OR BELOW: 8 0.50 INCH OR MORE: 3
MIN 0 OR BELOW: 0 1.00 INCH OR MORE: 1
[HDD (BASE 65) ]
TOTAL THIS MO. 563 CLEAR (SCALE 0-3) 15
DPTR FM NORMAL M PTCLDY (SCALE 4-7) 8
TOTAL FM JUL 1 1154 CLOUDY (SCALE 8-10) 8
DPTR FM NORMAL M
[CDD (BASE 65) ]
TOTAL THIS MO. 0
DPTR FM NORMAL M [PRESSURE DATA]
TOTAL FM JAN 1 0 HIGHEST SLP M ON M
DPTR FM NORMAL M LOWEST SLP M ON M
[REMARKS]
#FINAL-01-24#