000
CXUS54 KFWD 041033
CF6T35
PRELIMINARY LOCAL CLIMATOLOGICAL DATA (WS FORM: F-6)
STATION: CAMERON
MONTH: SEPTEMBER
YEAR: 2023
LATITUDE: 30 52 N
LONGITUDE: 96 58 W
TEMPERATURE IN F: :PCPN: SNOW: WIND :SUNSHINE: SKY :PK WND
================================================================================
1 2 3 4 5 6A 6B 7 8 9 10 11 12 13 14 15 16 17 18
12Z AVG MX 2MIN
DY MAX MIN AVG DEP HDD CDD WTR SNW DPTH SPD SPD DIR MIN PSBL S-S WX SPD DR
================================================================================
1 100 71 86 M 0 21 0.00 M M 2.7 7 50 M M 1 M M
2 101 72 87 M 0 22 0.00 M M 2.3 6 160 M M 0 M M
3 101 77 89 M 0 24 0.00 M M 6.1 12 210 M M 1 17 320
4 102 79 91 M 0 26 0.00 M M 9.9 18 170 M M 2 23 170
5 104 81 93 M 0 28 0.00 M M 11.2 16 180 M M 3 23 210
6 103 80 92 M 0 27 0.00 M M 4.9 14 190 M M 3 20 190
7 106 80 93 M 0 28 0.00 M M 5.8 12 190 M M 0 16 240
8 108 80 94 M 0 29 0.00 M M 7.1 13 200 M M 0 22 240
9 103 80 92 M 0 27 0.00 M M 7.4 14 80 M M 0 21 80
10 98 76 87 M 0 22 0.00 M M 5.1 10 110 M M 1 17 70
11 94 66 80 M 0 15 0.00 M M 4.0 8 200 M M 0 M M
12 94 76 85 M 0 20 0.00 M M 5.4 15 360 M M 0 21 0
13 81 72 77 M 0 12 0.30 M M 6.1 10 360 M M 6 1 16 340
14 87 73 80 M 0 15 0.08 M M 4.3 12 100 M M 7 1 18 40
15 82 70 76 M 0 11 0.98 M M 4.1 15 20 M M 6 3 18 20
16 83 70 77 M 0 12 0.37 M M 2.1 6 300 M M 5 123 21 270
17 93 70 82 M 0 17 0.00 M M 3.4 8 330 M M 1 1 16 300
18 94 65 80 M 0 15 0.00 M M 1.9 9 170 M M 0 16 150
19 95 70 83 M 0 18 0.00 M M 7.6 12 190 M M 1 20 200
20 96 71 84 M 0 19 0.00 M M 8.2 14 210 M M 1 22 180
21 97 73 85 M 0 20 0.00 M M 5.8 10 150 M M 2 17 170
22 98 74 86 M 0 21 0.00 M M 7.9 14 190 M M 2 20 190
23 98 78 88 M 0 23 0.00 M M 8.8 14 170 M M 2 21 140
24 101 77 89 M 0 24 0.16 M M 11.8 20 200 M M 2 3 35 290
25 93 76 85 M 0 20 M M M 5.3 13 20 M M 5 16 30
26 M M M M M M M M M M M M M M M M M
27 M M M M M M M M M M M M M M M M M
28 M M M M M M M M M M M M M M M M M
29 M M M M M M M M M M M M M M M M M
30 M M M M M M M M M M M M M M M M M
================================================================================
SM 2412 1857 0 516 1.89 M 149.1 M 51
================================================================================
AV 96.5 74.3 6.0 FASTST M M 2 MAX(MPH)
MISC ----> 20 200 35 290
================================================================================
NOTES:
# LAST OF SEVERAL OCCURRENCES
COLUMN 17 PEAK WIND IN M.P.H.
PRELIMINARY LOCAL CLIMATOLOGICAL DATA (WS FORM: F-6) , PAGE 2
STATION: CAMERON
MONTH: SEPTEMBER
YEAR: 2023
LATITUDE: 30 52 N
LONGITUDE: 96 58 W
[TEMPERATURE DATA] [PRECIPITATION DATA] SYMBOLS USED IN COLUMN 16
AVERAGE MONTHLY: 85.4 TOTAL FOR MONTH: 1.89 1 = FOG OR MIST
DPTR FM NORMAL: 0.0 DPTR FM NORMAL: M 2 = FOG REDUCING VISIBILITY
HIGHEST: 108 ON 8 GRTST 24HR 0.98 ON 15-15 TO 1/4 MILE OR LESS
LOWEST: 65 ON 18 3 = THUNDER
SNOW, ICE PELLETS, HAIL 4 = ICE PELLETS
TOTAL MONTH: M 5 = HAIL
GRTST 24HR M ON M 6 = FREEZING RAIN OR DRIZZLE
GRTST DEPTH: M ON M 7 = DUSTSTORM OR SANDSTORM:
VSBY 1/2 MILE OR LESS
8 = SMOKE OR HAZE
[NO. OF DAYS WITH] [WEATHER - DAYS WITH] 9 = BLOWING SNOW
X = TORNADO
MAX 32 OR BELOW: 0 0.01 INCH OR MORE: 5
MAX 90 OR ABOVE: 21 0.10 INCH OR MORE: 4
MIN 32 OR BELOW: 0 0.50 INCH OR MORE: 1
MIN 0 OR BELOW: 0 1.00 INCH OR MORE: 0
[HDD (BASE 65) ]
TOTAL THIS MO. 0 CLEAR (SCALE 0-3) 20
DPTR FM NORMAL M PTCLDY (SCALE 4-7) 5
TOTAL FM JUL 1 0 CLOUDY (SCALE 8-10) 5
DPTR FM NORMAL M
[CDD (BASE 65) ]
TOTAL THIS MO. 516
DPTR FM NORMAL M [PRESSURE DATA]
TOTAL FM JAN 1 3259 HIGHEST SLP M ON M
DPTR FM NORMAL M LOWEST SLP M ON M
[REMARKS]
#FINAL-09-23#