000
CXUS54 KEWX 011011
CF6T82
PRELIMINARY LOCAL CLIMATOLOGICAL DATA (WS FORM: F-6)
STATION: FREDERICKSBURG
MONTH: JUNE
YEAR: 2023
LATITUDE: 30 15 N
LONGITUDE: 98 55 W
TEMPERATURE IN F: :PCPN: SNOW: WIND :SUNSHINE: SKY :PK WND
================================================================================
1 2 3 4 5 6A 6B 7 8 9 10 11 12 13 14 15 16 17 18
12Z AVG MX 2MIN
DY MAX MIN AVG DEP HDD CDD WTR SNW DPTH SPD SPD DIR MIN PSBL S-S WX SPD DR
================================================================================
1 86 69 78 M 0 13 0.00 M M 8.0 14 130 M M 5 20 200
2 86 69 78 M 0 13 0.00 M M 6.9 15 220 M M 5 21 220
3 88 62 75 M 0 10 0.00 M M 6.6 16 240 M M 2 27 120
4 83 63 73 M 0 8 0.04 M M 3.6 10 170 M M 6 3 22 170
5 85 62 74 M 0 9 0.00 M M 4.8 10 20 M M 3 17 20
6 86 62 74 M 0 9 0.00 M M 3.1 13 140 M M 2 M M
7 83 63 73 M 0 8 0.00 M M 2.7 14 220 M M 2 18 220
8 85 64 75 M 0 10 0.58 M M 3.8 15 20 M M 2 3 33 350
9 94 66 80 M 0 15 0.00 M M 2.5 7 230 M M 0 M M
10 94 69 82 M 0 17 0.00 M M 9.7 28 330 M M 1 40 330
11 95 75 85 M 0 20 0.00 M M 8.8 16 200 M M 3 23 220
12 93 74 84 M 0 19 0.00 M M 8.4 15 200 M M 5 23 200
13 88 74 81 M 0 16 0.00 M M 6.7 13 200 M M 7 8 16 200
14 93 75 84 M 0 19 0.00 M M 5.8 9 220 M M 5 17 170
15 98 73 86 M 0 21 0.00 M M 6.2 15 190 M M 3 18 20 190
16 102 67 85 M 0 20 2.02 M M 8.8 22 150 M M 4 3 30 150
17 94 74 84 M 0 19 0.00 M M 5.6 14 170 M M 1 20 170
18 100 76 88 M 0 23 0.10 M M 4.7 12 210 M M 1 3 M M
19 100 74 87 M 0 22 0.00 M M 4.0 12 210 M M 1 18 90
20 102 73 88 M 0 23 0.00 M M 3.8 9 210 M M 0 17 170
21 105 71 88 M 0 23 0.45 M M 4.4 45 320 M M 0 3 59 320
22 91 70 81 M 0 16 0.01 M M 5.9 13 110 M M 1 35 160
23 96 69 83 M 0 18 0.00 M M 6.3 14 170 M M 0 24 140
24 98 73 86 M 0 21 0.00 M M 8.9 16 210 M M 1 22 210
25 98 75 87 M 0 22 0.00 M M 9.2 15 200 M M 1 20 210
26 100 75 88 M 0 23 0.00 M M 8.6 14 230 M M 0 20 190
27 101 75 88 M 0 23 0.00 M M 6.6 12 200 M M 0 18 200
28 98 72 85 M 0 20 0.00 M M 8.0 14 240 M M 0 20 210
29 95 72 84 M 0 19 0.00 M M 8.4 16 170 M M 0 23 180
30 94 74 84 M 0 19 M M M 11.0 17 170 M M 3 24 170
================================================================================
SM 2811 2110 0 518 3.20 M 191.7 M 64
================================================================================
AV 93.7 70.3 6.4 FASTST M M 2 MAX(MPH)
MISC ----> 45 320 59 320
================================================================================
NOTES:
# LAST OF SEVERAL OCCURRENCES
COLUMN 17 PEAK WIND IN M.P.H.
PRELIMINARY LOCAL CLIMATOLOGICAL DATA (WS FORM: F-6) , PAGE 2
STATION: FREDERICKSBURG
MONTH: JUNE
YEAR: 2023
LATITUDE: 30 15 N
LONGITUDE: 98 55 W
[TEMPERATURE DATA] [PRECIPITATION DATA] SYMBOLS USED IN COLUMN 16
AVERAGE MONTHLY: 82.0 TOTAL FOR MONTH: 3.20 1 = FOG OR MIST
DPTR FM NORMAL: 0.0 DPTR FM NORMAL: M 2 = FOG REDUCING VISIBILITY
HIGHEST: 105 ON 21 GRTST 24HR 2.02 ON 16-16 TO 1/4 MILE OR LESS
LOWEST: 62 ON 6, 5 3 = THUNDER
SNOW, ICE PELLETS, HAIL 4 = ICE PELLETS
TOTAL MONTH: M 5 = HAIL
GRTST 24HR M ON M 6 = FREEZING RAIN OR DRIZZLE
GRTST DEPTH: M ON M 7 = DUSTSTORM OR SANDSTORM:
VSBY 1/2 MILE OR LESS
8 = SMOKE OR HAZE
[NO. OF DAYS WITH] [WEATHER - DAYS WITH] 9 = BLOWING SNOW
X = TORNADO
MAX 32 OR BELOW: 0 0.01 INCH OR MORE: 6
MAX 90 OR ABOVE: 21 0.10 INCH OR MORE: 3
MIN 32 OR BELOW: 0 0.50 INCH OR MORE: 2
MIN 0 OR BELOW: 0 1.00 INCH OR MORE: 1
[HDD (BASE 65) ]
TOTAL THIS MO. 0 CLEAR (SCALE 0-3) 21
DPTR FM NORMAL M PTCLDY (SCALE 4-7) 9
TOTAL FM JUL 1 1813 CLOUDY (SCALE 8-10) 0
DPTR FM NORMAL M
[CDD (BASE 65) ]
TOTAL THIS MO. 518
DPTR FM NORMAL M [PRESSURE DATA]
TOTAL FM JAN 1 923 HIGHEST SLP M ON M
DPTR FM NORMAL M LOWEST SLP M ON M
[REMARKS]
#FINAL-06-23#