000
CXUS54 KEWX 011111
CF6T82
PRELIMINARY LOCAL CLIMATOLOGICAL DATA (WS FORM: F-6)
STATION: FREDERICKSBURG
MONTH: DECEMBER
YEAR: 2022
LATITUDE: 30 15 N
LONGITUDE: 98 55 W
TEMPERATURE IN F: :PCPN: SNOW: WIND :SUNSHINE: SKY :PK WND
================================================================================
1 2 3 4 5 6A 6B 7 8 9 10 11 12 13 14 15 16 17 18
12Z AVG MX 2MIN
DY MAX MIN AVG DEP HDD CDD WTR SNW DPTH SPD SPD DIR MIN PSBL S-S WX SPD DR
================================================================================
1 52 33 43 M 22 0 0.01 M M 2.5 7 190 M M 8 1 M M
2 69 48 59 M 6 0 0.01 M M 6.1 16 220 M M 9 1 23 220
3 64 50 57 M 8 0 0.00 M M 6.1 13 10 M M 7 1 18 0
4 56 47 52 M 13 0 0.01 M M 1.4 8 20 M M 10 1 M M
5 67 56 62 M 3 0 0.00 M M 7.9 14 220 M M 9 1 20 220
6 70 55 63 M 2 0 0.00 M M 4.0 10 210 M M 8 1 M M
7 76 63 70 M 0 5 0.00 M M 4.5 14 190 M M 9 1 17 190
8 77 66 72 M 0 7 0.00 M M 6.6 14 190 M M 9 21 210
9 76 63 70 M 0 5 0.00 M M 4.7 10 160 M M 7 18 160
10 70 64 67 M 0 2 0.00 M M 6.0 13 170 M M 10 18 170
11 67 54 61 M 4 0 0.00 M M 5.3 10 80 M M 7 16 40
12 68 55 62 M 3 0 0.00 M M 7.5 15 160 M M 10 1 20 160
13 72 58 65 M 0 0 0.00 M M 7.9 14 170 M M 8 21 170
14 62 35 49 M 16 0 0.01 M M 9.1 23 300 M M 4 30 300
15 64 29 47 M 18 0 0.00 M M 4.0 12 200 M M 0 18 250
16 56 34 45 M 20 0 0.00 M M 5.2 14 10 M M 2 18 40
17 55 35 45 M 20 0 0.00 M M 4.4 10 360 M M 3 M M
18 51 26 39 M 26 0 0.00 M M 4.7 9 150 M M 7 M M
19 48 42 45 M 20 0 0.21 M M 3.3 7 150 M M 10 12 M M
20 47 39 43 M 22 0 0.00 M M 5.9 10 360 M M 10 12 M M
21 51 32 42 M 23 0 0.00 M M 3.3 10 220 M M 5 1 16 220
22 56 13 35 M 30 0 0.00 M M 15.4 24 360 M M 7 35 360
23 29 10 20 M 45 0 0.00 M M 12.6 22 360 M M 0 29 360
24 39 14 27 M 38 0 0.00 M M 1.6 7 20 M M 0 M M
25 52 18 35 M 30 0 0.00 M M 3.2 9 200 M M 0 M M
26 60 25 43 M 22 0 0.00 M M 4.4 12 360 M M 0 17 270
27 60 26 43 M 22 0 0.00 M M 5.3 14 200 M M 0 17 190
28 72 44 58 M 7 0 0.00 M M 8.1 18 210 M M 0 24 200
29 69 50 60 M 5 0 0.00 M M 4.8 9 310 M M 6 M M
30 61 40 51 M 14 0 T M M 1.6 5 340 M M 7 M M
31 74 34 54 M 11 0 M M M 6.4 21 220 M M 0 1 28 230
================================================================================
SM 1890 1258 450 19 0.25 M 174.0 M 172
================================================================================
AV 61.0 40.6 5.6 FASTST M M 6 MAX(MPH)
MISC ----> 24 360 35 360
================================================================================
NOTES:
# LAST OF SEVERAL OCCURRENCES
COLUMN 17 PEAK WIND IN M.P.H.
PRELIMINARY LOCAL CLIMATOLOGICAL DATA (WS FORM: F-6) , PAGE 2
STATION: FREDERICKSBURG
MONTH: DECEMBER
YEAR: 2022
LATITUDE: 30 15 N
LONGITUDE: 98 55 W
[TEMPERATURE DATA] [PRECIPITATION DATA] SYMBOLS USED IN COLUMN 16
AVERAGE MONTHLY: 50.8 TOTAL FOR MONTH: 0.25 1 = FOG OR MIST
DPTR FM NORMAL: 0.0 DPTR FM NORMAL: M 2 = FOG REDUCING VISIBILITY
HIGHEST: 77 ON 8 GRTST 24HR 0.21 ON 19-19 TO 1/4 MILE OR LESS
LOWEST: 10 ON 23 3 = THUNDER
SNOW, ICE PELLETS, HAIL 4 = ICE PELLETS
TOTAL MONTH: 0.0 INCH 5 = HAIL
GRTST 24HR M ON M 6 = FREEZING RAIN OR DRIZZLE
GRTST DEPTH: M ON M 7 = DUSTSTORM OR SANDSTORM:
VSBY 1/2 MILE OR LESS
8 = SMOKE OR HAZE
[NO. OF DAYS WITH] [WEATHER - DAYS WITH] 9 = BLOWING SNOW
X = TORNADO
MAX 32 OR BELOW: 1 0.01 INCH OR MORE: 5
MAX 90 OR ABOVE: 0 0.10 INCH OR MORE: 1
MIN 32 OR BELOW: 9 0.50 INCH OR MORE: 0
MIN 0 OR BELOW: 0 1.00 INCH OR MORE: 0
[HDD (BASE 65) ]
TOTAL THIS MO. 450 CLEAR (SCALE 0-3) 10
DPTR FM NORMAL M PTCLDY (SCALE 4-7) 11
TOTAL FM JUL 1 835 CLOUDY (SCALE 8-10) 10
DPTR FM NORMAL M
[CDD (BASE 65) ]
TOTAL THIS MO. 19
DPTR FM NORMAL M [PRESSURE DATA]
TOTAL FM JAN 1 2967 HIGHEST SLP M ON M
DPTR FM NORMAL M LOWEST SLP M ON M
[REMARKS]
#FINAL-12-22#