000
CXUS54 KEWX 051855
CF6T82
PRELIMINARY LOCAL CLIMATOLOGICAL DATA (WS FORM: F-6)
STATION: FREDERICKSBURG
MONTH: JUNE
YEAR: 2022
LATITUDE: 30 15 N
LONGITUDE: 98 55 W
TEMPERATURE IN F: :PCPN: SNOW: WIND :SUNSHINE: SKY :PK WND
================================================================================
1 2 3 4 5 6A 6B 7 8 9 10 11 12 13 14 15 16 17 18
12Z AVG MX 2MIN
DY MAX MIN AVG DEP HDD CDD WTR SNW DPTH SPD SPD DIR MIN PSBL S-S WX SPD DR
================================================================================
1 95 73 84 M 0 19 0.00 M M 8.7 15 140 M M 6 25 160
2 88 72 80 M 0 15 0.00 M M 5.5 10 80 M M 5 20 110
3 89 69 79 M 0 14 0.01 M M 4.8 13 10 M M 3 18 340
4 94 66 80 M 0 15 0.38 M M 4.4 13 320 M M 2 3 23 0
5 97 70 84 M 0 19 0.00 M M 9.2 16 190 M M 0 24 200
6 100 70 85 M 0 20 0.00 M M 10.5 17 210 M M 0 24 220
7 100 71 86 M 0 21 0.00 M M 10.4 16 190 M M 2 23 190
8 100 71 86 M 0 21 0.00 M M 8.9 15 200 M M 1 23 90
9 95 71 83 M 0 18 0.00 M M 5.6 14 170 M M 2 17 200
10 98 73 86 M 0 21 0.00 M M 6.3 13 210 M M 2 17 210
11 101 74 88 M 0 23 0.00 M M 6.4 13 210 M M 0 16 210
12 101 74 88 M 0 23 0.00 M M 10.0 16 220 M M 0 24 190
13 97 73 85 M 0 20 0.00 M M 12.0 21 180 M M 0 30 170
14 95 73 84 M 0 19 0.00 M M 14.3 23 180 M M 2 32 160
15 92 74 83 M 0 18 0.00 M M 11.0 17 190 M M 4 24 200
16 98 71 85 M 0 20 0.00 M M 8.4 15 210 M M 0 22 170
17 95 67 81 M 0 16 0.00 M M 4.4 10 150 M M 1 17 140
18 96 70 83 M 0 18 0.00 M M 5.5 12 170 M M 0 18 140
19 96 69 83 M 0 18 0.00 M M 5.6 13 170 M M 1 20 150
20 98 69 84 M 0 19 0.00 M M 6.6 17 180 M M 0 21 150
21 97 72 85 M 0 20 0.00 M M 5.8 14 160 M M 1 20 160
22 95 69 82 M 0 17 0.00 M M 4.7 12 150 M M 2 16 190
23 99 69 84 M 0 19 0.00 M M 4.2 9 170 M M 1 18 170
24 99 73 86 M 0 21 0.00 M M 6.9 14 200 M M 0 21 220
25 98 72 85 M 0 20 0.00 M M 7.3 14 170 M M 0 22 180
26 98 65 82 M 0 17 0.00 M M 4.7 9 100 M M 1 18 90
27 95 72 84 M 0 19 0.00 M M 4.7 10 20 M M 3 16 50
28 90 70 80 M 0 15 0.00 M M 5.5 13 40 M M 5 17 80
29 95 64 80 M 0 15 0.00 M M 3.5 10 50 M M 0 20 80
30 97 66 82 M 0 17 0.00 M M 3.5 10 50 M M 1 20 50
================================================================================
SM 2888 2112 0 557 0.39 M 209.1 M 45
================================================================================
AV 96.3 70.4 7.0 FASTST M M 2 MAX(MPH)
MISC ----> 23 180 32 160
================================================================================
NOTES:
# LAST OF SEVERAL OCCURRENCES
COLUMN 17 PEAK WIND IN M.P.H.
PRELIMINARY LOCAL CLIMATOLOGICAL DATA (WS FORM: F-6) , PAGE 2
STATION: FREDERICKSBURG
MONTH: JUNE
YEAR: 2022
LATITUDE: 30 15 N
LONGITUDE: 98 55 W
[TEMPERATURE DATA] [PRECIPITATION DATA] SYMBOLS USED IN COLUMN 16
AVERAGE MONTHLY: 83.3 TOTAL FOR MONTH: 0.39 1 = FOG OR MIST
DPTR FM NORMAL: 0.0 DPTR FM NORMAL: M 2 = FOG REDUCING VISIBILITY
HIGHEST: 101 ON 12,11 GRTST 24HR 0.38 ON 4- 4 TO 1/4 MILE OR LESS
LOWEST: 64 ON 29 3 = THUNDER
SNOW, ICE PELLETS, HAIL 4 = ICE PELLETS
TOTAL MONTH: M 5 = HAIL
GRTST 24HR M ON M 6 = FREEZING RAIN OR DRIZZLE
GRTST DEPTH: M ON M 7 = DUSTSTORM OR SANDSTORM:
VSBY 1/2 MILE OR LESS
8 = SMOKE OR HAZE
[NO. OF DAYS WITH] [WEATHER - DAYS WITH] 9 = BLOWING SNOW
X = TORNADO
MAX 32 OR BELOW: 0 0.01 INCH OR MORE: 2
MAX 90 OR ABOVE: 28 0.10 INCH OR MORE: 1
MIN 32 OR BELOW: 0 0.50 INCH OR MORE: 0
MIN 0 OR BELOW: 0 1.00 INCH OR MORE: 0
[HDD (BASE 65) ]
TOTAL THIS MO. 0 CLEAR (SCALE 0-3) 26
DPTR FM NORMAL M PTCLDY (SCALE 4-7) 4
TOTAL FM JUL 1 1970 CLOUDY (SCALE 8-10) 0
DPTR FM NORMAL M
[CDD (BASE 65) ]
TOTAL THIS MO. 557
DPTR FM NORMAL M [PRESSURE DATA]
TOTAL FM JAN 1 1218 HIGHEST SLP M ON M
DPTR FM NORMAL M LOWEST SLP M ON M
[REMARKS]
#FINAL-06-22#