000
CXUS54 KEWX 011110
CF6T82
PRELIMINARY LOCAL CLIMATOLOGICAL DATA (WS FORM: F-6)
STATION: FREDERICKSBURG
MONTH: FEBRUARY
YEAR: 2022
LATITUDE: 30 15 N
LONGITUDE: 98 55 W
TEMPERATURE IN F: :PCPN: SNOW: WIND :SUNSHINE: SKY :PK WND
================================================================================
1 2 3 4 5 6A 6B 7 8 9 10 11 12 13 14 15 16 17 18
12Z AVG MX 2MIN
DY MAX MIN AVG DEP HDD CDD WTR SNW DPTH SPD SPD DIR MIN PSBL S-S WX SPD DR
================================================================================
1 70 51 61 M 4 0 0.00 M M 4.3 8 210 M M 5 1 M M
2 55 32 44 M 21 0 0.05 M M 7.0 21 360 M M 8 1 27 360
3 32 18 25 M 40 0 0.10 M M 15.5 20 320 M M 9 29 350
4 36 18 27 M 38 0 0.00 M M 13.4 20 350 M M 5 26 360
5 50 16 33 M 32 0 0.00 M M 2.4 8 190 M M 0 M M
6 59 22 41 M 24 0 0.00 M M 3.0 12 200 M M 0 16 200
7 57 31 44 M 21 0 0.00 M M 7.9 17 350 M M 0 24 360
8 64 22 43 M 22 0 0.00 M M 3.8 10 220 M M 0 17 250
9 69 26 48 M 17 0 0.00 M M 2.8 10 270 M M 0 16 270
10 69 30 50 M 15 0 0.00 M M 2.3 8 320 M M 0 M M
11 74 35 55 M 10 0 0.00 M M 6.8 17 200 M M 1 22 200
12 57 26 42 M 23 0 0.00 M M 12.8 28 10 M M 6 35 10
13 63 20 42 M 23 0 0.00 M M 3.9 10 290 M M 0 16 280
14 66 24 45 M 20 0 0.00 M M 6.4 16 210 M M 0 21 220
15 70 45 58 M 7 0 0.00 M M 11.2 23 200 M M 2 32 200
16 75 57 66 M 0 1 0.00 M M 13.1 20 200 M M 7 28 190
17 66 31 49 M 16 0 0.00 M M 15.6 27 320 M M 2 32 300
18 58 27 43 M 22 0 0.00 M M 6.4 12 360 M M 0 16 10
19 64 24 44 M 21 0 0.00 M M 2.9 9 200 M M 0 M M
20 67 32 50 M 15 0 0.00 M M 7.3 21 220 M M 1 31 210
21 84 57 71 M 0 6 0.00 M M 11.7 18 190 M M 5 1 24 170
22 82 47 65 M 0 0 0.00 M M 7.8 16 20 M M 3 1 24 20
23 46 26 36 M 29 0 0.00 M M 12.6 17 10 M M 10 25 20
24 33 26 30 M 35 0 0.00 M M 8.1 14 360 M M 10 1 20 10
25 36 26 31 M 34 0 0.00 M M 9.6 14 10 M M 10 20 10
26 38 31 35 M 30 0 0.00 M M 7.0 9 10 M M 10 1 M M
27 58 29 44 M 21 0 0.00 M M 8.4 15 30 M M 3 1 21 20
28 67 21 44 M 21 0 0.00 M M 1.7 6 360 M M 0 M M
================================================================================
SM 1665 850 561 7 0.15 M 215.5 M 97
================================================================================
AV 59.5 30.4 7.7 FASTST M M 3 MAX(MPH)
MISC ----> 28 10 35 10
================================================================================
NOTES:
# LAST OF SEVERAL OCCURRENCES
COLUMN 17 PEAK WIND IN M.P.H.
PRELIMINARY LOCAL CLIMATOLOGICAL DATA (WS FORM: F-6) , PAGE 2
STATION: FREDERICKSBURG
MONTH: FEBRUARY
YEAR: 2022
LATITUDE: 30 15 N
LONGITUDE: 98 55 W
[TEMPERATURE DATA] [PRECIPITATION DATA] SYMBOLS USED IN COLUMN 16
AVERAGE MONTHLY: 44.9 TOTAL FOR MONTH: 0.15 1 = FOG OR MIST
DPTR FM NORMAL: 0.0 DPTR FM NORMAL: 0.15 2 = FOG REDUCING VISIBILITY
HIGHEST: 84 ON 21 GRTST 24HR 0.10 ON 3- 3 TO 1/4 MILE OR LESS
LOWEST: 16 ON 5 3 = THUNDER
SNOW, ICE PELLETS, HAIL 4 = ICE PELLETS
TOTAL MONTH: M 5 = HAIL
GRTST 24HR M ON M 6 = FREEZING RAIN OR DRIZZLE
GRTST DEPTH: M ON M 7 = DUSTSTORM OR SANDSTORM:
VSBY 1/2 MILE OR LESS
8 = SMOKE OR HAZE
[NO. OF DAYS WITH] [WEATHER - DAYS WITH] 9 = BLOWING SNOW
X = TORNADO
MAX 32 OR BELOW: 1 0.01 INCH OR MORE: 2
MAX 90 OR ABOVE: 0 0.10 INCH OR MORE: 0
MIN 32 OR BELOW: 22 0.50 INCH OR MORE: 0
MIN 0 OR BELOW: 0 1.00 INCH OR MORE: 0
[HDD (BASE 65) ]
TOTAL THIS MO. 561 CLEAR (SCALE 0-3) 17
DPTR FM NORMAL M PTCLDY (SCALE 4-7) 6
TOTAL FM JUL 1 1654 CLOUDY (SCALE 8-10) 5
DPTR FM NORMAL M
[CDD (BASE 65) ]
TOTAL THIS MO. 7
DPTR FM NORMAL M [PRESSURE DATA]
TOTAL FM JAN 1 7 HIGHEST SLP M ON M
DPTR FM NORMAL M LOWEST SLP M ON M
[REMARKS]
#FINAL-02-22#