000
CXUS54 KEWX 011110
CF6T82
PRELIMINARY LOCAL CLIMATOLOGICAL DATA (WS FORM: F-6)
STATION: FREDERICKSBURG
MONTH: DECEMBER
YEAR: 2021
LATITUDE: 30 15 N
LONGITUDE: 98 55 W
TEMPERATURE IN F: :PCPN: SNOW: WIND :SUNSHINE: SKY :PK WND
================================================================================
1 2 3 4 5 6A 6B 7 8 9 10 11 12 13 14 15 16 17 18
12Z AVG MX 2MIN
DY MAX MIN AVG DEP HDD CDD WTR SNW DPTH SPD SPD DIR MIN PSBL S-S WX SPD DR
================================================================================
1 73 44 59 M 6 0 0.00 M M 5.0 10 220 M M 5 M M
2 78 43 61 M 4 0 0.00 M M 2.6 12 200 M M 5 12 M M
3 80 56 68 M 0 3 0.00 M M 6.1 14 170 M M 5 16 220
4 80 54 67 M 0 2 0.00 M M 3.3 7 170 M M 5 1 M M
5 72 63 68 M 0 3 0.00 M M 7.3 17 200 M M 8 25 200
6 66 37 52 M 13 0 0.00 M M 8.9 18 10 M M 3 1 26 360
7 71 33 52 M 13 0 0.00 M M 3.6 12 220 M M 0 M M
8 80 38 59 M 6 0 0.00 M M 3.9 10 190 M M 0 M M
9 79 57 68 M 0 3 0.00 M M 7.5 14 210 M M 4 18 210
10 80 58 69 M 0 4 0.00 M M 6.5 18 210 M M 5 1 24 210
11 63 29 46 M 19 0 0.00 M M 9.2 24 20 M M 3 29 10
12 65 24 45 M 20 0 0.00 M M 2.3 7 170 M M 0 M M
13 71 34 53 M 12 0 0.00 M M 5.2 14 210 M M 6 25 190
14 73 58 66 M 0 1 0.00 M M 5.6 14 200 M M 9 1 23 200
15 77 66 72 M 0 7 0.00 M M 13.3 21 200 M M 9 31 200
16 70 62 66 M 0 1 0.02 M M 5.8 15 200 M M 9 1 21 190
17 73 64 69 M 0 4 0.00 M M 9.2 17 190 M M 7 26 190
18 68 40 54 M 11 0 0.01 M M 10.0 21 10 M M 5 31 10
19 49 35 42 M 23 0 0.05 M M 6.1 10 30 M M 8 17 10
20 61 32 47 M 18 0 0.00 M M 2.0 6 220 M M 2 M M
21 69 30 50 M 15 0 0.00 M M 4.0 12 240 M M 0 M M
22 78 36 57 M 8 0 0.00 M M 3.5 9 200 M M 0 M M
23 72 41 57 M 8 0 0.00 M M 7.3 14 220 M M 3 1 18 200
24 74 57 66 M 0 1 0.00 M M 9.7 15 200 M M 4 22 210
25 87 54 71 M 0 6 0.00 M M 4.8 13 210 M M 4 1 17 210
26 72 49 61 M 4 0 0.00 M M 5.4 16 210 M M 7 12 18 210
27 67 50 59 M 6 0 0.00 M M 4.6 13 180 M M 9 12 16 180
28 75 52 64 M 1 0 0.00 M M 5.2 14 200 M M 7 12 20 190
29 79 48 64 M 1 0 0.00 M M 4.7 13 290 M M 4 12 20 310
30 79 43 61 M 4 0 0.00 M M 2.9 13 200 M M 2 17 210
31 77 49 63 M 2 0 0.00 M M 4.7 12 160 M M 5 12 21 220
================================================================================
SM 2258 1436 194 35 0.08 M 180.2 M 143
================================================================================
AV 72.8 46.3 5.8 FASTST M M 5 MAX(MPH)
MISC ----> 24 20 # 31 200
================================================================================
NOTES:
# LAST OF SEVERAL OCCURRENCES
COLUMN 17 PEAK WIND IN M.P.H.
PRELIMINARY LOCAL CLIMATOLOGICAL DATA (WS FORM: F-6) , PAGE 2
STATION: FREDERICKSBURG
MONTH: DECEMBER
YEAR: 2021
LATITUDE: 30 15 N
LONGITUDE: 98 55 W
[TEMPERATURE DATA] [PRECIPITATION DATA] SYMBOLS USED IN COLUMN 16
AVERAGE MONTHLY: 59.6 TOTAL FOR MONTH: 0.08 1 = FOG OR MIST
DPTR FM NORMAL: 0.0 DPTR FM NORMAL: M 2 = FOG REDUCING VISIBILITY
HIGHEST: 87 ON 25 GRTST 24HR 0.05 ON 19-19 TO 1/4 MILE OR LESS
LOWEST: 24 ON 12 3 = THUNDER
SNOW, ICE PELLETS, HAIL 4 = ICE PELLETS
TOTAL MONTH: M 5 = HAIL
GRTST 24HR M ON M 6 = FREEZING RAIN OR DRIZZLE
GRTST DEPTH: M ON M 7 = DUSTSTORM OR SANDSTORM:
VSBY 1/2 MILE OR LESS
8 = SMOKE OR HAZE
[NO. OF DAYS WITH] [WEATHER - DAYS WITH] 9 = BLOWING SNOW
X = TORNADO
MAX 32 OR BELOW: 0 0.01 INCH OR MORE: 3
MAX 90 OR ABOVE: 0 0.10 INCH OR MORE: 0
MIN 32 OR BELOW: 4 0.50 INCH OR MORE: 0
MIN 0 OR BELOW: 0 1.00 INCH OR MORE: 0
[HDD (BASE 65) ]
TOTAL THIS MO. 194 CLEAR (SCALE 0-3) 10
DPTR FM NORMAL M PTCLDY (SCALE 4-7) 17
TOTAL FM JUL 1 496 CLOUDY (SCALE 8-10) 4
DPTR FM NORMAL M
[CDD (BASE 65) ]
TOTAL THIS MO. 35
DPTR FM NORMAL M [PRESSURE DATA]
TOTAL FM JAN 1 2246 HIGHEST SLP M ON M
DPTR FM NORMAL M LOWEST SLP M ON M
[REMARKS]
#FINAL-12-21#