000
CXUS54 KEWX 011010
CF6T82
PRELIMINARY LOCAL CLIMATOLOGICAL DATA (WS FORM: F-6)
STATION: FREDERICKSBURG
MONTH: AUGUST
YEAR: 2021
LATITUDE: 30 15 N
LONGITUDE: 98 55 W
TEMPERATURE IN F: :PCPN: SNOW: WIND :SUNSHINE: SKY :PK WND
================================================================================
1 2 3 4 5 6A 6B 7 8 9 10 11 12 13 14 15 16 17 18
12Z AVG MX 2MIN
DY MAX MIN AVG DEP HDD CDD WTR SNW DPTH SPD SPD DIR MIN PSBL S-S WX SPD DR
================================================================================
1 92 73 83 M 0 18 0.00 M M 4.2 17 10 M M 2 3 28 10
2 86 71 79 M 0 14 0.37 M M 3.1 15 330 M M 6 3 M M
3 87 72 80 M 0 15 0.00 M M 2.6 9 360 M M 5 M M
4 88 66 77 M 0 12 0.00 M M 2.9 8 50 M M 1 1 M M
5 83 69 76 M 0 11 T 0.0 0 2.1 6 130 M M 4 1 M M
6 89 68 79 M 0 14 0.00 M M 5.0 10 180 M M 5 17 170
7 91 73 82 M 0 17 0.00 M M 8.9 16 180 M M 4 21 180
8 91 72 82 M 0 17 0.00 M M 11.6 17 170 M M 5 24 190
9 91 75 83 M 0 18 0.00 M M 12.7 20 210 M M 5 25 200
10 92 75 84 M 0 19 0.00 M M 11.5 17 170 M M 3 25 190
11 93 70 82 M 0 17 0.00 M M 8.2 14 170 M M 1 21 200
12 92 73 83 M 0 18 0.00 M M 7.8 14 190 M M 3 20 190
13 92 68 80 M 0 15 0.00 M M 5.1 9 170 M M 1 17 120
14 93 69 81 M 0 16 0.00 M M 3.2 10 60 M M 2 17 0
15 87 69 78 M 0 13 0.00 M M 3.3 13 140 M M 5 3 20 300
16 91 66 79 M 0 14 0.00 M M 3.1 12 220 M M 3 1 22 140
17 85 72 79 M 0 14 0.05 M M 3.2 13 200 M M 4 16 200
18 90 74 82 M 0 17 0.00 M M 6.4 13 180 M M 6 17 200
19 92 75 84 M 0 19 0.00 M M 8.5 16 190 M M 5 21 160
20 92 73 83 M 0 18 0.00 M M 9.2 16 170 M M 2 25 220
21 93 73 83 M 0 18 0.00 M M 8.5 14 210 M M 4 20 180
22 93 75 84 M 0 19 0.00 M M 6.9 16 210 M M 3 20 210
23 92 69 81 M 0 16 0.00 M M 5.2 12 160 M M 0 18 170
24 93 70 82 M 0 17 0.00 M M 5.0 9 150 M M 1 18 160
25 94 71 83 M 0 18 0.00 M M 4.2 10 140 M M 2 16 190
26 92 68 80 M 0 15 0.00 M M 2.3 9 120 M M 2 3 18 120
27 93 68 81 M 0 16 0.00 M M 3.7 15 130 M M 1 22 130
28 90 71 81 M 0 16 0.27 M M 2.4 15 200 M M 7 18 200
29 89 71 80 M 0 15 0.00 M M 1.8 9 140 M M 5 1 16 140
30 89 69 79 M 0 14 0.00 M M 1.2 7 10 M M 3 27 0
31 94 68 81 M 0 16 0.00 M M 3.0 9 220 M M 1 M M
================================================================================
SM 2809 2196 0 496 0.69 0.0 166.8 M 101
================================================================================
AV 90.6 70.8 5.4 FASTST M M 3 MAX(MPH)
MISC ----> 20 210 28 10
================================================================================
NOTES:
# LAST OF SEVERAL OCCURRENCES
COLUMN 17 PEAK WIND IN M.P.H.
PRELIMINARY LOCAL CLIMATOLOGICAL DATA (WS FORM: F-6) , PAGE 2
STATION: FREDERICKSBURG
MONTH: AUGUST
YEAR: 2021
LATITUDE: 30 15 N
LONGITUDE: 98 55 W
[TEMPERATURE DATA] [PRECIPITATION DATA] SYMBOLS USED IN COLUMN 16
AVERAGE MONTHLY: 80.7 TOTAL FOR MONTH: 0.69 1 = FOG OR MIST
DPTR FM NORMAL: 0.0 DPTR FM NORMAL: M 2 = FOG REDUCING VISIBILITY
HIGHEST: 94 ON 31,25 GRTST 24HR 0.37 ON 2- 2 TO 1/4 MILE OR LESS
LOWEST: 66 ON 16, 4 3 = THUNDER
SNOW, ICE PELLETS, HAIL 4 = ICE PELLETS
TOTAL MONTH: 0.0 INCH 5 = HAIL
GRTST 24HR 0.0 6 = FREEZING RAIN OR DRIZZLE
GRTST DEPTH: 0 7 = DUSTSTORM OR SANDSTORM:
VSBY 1/2 MILE OR LESS
8 = SMOKE OR HAZE
[NO. OF DAYS WITH] [WEATHER - DAYS WITH] 9 = BLOWING SNOW
X = TORNADO
MAX 32 OR BELOW: 0 0.01 INCH OR MORE: 3
MAX 90 OR ABOVE: 22 0.10 INCH OR MORE: 2
MIN 32 OR BELOW: 0 0.50 INCH OR MORE: 0
MIN 0 OR BELOW: 0 1.00 INCH OR MORE: 0
[HDD (BASE 65) ]
TOTAL THIS MO. 0 CLEAR (SCALE 0-3) 13
DPTR FM NORMAL M PTCLDY (SCALE 4-7) 18
TOTAL FM JUL 1 0 CLOUDY (SCALE 8-10) 0
DPTR FM NORMAL M
[CDD (BASE 65) ]
TOTAL THIS MO. 496
DPTR FM NORMAL M [PRESSURE DATA]
TOTAL FM JAN 1 1670 HIGHEST SLP M ON M
DPTR FM NORMAL M LOWEST SLP M ON M
[REMARKS]
#FINAL-08-21#