000
CXUS54 KEWX 011011
CF6T82
PRELIMINARY LOCAL CLIMATOLOGICAL DATA (WS FORM: F-6)
STATION: FREDERICKSBURG
MONTH: AUGUST
YEAR: 2020
LATITUDE: 30 15 N
LONGITUDE: 98 55 W
TEMPERATURE IN F: :PCPN: SNOW: WIND :SUNSHINE: SKY :PK WND
================================================================================
1 2 3 4 5 6A 6B 7 8 9 10 11 12 13 14 15 16 17 18
12Z AVG MX 2MIN
DY MAX MIN AVG DEP HDD CDD WTR SNW DPTH SPD SPD DIR MIN PSBL S-S WX SPD DR
================================================================================
1 95 70 83 M 0 18 0.65 M M 0.6 14 190 M M 4 3 18 190
2 97 68 83 M 0 18 0.00 M M 0.0 M M M M 1 M M
3 94 67 81 M 0 16 0.03 M M 0.9 22 330 M M 2 3 30 330
4 94 68 81 M 0 16 0.00 M M 0.7 9 190 M M 3 M M
5 95 72 84 M 0 19 0.00 M M 0.4 9 200 M M 0 18 200
6 94 73 84 M 0 19 0.00 M M 1.5 15 170 M M 2 20 200
7 93 72 83 M 0 18 0.00 M M 3.9 13 200 M M 3 17 200
8 94 71 83 M 0 18 0.00 M M 6.7 12 150 M M 3 16 210
9 94 73 84 M 0 19 0.00 M M 8.6 15 200 M M 3 22 190
10 95 75 85 M 0 20 0.00 M M 11.1 17 190 M M 3 25 190
11 96 75 86 M 0 21 0.00 M M 9.4 16 210 M M 4 29 200
12 97 74 86 M 0 21 0.00 M M 7.7 15 190 M M 2 20 210
13 98 73 86 M 0 21 0.00 M M 6.8 12 200 M M 0 20 220
14 101 74 88 M 0 23 0.00 M M 6.5 12 210 M M 0 18 220
15 102 75 89 M 0 24 0.00 M M 6.2 9 190 M M 0 M M
16 101 72 87 M 0 22 0.00 M M 3.5 13 110 M M 1 21 110
17 97 71 84 M 0 19 0.00 M M 4.0 16 20 M M 2 25 20
18 98 65 82 M 0 17 0.00 M M 3.1 14 80 M M 0 18 80
19 98 65 82 M 0 17 0.00 M M 3.1 9 50 M M 2 16 50
20 95 61 78 M 0 13 0.00 M M 2.6 8 60 M M 1 M M
21 96 63 80 M 0 15 0.00 M M 3.2 9 200 M M 1 M M
22 89 67 78 M 0 13 0.69 M M 4.0 13 80 M M 3 3 17 80
23 91 64 78 M 0 13 0.00 M M 2.5 9 110 M M 1 16 80
24 93 66 80 M 0 15 0.00 M M 3.2 9 90 M M 2 M M
25 94 66 80 M 0 15 0.00 M M 2.5 10 70 M M 2 16 70
26 95 67 81 M 0 16 0.00 M M 2.8 9 50 M M 1 16 90
27 96 69 83 M 0 18 0.00 M M 2.6 8 140 M M 1 M M
28 101 75 88 M 0 23 0.00 M M 5.8 13 190 M M 2 16 180
29 100 74 87 M 0 22 0.00 M M 5.2 9 130 M M 1 17 130
30 97 74 86 M 0 21 0.00 M M 5.1 12 180 M M 1 16 180
31 96 79 88 M 0 23 0.00 M M 8.7 15 170 M M 5 18 170
================================================================================
SM 2976 2178 0 573 1.37 M 132.9 M 56
================================================================================
AV 96.0 70.3 4.3 FASTST M M 2 MAX(MPH)
MISC ----> # 22 330 # 30 330
================================================================================
NOTES:
# LAST OF SEVERAL OCCURRENCES
COLUMN 17 PEAK WIND IN M.P.H.
PRELIMINARY LOCAL CLIMATOLOGICAL DATA (WS FORM: F-6) , PAGE 2
STATION: FREDERICKSBURG
MONTH: AUGUST
YEAR: 2020
LATITUDE: 30 15 N
LONGITUDE: 98 55 W
[TEMPERATURE DATA] [PRECIPITATION DATA] SYMBOLS USED IN COLUMN 16
AVERAGE MONTHLY: 83.1 TOTAL FOR MONTH: 1.37 1 = FOG OR MIST
DPTR FM NORMAL: M DPTR FM NORMAL: M 2 = FOG REDUCING VISIBILITY
HIGHEST: 102 ON 15 GRTST 24HR 0.69 ON 22-22 TO 1/4 MILE OR LESS
LOWEST: 61 ON 20 3 = THUNDER
SNOW, ICE PELLETS, HAIL 4 = ICE PELLETS
TOTAL MONTH: M 5 = HAIL
GRTST 24HR M ON M 6 = FREEZING RAIN OR DRIZZLE
GRTST DEPTH: M ON M 7 = DUSTSTORM OR SANDSTORM:
VSBY 1/2 MILE OR LESS
8 = SMOKE OR HAZE
[NO. OF DAYS WITH] [WEATHER - DAYS WITH] 9 = BLOWING SNOW
X = TORNADO
MAX 32 OR BELOW: 0 0.01 INCH OR MORE: 3
MAX 90 OR ABOVE: 30 0.10 INCH OR MORE: 2
MIN 32 OR BELOW: 0 0.50 INCH OR MORE: 2
MIN 0 OR BELOW: 0 1.00 INCH OR MORE: 0
[HDD (BASE 65) ]
TOTAL THIS MO. 0 CLEAR (SCALE 0-3) 25
DPTR FM NORMAL M PTCLDY (SCALE 4-7) 6
TOTAL FM JUL 1 0 CLOUDY (SCALE 8-10) 0
DPTR FM NORMAL M
[CDD (BASE 65) ]
TOTAL THIS MO. 573
DPTR FM NORMAL M [PRESSURE DATA]
TOTAL FM JAN 1 2019 HIGHEST SLP M ON M
DPTR FM NORMAL M LOWEST SLP M ON M
[REMARKS]
#FINAL-08-20#